-- Table structure for table `wp_redirection_404`
--

CREATE TABLE `wp_redirection_404` (
  `id` int(11) unsigned NOT NULL AUTO_INCREMENT,
  `created` datetime NOT NULL,
  `url` mediumtext COLLATE utf8mb4_unicode_520_ci NOT NULL,
  `domain` varchar(255) COLLATE utf8mb4_unicode_520_ci DEFAULT NULL,
  `agent` varchar(255) COLLATE utf8mb4_unicode_520_ci DEFAULT NULL,
  `referrer` varchar(255) COLLATE utf8mb4_unicode_520_ci DEFAULT NULL,
  `http_code` int(11) unsigned NOT NULL DEFAULT '0',
  `request_method` varchar(10) COLLATE utf8mb4_unicode_520_ci DEFAULT NULL,
  `request_data` mediumtext COLLATE utf8mb4_unicode_520_ci,
  `ip` varchar(45) COLLATE utf8mb4_unicode_520_ci DEFAULT NULL,
  PRIMARY KEY (`id`),
  KEY `created` (`created`),
  KEY `referrer` (`referrer`(191)),
  KEY `ip` (`ip`)
) ENGINE=InnoDB AUTO_INCREMENT=5 DEFAULT CHARSET=utf8mb4 COLLATE=utf8mb4_unicode_520_ci;

--
-- Dumping data for table `wp_redirection_404`
--

INSERT INTO `wp_redirection_404` VALUES (2,'2022-10-31 08:52:52','/e-landing-page-sitemap.xml','https://anrclinic.nirazo.me','Mozilla/5.0 (compatible; Googlebot/2.1; +http://www.google.com/bot.html)',NULL,404,'GET',NULL,'66.249.65.209'),(3,'2022-11-03 03:57:13','/e-landing-page-sitemap.xml','https://anrclinic.nirazo.me','Mozilla/5.0 (compatible; Googlebot/2.1; +http://www.google.com/bot.html)',NULL,404,'GET',NULL,'66.249.65.189'),(4,'2022-11-03 10:30:32','/opioid-withdrawal-treatment/','https://anrclinic.nirazo.me','Googlebot-Image/1.0',NULL,404,'GET',NULL,'66.249.65.160');

--
-- Table structure for table `wp_redirection_groups`
--

CREATE TABLE `wp_redirection_groups` (
  `id` int(11) unsigned NOT NULL AUTO_INCREMENT,
  `name` varchar(50) COLLATE utf8mb4_unicode_520_ci NOT NULL,
  `tracking` int(11) NOT NULL DEFAULT '1',
  `module_id` int(11) unsigned NOT NULL DEFAULT '0',
  `status` enum('enabled','disabled') COLLATE utf8mb4_unicode_520_ci NOT NULL DEFAULT 'enabled',
  `position` int(11) unsigned NOT NULL DEFAULT '0',
  PRIMARY KEY (`id`),
  KEY `module_id` (`module_id`),
  KEY `status` (`status`)
) ENGINE=InnoDB AUTO_INCREMENT=3 DEFAULT CHARSET=utf8mb4 COLLATE=utf8mb4_unicode_520_ci;

--
-- Dumping data for table `wp_redirection_groups`
--

INSERT INTO `wp_redirection_groups` VALUES (1,'Redirections',1,1,'enabled',0),(2,'Modified Posts',1,1,'enabled',1);

--
-- Table structure for table `wp_redirection_items`
--

CREATE TABLE `wp_redirection_items` (
  `id` int(11) unsigned NOT NULL AUTO_INCREMENT,
  `url` mediumtext COLLATE utf8mb4_unicode_520_ci NOT NULL,
  `match_url` varchar(2000) COLLATE utf8mb4_unicode_520_ci DEFAULT NULL,
  `match_data` text COLLATE utf8mb4_unicode_520_ci,
  `regex` int(11) unsigned NOT NULL DEFAULT '0',
  `position` int(11) unsigned NOT NULL DEFAULT '0',
  `last_count` int(10) unsigned NOT NULL DEFAULT '0',
  `last_access` datetime NOT NULL DEFAULT '1970-01-01 00:00:00',
  `group_id` int(11) NOT NULL DEFAULT '0',
  `status` enum('enabled','disabled') COLLATE utf8mb4_unicode_520_ci NOT NULL DEFAULT 'enabled',
  `action_type` varchar(20) COLLATE utf8mb4_unicode_520_ci NOT NULL,
  `action_code` int(11) unsigned NOT NULL,
  `action_data` mediumtext COLLATE utf8mb4_unicode_520_ci,
  `match_type` varchar(20) COLLATE utf8mb4_unicode_520_ci NOT NULL,
  `title` text COLLATE utf8mb4_unicode_520_ci,
  PRIMARY KEY (`id`),
  KEY `url` (`url`(191)),
  KEY `status` (`status`),
  KEY `regex` (`regex`),
  KEY `group_idpos` (`group_id`,`position`),
  KEY `group` (`group_id`),
  KEY `match_url` (`match_url`(191))
) ENGINE=InnoDB AUTO_INCREMENT=16 DEFAULT CHARSET=utf8mb4 COLLATE=utf8mb4_unicode_520_ci;

--
-- Dumping data for table `wp_redirection_items`
--

INSERT INTO `wp_redirection_items` VALUES (1,'/בלוג/vitamin-d-and-pain/','/%d7%91%d7%9c%d7%95%d7%92/vitamin-d-and-pain','{\"source\":{\"flag_regex\":false}}',0,0,0,'1970-01-01 00:00:00',1,'enabled','url',301,'https://anrclinic.nirazo.me/%d7%91%d7%9c%d7%95%d7%92/%d7%95%d7%99%d7%98%d7%9e%d7%99%d7%9f-d-%d7%95%d7%9b%d7%90%d7%91','url',NULL),(2,'/בלוג/warning-treatment-with-methadone-adolen/','/%d7%91%d7%9c%d7%95%d7%92/warning-treatment-with-methadone-adolen','{\"source\":{\"flag_regex\":false}}',0,1,0,'1970-01-01 00:00:00',1,'enabled','url',301,'https://anrclinic.nirazo.me/%d7%91%d7%9c%d7%95%d7%92/%d7%90%d7%96%d7%94%d7%a8%d7%94-%d7%97%d7%9e%d7%95%d7%a8%d7%94-%d7%a2%d7%9c-%d7%98%d7%99%d7%a4%d7%95%d7%9c-%d7%91%d7%9e%d7%aa%d7%90%d7%93%d7%95%d7%9f-%d7%90%d7%93%d7%95%d7%9c%d7%9f','url',NULL),(3,'/בלוג/אזהרה-חמורה-על-טיפול-במתאדון-אדולן￼/','/%d7%91%d7%9c%d7%95%d7%92/%d7%90%d7%96%d7%94%d7%a8%d7%94-%d7%97%d7%9e%d7%95%d7%a8%d7%94-%d7%a2%d7%9c-%d7%98%d7%99%d7%a4%d7%95%d7%9c-%d7%91%d7%9e%d7%aa%d7%90%d7%93%d7%95%d7%9f-%d7%90%d7%93%d7%95%d7%9c%d7%9f%ef%bf%bc','{\"source\":{\"flag_regex\":false}}',0,2,0,'1970-01-01 00:00:00',1,'enabled','url',301,'https://anrclinic.nirazo.me/%d7%91%d7%9c%d7%95%d7%92/%d7%90%d7%96%d7%94%d7%a8%d7%94-%d7%97%d7%9e%d7%95%d7%a8%d7%94-%d7%a2%d7%9c-%d7%98%d7%99%d7%a4%d7%95%d7%9c-%d7%91%d7%9e%d7%aa%d7%90%d7%93%d7%95%d7%9f-%d7%90%d7%93%d7%95%d7%9c%d7%9f','url',NULL),(4,'/בלוג/break-windows/','/%d7%91%d7%9c%d7%95%d7%92/break-windows','{\"source\":{\"flag_regex\":false}}',0,3,0,'1970-01-01 00:00:00',1,'enabled','url',301,'https://anrclinic.nirazo.me/%d7%91%d7%9c%d7%95%d7%92/%d7%9c%d7%a9%d7%91%d7%95%d7%a8-%d7%97%d7%9c%d7%95%d7%a0%d7%95%d7%aa','url',NULL),(5,'/בלוג/anr-selection/','/%d7%91%d7%9c%d7%95%d7%92/anr-selection','{\"source\":{\"flag_regex\":false}}',0,4,0,'1970-01-01 00:00:00',1,'enabled','url',301,'https://anrclinic.nirazo.me/%d7%91%d7%9c%d7%95%d7%92/%d7%91%d7%97%d7%99%d7%a8%d7%aa-anr','url',NULL),(6,'/prdFiles/san-rafaelle.pdf','/prdfiles/san-rafaelle.pdf',NULL,0,5,0,'1970-01-01 00:00:00',1,'enabled','url',301,'a:3:{s:8:\"url_from\";s:71:\"https://anrclinic.nirazo.me/wp-content/uploads/2022/10/san-rafaelle.pdf\";s:11:\"url_notfrom\";s:0:\"\";s:6:\"server\";s:27:\"https://www.anrclinic.co.il\";}','server',NULL),(7,'/prdFiles/2000-Texas-USA.pdf','/prdfiles/2000-texas-usa.pdf',NULL,0,6,0,'1970-01-01 00:00:00',1,'enabled','url',301,'a:3:{s:8:\"url_from\";s:73:\"https://anrclinic.nirazo.me/wp-content/uploads/2022/10/2000-Texas-USA.pdf\";s:11:\"url_notfrom\";s:0:\"\";s:6:\"server\";s:27:\"https://www.anrclinic.co.il\";}','server',NULL),(8,'/prdFiles/visting-professor.pdf','/prdfiles/visting-professor.pdf',NULL,0,7,0,'1970-01-01 00:00:00',1,'enabled','url',301,'a:3:{s:8:\"url_from\";s:73:\"https://anrclinic.nirazo.me/wp-content/uploads/2022/10/2000-Texas-USA.pdf\";s:11:\"url_notfrom\";s:0:\"\";s:6:\"server\";s:27:\"https://www.anrclinic.co.il\";}','server',NULL),(9,'/prdFiles/Dr Sarbjit Singh - India.pdf','/prdfiles/dr%20sarbjit%20singh%20-%20india.pdf',NULL,0,8,0,'1970-01-01 00:00:00',1,'enabled','url',301,'a:3:{s:8:\"url_from\";s:81:\"https://anrclinic.nirazo.me/wp-content/uploads/2022/10/Dr-Sarbjit-Singh-India.pdf\";s:11:\"url_notfrom\";s:0:\"\";s:6:\"server\";s:27:\"https://www.anrclinic.co.il\";}','server',NULL),(10,'/prdFiles/westmead_hospital.pdf','/prdfiles/westmead_hospital.pdf',NULL,0,9,0,'1970-01-01 00:00:00',1,'enabled','url',301,'a:3:{s:8:\"url_from\";s:76:\"https://anrclinic.nirazo.me/wp-content/uploads/2022/10/westmead_hospital.pdf\";s:11:\"url_notfrom\";s:0:\"\";s:6:\"server\";s:27:\"https://www.anrclinic.co.il\";}','server',NULL),(11,'/prdFiles/MINISTER_OF_HEALTH_AUSTRALIA.pdf','/prdfiles/minister_of_health_australia.pdf',NULL,0,10,0,'1970-01-01 00:00:00',1,'enabled','url',301,'a:3:{s:8:\"url_from\";s:87:\"https://anrclinic.nirazo.me/wp-content/uploads/2022/10/MINISTER_OF_HEALTH_AUSTRALIA.pdf\";s:11:\"url_notfrom\";s:0:\"\";s:6:\"server\";s:27:\"https://www.anrclinic.co.il\";}','server',NULL),(12,'/prdFiles/indonesia.pdf','/prdfiles/indonesia.pdf',NULL,0,11,0,'1970-01-01 00:00:00',1,'enabled','url',301,'a:3:{s:8:\"url_from\";s:68:\"https://anrclinic.nirazo.me/wp-content/uploads/2022/10/indonesia.pdf\";s:11:\"url_notfrom\";s:0:\"\";s:6:\"server\";s:27:\"https://www.anrclinic.co.il\";}','server',NULL),(13,'/prdFiles/MINISTER OF HEALTH AUSTRALIA.pdf','/prdfiles/minister%20of%20health%20australia.pdf',NULL,0,12,0,'1970-01-01 00:00:00',1,'enabled','url',301,'a:3:{s:8:\"url_from\";s:87:\"https://anrclinic.nirazo.me/wp-content/uploads/2022/10/MINISTER-OF-HEALTH-AUSTRALIA.pdf\";s:11:\"url_notfrom\";s:0:\"\";s:6:\"server\";s:27:\"https://www.anrclinic.co.il\";}','server',NULL),(14,'/prdFiles/a statment from Romania.pdf','/prdfiles/a%20statment%20from%20romania.pdf',NULL,0,13,0,'1970-01-01 00:00:00',1,'enabled','url',301,'a:3:{s:8:\"url_from\";s:82:\"https://anrclinic.nirazo.me/wp-content/uploads/2022/10/a-statment-from-Romania.pdf\";s:11:\"url_notfrom\";s:0:\"\";s:6:\"server\";s:27:\"https://www.anrclinic.co.il\";}','server',NULL),(15,'/prdFiles/MINISTRY OF HEALTH BULGARIA.pdf','/prdfiles/ministry%20of%20health%20bulgaria.pdf',NULL,0,14,0,'1970-01-01 00:00:00',1,'enabled','url',301,'a:3:{s:8:\"url_from\";s:86:\"https://anrclinic.nirazo.me/wp-content/uploads/2022/10/MINISTRY-OF-HEALTH-BULGARIA.pdf\";s:11:\"url_notfrom\";s:0:\"\";s:6:\"server\";s:27:\"https://www.anrclinic.co.il\";}','server',NULL);

--
-- Table structure for table `wp_redirection_logs`
--

CREATE TABLE `wp_redirection_logs` (
  `id` int(11) unsigned NOT NULL AUTO_INCREMENT,
  `created` datetime NOT NULL,
  `url` mediumtext COLLATE utf8mb4_unicode_520_ci NOT NULL,
  `domain` varchar(255) COLLATE utf8mb4_unicode_520_ci DEFAULT NULL,
  `sent_to` mediumtext COLLATE utf8mb4_unicode_520_ci,
  `agent` mediumtext COLLATE utf8mb4_unicode_520_ci,
  `referrer` mediumtext COLLATE utf8mb4_unicode_520_ci,
  `http_code` int(11) unsigned NOT NULL DEFAULT '0',
  `request_method` varchar(10) COLLATE utf8mb4_unicode_520_ci DEFAULT NULL,
  `request_data` mediumtext COLLATE utf8mb4_unicode_520_ci,
  `redirect_by` varchar(50) COLLATE utf8mb4_unicode_520_ci DEFAULT NULL,
  `redirection_id` int(11) unsigned DEFAULT NULL,
  `ip` varchar(45) COLLATE utf8mb4_unicode_520_ci DEFAULT NULL,
  PRIMARY KEY (`id`),
  KEY `created` (`created`),
  KEY `redirection_id` (`redirection_id`),
  KEY `ip` (`ip`)
) ENGINE=InnoDB DEFAULT CHARSET=utf8mb4 COLLATE=utf8mb4_unicode_520_ci;

--
-- Dumping data for table `wp_redirection_logs`
--


--
-- Table structure for table `wp_smush_dir_images`
--

CREATE TABLE `wp_smush_dir_images` (
  `id` mediumint(9) NOT NULL AUTO_INCREMENT,
  `path` text COLLATE utf8mb4_unicode_520_ci NOT NULL,
  `path_hash` char(32) COLLATE utf8mb4_unicode_520_ci DEFAULT NULL,
  `resize` varchar(55) COLLATE utf8mb4_unicode_520_ci DEFAULT NULL,
  `lossy` varchar(55) COLLATE utf8mb4_unicode_520_ci DEFAULT NULL,
  `error` varchar(55) COLLATE utf8mb4_unicode_520_ci DEFAULT NULL,
  `image_size` int(10) unsigned DEFAULT NULL,
  `orig_size` int(10) unsigned DEFAULT NULL,
  `file_time` int(10) unsigned DEFAULT NULL,
  `last_scan` timestamp NOT NULL DEFAULT '0000-00-00 00:00:00',
  `meta` text COLLATE utf8mb4_unicode_520_ci,
  UNIQUE KEY `id` (`id`),
  UNIQUE KEY `path_hash` (`path_hash`),
  KEY `image_size` (`image_size`)
) ENGINE=MyISAM DEFAULT CHARSET=utf8mb4 COLLATE=utf8mb4_unicode_520_ci;

--
-- Dumping data for table `wp_smush_dir_images`
--


--
-- Table structure for table `wp_term_relationships`
--

CREATE TABLE `wp_term_relationships` (
  `object_id` bigint(20) unsigned NOT NULL DEFAULT '0',
  `term_taxonomy_id` bigint(20) unsigned NOT NULL DEFAULT '0',
  `term_order` int(11) NOT NULL DEFAULT '0',
  PRIMARY KEY (`object_id`,`term_taxonomy_id`),
  KEY `term_taxonomy_id` (`term_taxonomy_id`)
) ENGINE=MyISAM DEFAULT CHARSET=utf8mb4 COLLATE=utf8mb4_unicode_520_ci;

--
-- Dumping data for table `wp_term_relationships`
--

INSERT INTO `wp_term_relationships` VALUES (5,10,0),(5,13,0),(5,15,0),(5,726,0),(5,1031,0),(5,1032,0),(5,1033,0),(5,1034,0),(5,1035,0),(5,1036,0),(5,1037,0),(5,1038,0),(5,1039,0),(5,1040,0),(5,1041,0),(5,1042,0),(5,1043,0),(5,1044,0),(5,1045,0),(5,1046,0),(259,10,0),(259,13,0),(259,14,0),(259,15,0),(259,38,0),(259,39,0),(259,45,0),(259,48,0),(259,49,0),(259,50,0),(259,52,0),(259,54,0),(259,57,0),(259,58,0),(259,128,0),(259,208,0),(259,222,0),(259,1219,0),(259,1224,0),(259,1225,0),(261,10,0),(261,13,0),(261,14,0),(261,15,0),(261,38,0),(261,55,0),(261,160,0),(261,196,0),(261,199,0),(261,200,0),(261,203,0),(261,204,0),(261,206,0),(261,208,0),(261,210,0),(261,212,0),(261,214,0),(261,216,0),(261,218,0),(261,220,0),(263,10,0),(263,11,0),(263,13,0),(263,14,0),(263,15,0),(263,17,0),(263,41,0),(263,42,0),(263,751,0),(263,1174,0),(263,1205,0),(263,1206,0),(263,1207,0),(263,1208,0),(263,1209,0),(263,1210,0),(263,1211,0),(263,1212,0),(263,1213,0),(263,1214,0),(265,11,0),(265,14,0),(265,15,0),(265,39,0),(265,41,0),(265,42,0),(265,51,0),(265,55,0),(265,146,0),(265,148,0),(265,150,0),(265,152,0),(265,154,0),(265,156,0),(265,158,0),(265,160,0),(265,162,0),(265,164,0),(265,166,0),(265,168,0),(267,6,0),(279,6,0),(287,6,0),(292,14,0),(292,36,0),(292,55,0),(292,113,0),(292,115,0),(292,116,0),(292,118,0),(292,120,0),(292,122,0),(292,124,0),(292,126,0),(292,128,0),(292,129,0),(292,132,0),(292,134,0),(292,136,0),(292,138,0),(292,140,0),(292,142,0),(292,1179,0),(300,13,0),(300,15,0),(300,30,0),(300,108,0),(300,110,0),(310,13,0),(310,14,0),(310,55,0),(310,103,0),(310,105,0),(26247,1375,0),(26244,1375,0),(26241,1375,0),(26235,1375,0),(26232,1375,0),(26229,1375,0),(26226,1375,0),(442,15,0),(442,55,0),(442,71,0),(442,168,0),(442,358,0),(442,422,0),(442,424,0),(442,426,0),(442,428,0),(442,430,0),(442,432,0),(442,434,0),(442,436,0),(442,438,0),(442,440,0),(442,441,0),(442,443,0),(442,445,0),(442,446,0),(442,448,0),(447,39,0),(447,162,0),(447,350,0),(447,388,0),(447,390,0),(447,392,0),(447,394,0),(447,396,0),(447,398,0),(447,400,0),(447,402,0),(447,404,0),(447,405,0),(447,407,0),(447,409,0),(447,411,0),(447,413,0),(447,415,0),(447,417,0),(447,419,0),(638,46,0),(638,71,0),(638,77,0),(638,85,0),(638,154,0),(638,162,0),(638,164,0),(638,214,0),(638,221,0),(638,238,0),(638,348,0),(638,350,0),(638,354,0),(638,373,0),(638,375,0),(638,377,0),(638,379,0),(638,381,0),(638,383,0),(638,384,0),(645,38,0),(645,46,0),(645,62,0),(645,77,0),(645,114,0),(645,153,0),(645,155,0),(645,352,0),(645,354,0),(645,356,0),(645,357,0),(645,358,0),(645,359,0),(645,360,0),(645,361,0),(645,363,0),(645,365,0),(645,367,0),(645,369,0),(645,371,0),(648,14,0),(648,15,0),(648,35,0),(648,46,0),(648,62,0),(648,71,0),(648,77,0),(648,85,0),(648,88,0),(648,154,0),(648,162,0),(648,235,0),(648,238,0),(648,301,0),(648,340,0),(648,342,0),(648,344,0),(648,346,0),(648,348,0),(648,350,0),(661,13,0),(661,15,0),(661,17,0),(661,46,0),(661,307,0),(661,309,0),(661,311,0),(661,314,0),(661,316,0),(661,318,0),(661,319,0),(661,321,0),(661,323,0),(661,325,0),(661,327,0),(661,329,0),(661,331,0),(661,333,0),(661,335,0),(661,337,0),(712,14,0),(712,15,0),(712,30,0),(712,39,0),(712,46,0),(712,51,0),(712,55,0),(712,85,0),(712,142,0),(712,286,0),(712,289,0),(712,291,0),(712,293,0),(712,295,0),(712,297,0),(712,298,0),(712,299,0),(712,301,0),(712,303,0),(712,305,0),(715,15,0),(715,30,0),(715,46,0),(715,71,0),(715,81,0),(715,85,0),(715,162,0),(715,238,0),(715,277,0),(715,594,0),(715,595,0),(715,596,0),(715,597,0),(715,598,0),(715,599,0),(715,600,0),(715,601,0),(715,602,0),(715,603,0),(715,604,0),(846,77,0),(846,88,0),(846,147,0),(846,154,0),(846,238,0),(846,281,0),(846,350,0),(846,369,0),(846,575,0),(846,576,0),(846,577,0),(846,578,0),(846,579,0),(846,580,0),(846,581,0),(846,582,0),(846,583,0),(846,584,0),(846,585,0),(846,586,0),(849,13,0),(849,46,0),(849,71,0),(849,88,0),(849,153,0),(849,155,0),(849,214,0),(849,344,0),(849,522,0),(849,564,0),(849,565,0),(849,566,0),(849,567,0),(849,568,0),(849,569,0),(849,570,0),(849,571,0),(849,572,0),(849,573,0),(849,574,0),(1361,13,0),(1361,17,0),(1361,46,0),(1361,214,0),(1361,316,0),(1361,549,0),(1361,550,0),(1361,551,0),(1361,552,0),(1361,553,0),(1361,554,0),(1361,555,0),(1361,556,0),(1361,557,0),(1361,558,0),(1361,559,0),(1361,560,0),(1361,561,0),(1361,562,0),(1361,563,0),(1365,13,0),(1365,15,0),(1365,17,0),(1365,39,0),(1365,88,0),(1365,114,0),(1365,214,0),(1365,311,0),(1365,327,0),(1365,344,0),(1365,350,0),(1365,540,0),(1365,541,0),(1365,542,0),(1365,543,0),(1365,544,0),(1365,545,0),(1365,546,0),(1365,547,0),(1365,548,0),(1371,13,0),(1371,71,0),(1371,155,0),(1371,238,0),(1371,316,0),(1371,525,0),(1371,526,0),(1371,527,0),(1371,528,0),(1371,529,0),(1371,530,0),(1371,531,0),(1371,532,0),(1371,533,0),(1371,534,0),(1371,535,0),(1371,536,0),(1371,537,0),(1371,538,0),(1371,539,0),(1380,64,0),(1380,66,0),(1380,68,0),(1380,70,0),(1380,72,0),(1380,74,0),(1380,76,0),(1380,78,0),(1380,80,0),(1380,82,0),(1380,83,0),(1380,85,0),(1380,87,0),(1380,89,0),(1380,91,0),(1380,93,0),(1380,95,0),(1380,97,0),(1380,99,0),(1380,101,0),(26223,1375,0),(1402,6,0),(1405,78,0),(1405,82,0),(1405,170,0),(1405,477,0),(1405,479,0),(1405,481,0),(1405,483,0),(1405,485,0),(1405,487,0),(1405,488,0),(1405,490,0),(1405,492,0),(1405,494,0),(1405,496,0),(1405,498,0),(1405,500,0),(1405,502,0),(1405,504,0),(1405,505,0),(1405,506,0),(1408,13,0),(1408,14,0),(1408,73,0),(1408,622,0),(1408,623,0),(26221,1375,0),(1418,14,0),(1418,30,0),(1418,71,0),(1418,81,0),(1418,358,0),(1418,447,0),(1418,449,0),(1418,450,0),(1418,452,0),(1418,454,0),(1418,456,0),(1418,458,0),(1418,460,0),(1418,462,0),(1418,464,0),(1418,466,0),(1418,468,0),(1418,470,0),(1418,472,0),(1418,474,0),(1422,13,0),(1422,14,0),(1422,15,0),(1422,30,0),(1422,56,0),(1422,444,0),(1422,1228,0),(26218,1375,0),(26214,1375,0),(1429,350,0),(1429,406,0),(1429,408,0),(1429,410,0),(1429,412,0),(1429,414,0),(1429,416,0),(1429,418,0),(1429,420,0),(1429,421,0),(1429,423,0),(1429,425,0),(1429,427,0),(1429,429,0),(1429,431,0),(1429,433,0),(1429,435,0),(1429,437,0),(1429,439,0),(1429,442,0),(1440,14,0),(1440,129,0),(1440,308,0),(1440,385,0),(1440,386,0),(1440,387,0),(1440,389,0),(1440,391,0),(1440,393,0),(1440,395,0),(1440,397,0),(1440,399,0),(1440,401,0),(1440,403,0),(1453,16,0),(1453,47,0),(1453,144,0),(1453,833,0),(1453,1093,0),(1453,1221,0),(1453,1222,0),(1453,1223,0),(1453,1229,0),(1453,1230,0),(1485,10,0),(1485,13,0),(1485,15,0),(1485,37,0),(1485,38,0),(1485,39,0),(1485,40,0),(1485,56,0),(1485,213,0),(1485,220,0),(1485,335,0),(1485,432,0),(1485,517,0),(1485,518,0),(1485,519,0),(1485,520,0),(1485,521,0),(1485,522,0),(1485,523,0),(1485,524,0),(1488,15,0),(1488,38,0),(1488,39,0),(1488,51,0),(1488,62,0),(1488,154,0),(1488,162,0),(1488,193,0),(1488,213,0),(1488,418,0),(1488,507,0),(1488,508,0),(1488,509,0),(1488,510,0),(1488,511,0),(1488,512,0),(1488,513,0),(1488,514,0),(1488,515,0),(1488,516,0),(1499,55,0),(1499,320,0),(1499,322,0),(1499,324,0),(1499,326,0),(1499,328,0),(1499,330,0),(1499,332,0),(1499,334,0),(1499,336,0),(1499,338,0),(1499,339,0),(1499,341,0),(1499,343,0),(1499,345,0),(1499,347,0),(1499,349,0),(1499,351,0),(1499,353,0),(1499,355,0),(1502,10,0),(1502,13,0),(1502,14,0),(1502,15,0),(1502,30,0),(1502,38,0),(1502,39,0),(1502,55,0),(1502,105,0),(1502,277,0),(1502,300,0),(1502,302,0),(1502,306,0),(1502,308,0),(1502,310,0),(1502,312,0),(1502,313,0),(1502,315,0),(1502,317,0),(1502,1152,0),(1530,9,0),(1575,12,0),(1575,225,0),(1575,237,0),(1575,239,0),(1575,241,0),(1575,242,0),(1575,244,0),(1575,246,0),(1575,248,0),(1575,250,0),(1575,252,0),(1575,254,0),(1575,256,0),(1575,258,0),(1575,260,0),(1575,262,0),(1575,264,0),(1575,266,0),(1575,270,0),(1575,444,0),(1608,16,0),(1608,47,0),(1608,55,0),(1608,468,0),(1608,833,0),(1608,1165,0),(1667,12,0),(1667,225,0),(1667,237,0),(1667,239,0),(1667,241,0),(1667,242,0),(1667,244,0),(1667,246,0),(1667,248,0),(1667,250,0),(1667,252,0),(1667,254,0),(1667,256,0),(1667,258,0),(1667,260,0),(1667,262,0),(1667,264,0),(1667,266,0),(1667,270,0),(1667,793,0),(1669,12,0),(1669,225,0),(1669,237,0),(1669,239,0),(1669,241,0),(1669,242,0),(1669,244,0),(1669,246,0),(1669,248,0),(1669,250,0),(1669,252,0),(1669,254,0),(1669,256,0),(1669,258,0),(1669,260,0),(1669,262,0),(1669,264,0),(1669,266,0),(1669,270,0),(1669,444,0),(1671,12,0),(1671,225,0),(1671,237,0),(1671,239,0),(1671,241,0),(1671,242,0),(1671,244,0),(1671,246,0),(1671,248,0),(1671,250,0),(1671,252,0),(1671,254,0),(1671,256,0),(1671,258,0),(1671,260,0),(1671,262,0),(1671,264,0),(1671,266,0),(1671,270,0),(1671,444,0),(1673,12,0),(1673,225,0),(1673,237,0),(1673,239,0),(1673,241,0),(1673,242,0),(1673,244,0),(1673,246,0),(1673,248,0),(1673,250,0),(1673,252,0),(1673,254,0),(1673,256,0),(1673,258,0),(1673,260,0),(1673,262,0),(1673,264,0),(1673,266,0),(1673,270,0),(1673,793,0),(1675,12,0),(1675,225,0),(1675,237,0),(1675,239,0),(1675,241,0),(1675,242,0),(1675,244,0),(1675,246,0),(1675,248,0),(1675,250,0),(1675,252,0),(1675,254,0),(1675,256,0),(1675,258,0),(1675,260,0),(1675,262,0),(1675,264,0),(1675,266,0),(1675,270,0),(1675,793,0),(1677,12,0),(1677,225,0),(1677,237,0),(1677,239,0),(1677,241,0),(1677,242,0),(1677,244,0),(1677,246,0),(1677,248,0),(1677,250,0),(1677,252,0),(1677,254,0),(1677,256,0),(1677,258,0),(1677,260,0),(1677,262,0),(1677,264,0),(1677,266,0),(1677,268,0),(1677,270,0),(1679,12,0),(1679,85,0),(1679,225,0),(1679,237,0),(1679,239,0),(1679,241,0),(1679,242,0),(1679,244,0),(1679,246,0),(1679,248,0),(1679,250,0),(1679,252,0),(1679,254,0),(1679,256,0),(1679,258,0),(1679,260,0),(1679,262,0),(1679,264,0),(1679,266,0),(1679,444,0),(1681,12,0),(1681,225,0),(1681,237,0),(1681,239,0),(1681,241,0),(1681,242,0),(1681,244,0),(1681,246,0),(1681,248,0),(1681,250,0),(1681,252,0),(1681,254,0),(1681,256,0),(1681,258,0),(1681,260,0),(1681,262,0),(1681,264,0),(1681,266,0),(1681,270,0),(1681,793,0),(1683,13,0),(1683,14,0),(1683,15,0),(1683,16,0),(1683,17,0),(1683,39,0),(1683,46,0),(1683,47,0),(1683,354,0),(1683,444,0),(1683,833,0),(1683,1093,0),(1683,1219,0),(1683,1220,0),(1683,1222,0),(1683,1223,0),(1683,1229,0),(1683,1230,0),(1683,1231,0),(1683,1232,0),(1685,12,0),(1685,225,0),(1685,237,0),(1685,239,0),(1685,241,0),(1685,242,0),(1685,244,0),(1685,246,0),(1685,248,0),(1685,250,0),(1685,252,0),(1685,254,0),(1685,256,0),(1685,258,0),(1685,260,0),(1685,262,0),(1685,264,0),(1685,266,0),(1685,270,0),(1685,793,0),(1688,12,0),(1688,225,0),(1688,237,0),(1688,239,0),(1688,241,0),(1688,242,0),(1688,244,0),(1688,246,0),(1688,248,0),(1688,250,0),(1688,252,0),(1688,254,0),(1688,256,0),(1688,258,0),(1688,260,0),(1688,262,0),(1688,264,0),(1688,266,0),(1688,270,0),(1688,793,0),(1690,12,0),(1690,225,0),(1690,237,0),(1690,239,0),(1690,241,0),(1690,242,0),(1690,244,0),(1690,246,0),(1690,248,0),(1690,250,0),(1690,252,0),(1690,254,0),(1690,256,0),(1690,258,0),(1690,260,0),(1690,262,0),(1690,264,0),(1690,266,0),(1690,270,0),(1690,793,0),(1692,12,0),(1692,225,0),(1692,237,0),(1692,239,0),(1692,241,0),(1692,242,0),(1692,244,0),(1692,246,0),(1692,248,0),(1692,250,0),(1692,252,0),(1692,254,0),(1692,256,0),(1692,258,0),(1692,260,0),(1692,262,0),(1692,264,0),(1692,266,0),(1692,270,0),(1692,793,0),(1695,12,0),(1695,225,0),(1695,237,0),(1695,239,0),(1695,241,0),(1695,242,0),(1695,244,0),(1695,246,0),(1695,248,0),(1695,250,0),(1695,252,0),(1695,254,0),(1695,256,0),(1695,258,0),(1695,260,0),(1695,262,0),(1695,264,0),(1695,266,0),(1695,270,0),(1695,793,0),(1757,15,0),(1757,30,0),(1757,35,0),(1757,38,0),(1757,46,0),(1757,65,0),(1757,71,0),(1757,155,0),(1757,162,0),(1757,224,0),(1757,225,0),(1757,227,0),(1757,229,0),(1757,231,0),(1757,233,0),(1757,234,0),(1757,235,0),(1757,236,0),(1757,238,0),(1757,240,0),(1763,15,0),(1763,30,0),(1763,35,0),(1763,39,0),(1763,40,0),(1763,46,0),(1763,71,0),(1763,73,0),(1763,133,0),(1763,153,0),(1763,155,0),(1763,205,0),(1763,207,0),(1763,209,0),(1763,211,0),(1763,213,0),(1763,215,0),(1763,217,0),(1763,219,0),(1763,221,0),(1766,14,0),(1766,15,0),(1766,18,0),(1766,19,0),(1766,20,0),(1766,21,0),(1766,22,0),(1766,23,0),(1766,24,0),(1766,25,0),(1766,26,0),(1766,27,0),(1766,28,0),(1766,29,0),(1766,30,0),(1766,31,0),(1766,32,0),(1766,33,0),(1766,34,0),(1766,36,0),(1769,10,0),(1769,13,0),(1769,37,0),(1769,38,0),(1769,115,0),(1769,175,0),(1769,177,0),(1769,179,0),(1769,181,0),(1769,183,0),(1769,185,0),(1769,187,0),(1769,189,0),(1769,191,0),(1769,193,0),(1769,195,0),(1769,197,0),(1769,198,0),(1769,201,0),(1769,202,0),(1772,15,0),(1772,26,0),(1772,30,0),(1772,35,0),(1772,55,0),(1772,139,0),(1772,145,0),(1772,149,0),(1772,151,0),(1772,153,0),(1772,155,0),(1772,157,0),(1772,159,0),(1772,161,0),(1772,163,0),(1772,165,0),(1772,167,0),(1772,169,0),(1772,171,0),(1772,173,0),(1775,15,0),(1775,26,0),(1775,30,0),(1775,35,0),(1775,46,0),(1775,71,0),(1775,117,0),(1775,119,0),(1775,123,0),(1775,125,0),(1775,127,0),(1775,130,0),(1775,131,0),(1775,133,0),(1775,135,0),(1775,137,0),(1775,139,0),(1775,145,0),(1775,147,0),(1775,791,0),(1778,11,0),(1778,13,0),(1778,14,0),(1778,17,0),(1778,30,0),(1778,41,0),(1778,42,0),(1778,46,0),(1778,77,0),(1778,96,0),(1778,98,0),(1778,100,0),(1778,102,0),(1778,104,0),(1778,106,0),(1778,107,0),(1778,109,0),(1778,111,0),(1778,112,0),(1778,114,0),(1781,15,0),(1781,30,0),(1781,46,0),(1781,55,0),(1781,63,0),(1781,65,0),(1781,67,0),(1781,69,0),(1781,71,0),(1781,73,0),(1781,75,0),(1781,77,0),(1781,79,0),(1781,81,0),(1781,84,0),(1781,86,0),(1781,88,0),(1781,90,0),(1781,92,0),(1781,94,0),(1784,15,0),(1784,30,0),(1784,46,0),(1784,55,0),(1784,62,0),(1784,73,0),(1784,85,0),(1784,153,0),(1784,155,0),(1784,162,0),(1784,238,0),(1784,240,0),(1784,344,0),(1784,497,0),(1784,499,0),(1784,590,0),(1784,1148,0),(1784,1149,0),(1784,1181,0),(1784,1182,0),(1788,15,0),(1788,30,0),(1788,35,0),(1788,38,0),(1788,46,0),(1788,65,0),(1788,92,0),(1788,133,0),(1788,155,0),(1788,162,0),(1788,193,0),(1788,418,0),(1788,511,0),(1788,587,0),(1788,588,0),(1788,589,0),(1788,590,0),(1788,591,0),(1788,592,0),(1788,593,0),(1791,14,0),(1791,15,0),(1791,30,0),(1791,38,0),(1791,39,0),(1791,51,0),(1791,55,0),(1791,56,0),(1791,62,0),(1791,128,0),(1791,142,0),(1791,162,0),(1791,193,0),(1791,213,0),(1791,275,0),(1791,276,0),(1791,277,0),(1791,278,0),(1791,281,0),(1791,283,0),(1794,26,0),(1794,30,0),(1794,243,0),(1794,245,0),(1794,247,0),(1794,249,0),(1794,251,0),(1794,253,0),(1794,255,0),(1794,257,0),(1794,259,0),(1794,261,0),(1794,263,0),(1794,265,0),(1794,267,0),(1794,269,0),(1794,271,0),(1794,272,0),(1794,273,0),(1794,274,0),(1797,26,0),(1797,451,0),(1797,453,0),(1797,455,0),(1797,457,0),(1797,459,0),(1797,461,0),(1797,463,0),(1797,465,0),(1797,467,0),(1797,469,0),(1797,471,0),(1797,473,0),(1797,475,0),(1797,476,0),(1797,478,0),(1797,480,0),(1797,482,0),(1797,484,0),(1797,486,0),(1984,6,0),(2021,6,0),(2071,6,0),(2231,107,0),(2231,145,0),(2231,277,0),(2231,605,0),(2231,606,0),(2231,607,0),(2231,608,0),(2231,609,0),(2231,610,0),(2231,611,0),(2231,612,0),(2231,613,0),(2231,614,0),(2231,615,0),(2231,616,0),(2231,617,0),(2231,618,0),(2231,619,0),(2231,620,0),(2231,621,0),(2367,444,0),(2367,697,0),(2367,698,0),(2367,699,0),(2367,700,0),(2367,701,0),(2367,702,0),(2367,703,0),(2367,704,0),(2367,705,0),(2367,706,0),(2367,707,0),(2367,708,0),(2367,709,0),(2367,710,0),(2367,711,0),(2367,712,0),(2367,713,0),(2367,714,0),(2367,715,0),(2369,6,0),(2407,626,0),(2407,628,0),(2407,629,0),(2407,631,0),(2407,632,0),(2407,633,0),(2407,634,0),(2407,635,0),(2407,636,0),(2407,637,0),(2407,639,0),(2407,640,0),(2407,641,0),(2407,642,0),(2407,643,0),(2407,644,0),(2407,645,0),(2407,646,0),(2407,647,0),(2407,648,0),(2407,649,0),(2407,650,0),(2407,651,0),(2407,652,0),(2407,653,0),(2407,654,0),(2407,655,0),(2407,656,0),(2407,657,0),(2407,658,0),(2407,659,0),(2407,660,0),(2407,661,0),(2407,662,0),(2407,663,0),(2407,664,0),(2407,667,0),(2407,668,0),(2407,669,0),(2407,670,0),(2407,671,0),(2407,672,0),(2407,673,0),(2407,674,0),(2407,675,0),(2407,676,0),(2407,677,0),(2407,678,0),(2407,679,0),(2407,680,0),(2407,681,0),(2407,682,0),(2407,683,0),(2407,684,0),(2407,685,0),(2407,686,0),(2407,687,0),(2407,696,0),(2408,641,0),(2408,642,0),(2408,643,0),(2408,645,0),(2408,646,0),(2408,647,0),(2408,649,0),(2408,651,0),(2408,652,0),(2408,653,0),(2408,654,0),(2408,655,0),(2408,656,0),(2408,657,0),(2408,658,0),(2408,659,0),(2408,660,0),(2408,661,0),(2408,662,0),(2408,663,0),(2408,664,0),(2408,668,0),(2408,669,0),(2408,670,0),(2408,671,0),(2408,672,0),(2408,673,0),(2408,674,0),(2408,675,0),(2408,676,0),(2408,677,0),(2408,678,0),(2408,679,0),(2408,681,0),(2408,682,0),(2408,683,0),(2408,684,0),(2408,686,0),(2408,688,0),(2408,692,0),(2408,693,0),(2408,694,0),(2408,695,0),(2408,716,0),(2408,717,0),(2408,718,0),(2408,719,0),(26211,1375,0),(2631,10,0),(2631,13,0),(2631,15,0),(2631,17,0),(2631,60,0),(2631,62,0),(2631,344,0),(2631,724,0),(2631,734,0),(2631,737,0),(2631,748,0),(2631,750,0),(2631,752,0),(2631,1058,0),(2631,1059,0),(2631,1061,0),(2631,1115,0),(2631,1140,0),(2631,1141,0),(2631,1226,0),(2632,11,0),(2632,13,0),(2632,14,0),(2632,15,0),(2632,17,0),(2632,26,0),(2632,39,0),(2632,59,0),(2632,60,0),(2632,77,0),(2632,122,0),(2632,270,0),(2632,344,0),(2632,720,0),(2632,721,0),(2632,722,0),(2632,723,0),(2632,724,0),(2632,725,0),(2632,726,0),(2773,1,0),(2773,11,0),(2773,13,0),(2773,14,0),(2773,15,0),(2773,39,0),(2773,42,0),(2773,62,0),(2773,301,0),(2773,344,0),(2773,444,0),(2773,763,0),(2773,764,0),(2773,768,0),(2773,769,0),(2773,773,0),(2773,776,0),(2773,792,0),(2773,859,0),(2773,1137,0),(2773,1138,0),(2817,10,0),(2817,13,0),(2817,192,0),(2817,199,0),(2817,214,0),(2817,316,0),(2817,326,0),(2817,340,0),(2817,404,0),(2817,544,0),(2817,727,0),(2817,753,0),(2817,777,0),(2817,778,0),(2817,779,0),(2817,780,0),(2817,781,0),(2817,782,0),(2817,783,0),(2817,784,0),(2819,10,0),(2819,14,0),(2819,15,0),(2819,26,0),(2819,37,0),(2819,38,0),(2819,170,0),(2819,178,0),(2819,193,0),(2819,444,0),(2819,517,0),(2819,624,0),(2819,785,0),(2819,786,0),(2819,787,0),(2819,788,0),(2819,789,0),(2819,790,0),(2819,1073,0),(2819,1074,0),(2962,12,0),(2962,17,0),(2962,225,0),(2962,237,0),(2962,239,0),(2962,241,0),(2962,242,0),(2962,244,0),(2962,246,0),(2962,248,0),(2962,250,0),(2962,252,0),(2962,254,0),(2962,256,0),(2962,258,0),(2962,260,0),(2962,262,0),(2962,264,0),(2962,266,0),(2962,270,0),(2997,39,0),(2997,73,0),(2997,518,0),(2997,835,0),(2997,836,0),(2997,837,0),(2997,838,0),(2997,839,0),(2997,840,0),(2997,841,0),(2997,842,0),(2997,843,0),(2997,844,0),(2997,845,0),(2997,846,0),(2997,847,0),(2997,848,0),(2997,849,0),(2997,850,0),(2997,851,0),(3004,1,0),(3004,10,0),(3004,13,0),(3004,14,0),(3004,15,0),(3004,17,0),(3004,46,0),(3004,62,0),(3004,221,0),(3004,344,0),(3004,722,0),(3004,749,0),(3004,794,0),(3004,796,0),(3004,797,0),(3004,803,0),(3004,834,0),(3004,857,0),(3004,1059,0),(3004,1061,0),(3004,1162,0),(3011,1,0),(3011,13,0),(3011,46,0),(3011,62,0),(3011,301,0),(3011,344,0),(3011,804,0),(3011,808,0),(3011,809,0),(3011,810,0),(3011,811,0),(3011,812,0),(3011,813,0),(3011,814,0),(3011,816,0),(3011,817,0),(3011,818,0),(3011,852,0),(3011,856,0),(3011,956,0),(3011,957,0),(3024,1,0),(3024,10,0),(3024,11,0),(3024,14,0),(3024,15,0),(3024,42,0),(3024,48,0),(3024,49,0),(3024,62,0),(3024,301,0),(3024,344,0),(3024,819,0),(3024,820,0),(3024,822,0),(3024,824,0),(3024,825,0),(3024,826,0),(3024,829,0),(3024,854,0),(3024,855,0),(3024,958,0),(3042,13,0),(3042,14,0),(3042,16,0),(3042,17,0),(3042,30,0),(3042,34,0),(3042,39,0),(3042,40,0),(3042,46,0),(3042,47,0),(3042,51,0),(3042,53,0),(3042,103,0),(3042,219,0),(3042,270,0),(3042,354,0),(3042,793,0),(3042,831,0),(3042,832,0),(3042,833,0),(3105,1,0),(3105,11,0),(3105,15,0),(3105,42,0),(3105,62,0),(3105,154,0),(3105,297,0),(3105,344,0),(3105,941,0),(3105,942,0),(3105,943,0),(3105,944,0),(3105,945,0),(3105,946,0),(3105,947,0),(3105,949,0),(3105,950,0),(3105,959,0),(3105,1193,0),(3105,1194,0),(3105,1227,0),(26208,1375,0),(26205,1375,0),(26202,1375,0),(26196,1375,0),(26199,1375,0),(3230,1,0),(3230,10,0),(3230,13,0),(3230,46,0),(3230,62,0),(3230,344,0),(3230,961,0),(3230,962,0),(3230,963,0),(3230,964,0),(3230,965,0),(3230,966,0),(3230,967,0),(3230,968,0),(3230,969,0),(3230,970,0),(3230,971,0),(3230,972,0),(3230,973,0),(3230,974,0),(3230,981,0),(3255,1,0),(3255,11,0),(3255,13,0),(3255,37,0),(3255,62,0),(3255,301,0),(3255,344,0),(3255,603,0),(3255,794,0),(3255,815,0),(3255,826,0),(3255,854,0),(3255,979,0),(3255,986,0),(3255,989,0),(3255,992,0),(3255,993,0),(3255,998,0),(3255,1134,0),(3255,1135,0),(3255,1136,0),(3282,13,0),(3282,14,0),(3282,15,0),(3282,37,0),(3282,43,0),(3282,46,0),(3282,62,0),(3282,147,0),(3282,301,0),(3282,344,0),(3282,814,0),(3282,957,0),(3282,989,0),(3282,994,0),(3282,995,0),(3282,997,0),(3282,1000,0),(3282,1002,0),(3282,1163,0),(3282,1164,0),(3297,17,0),(3297,584,0),(3297,727,0),(3297,751,0),(3297,794,0),(3297,803,0),(3297,974,0),(3297,1005,0),(3297,1006,0),(3297,1007,0),(3297,1008,0),(3297,1009,0),(3297,1010,0),(3297,1011,0),(3297,1012,0),(3297,1013,0),(3297,1014,0),(3297,1015,0),(3297,1016,0),(3297,1030,0),(26183,1374,0),(3341,10,0),(3341,11,0),(3341,13,0),(3341,14,0),(3341,15,0),(3341,46,0),(3341,60,0),(3341,62,0),(3341,199,0),(3341,301,0),(3341,344,0),(3341,1010,0),(3341,1020,0),(3341,1021,0),(3341,1022,0),(3341,1023,0),(3341,1024,0),(3341,1025,0),(3341,1026,0),(3341,1028,0),(3366,9,0),(3413,6,0),(3415,10,0),(3415,12,0),(3415,13,0),(3415,14,0),(3415,15,0),(3415,17,0),(3415,26,0),(3415,30,0),(3415,38,0),(3415,39,0),(3415,248,0),(3415,312,0),(3415,444,0),(3415,793,0),(3415,1068,0),(3415,1070,0),(3415,1071,0),(3415,1072,0),(3415,1093,0),(3415,1222,0),(3433,10,0),(3433,13,0),(3433,59,0),(3433,726,0),(3433,1031,0),(3433,1032,0),(3433,1033,0),(3433,1034,0),(3433,1035,0),(3433,1036,0),(3433,1037,0),(3433,1038,0),(3433,1039,0),(3433,1040,0),(3433,1041,0),(3433,1042,0),(3433,1043,0),(3433,1044,0),(3433,1045,0),(3433,1046,0),(26180,1374,0),(26013,2,0),(3533,6,0),(3564,10,0),(3564,13,0),(3564,14,0),(3564,15,0),(3564,46,0),(3564,61,0),(3564,62,0),(3564,122,0),(3564,153,0),(3564,199,0),(3564,209,0),(3564,301,0),(3564,344,0),(3564,1022,0),(3564,1049,0),(3564,1050,0),(3564,1051,0),(3564,1052,0),(3564,1053,0),(3564,1195,0),(26357,1341,0),(26012,2,0),(26011,2,0),(3625,10,0),(3625,11,0),(3625,13,0),(3625,15,0),(3625,17,0),(3625,59,0),(3625,60,0),(3625,344,0),(3625,722,0),(3625,724,0),(3625,734,0),(3625,737,0),(3625,738,0),(3625,748,0),(3625,750,0),(3625,774,0),(3625,1058,0),(3625,1059,0),(3625,1061,0),(3625,1115,0),(3767,10,0),(3767,13,0),(3767,17,0),(3767,26,0),(3767,192,0),(3767,199,0),(3767,214,0),(3767,340,0),(3767,404,0),(3767,544,0),(3767,727,0),(3767,753,0),(3767,777,0),(3767,779,0),(3767,780,0),(3767,781,0),(3767,782,0),(3767,784,0),(3767,1174,0),(3767,1180,0),(3789,13,0),(3789,14,0),(3789,15,0),(3789,46,0),(3789,59,0),(3789,61,0),(3789,62,0),(3789,122,0),(3789,154,0),(3789,199,0),(3789,297,0),(3789,344,0),(3789,794,0),(3789,1055,0),(3789,1098,0),(3789,1099,0),(3789,1100,0),(3789,1101,0),(3789,1102,0),(3789,1103,0),(3802,6,0),(3818,13,0),(3818,154,0),(3818,214,0),(3818,238,0),(3818,327,0),(3818,350,0),(3818,418,0),(3818,593,0),(3818,794,0),(3818,1101,0),(3818,1104,0),(3818,1105,0),(3818,1106,0),(3818,1107,0),(3818,1108,0),(3818,1110,0),(3818,1111,0),(3818,1112,0),(3818,1113,0),(3818,1192,0),(26010,2,0),(4222,6,0),(4331,11,0),(4331,14,0),(4331,15,0),(4331,42,0),(4331,46,0),(4331,61,0),(4331,62,0),(4331,122,0),(4331,199,0),(4331,344,0),(4331,1022,0),(4331,1053,0),(4331,1054,0),(4331,1110,0),(4331,1142,0),(4331,1143,0),(4331,1144,0),(4331,1145,0),(4331,1146,0),(4331,1147,0),(4521,6,0),(26009,2,0),(26359,1361,0),(4798,6,0),(4907,13,0),(4907,17,0),(4907,46,0),(4907,73,0),(4907,114,0),(4907,154,0),(4907,214,0),(4907,348,0),(4907,350,0),(4907,434,0),(4907,1142,0),(4907,1196,0),(4907,1197,0),(4907,1198,0),(4907,1199,0),(4907,1200,0),(4907,1201,0),(4907,1202,0),(4907,1203,0),(4907,1204,0),(5061,13,0),(5061,14,0),(5061,15,0),(5061,16,0),(5061,17,0),(5061,39,0),(5061,46,0),(5061,47,0),(5061,354,0),(5061,444,0),(5061,833,0),(5061,1093,0),(5061,1219,0),(5061,1220,0),(5061,1222,0),(5061,1223,0),(5061,1229,0),(5061,1230,0),(5061,1231,0),(5061,1232,0),(5144,6,0),(5230,10,0),(5230,12,0),(5230,13,0),(5230,14,0),(5230,15,0),(5230,16,0),(5230,17,0),(5230,38,0),(5230,39,0),(5230,248,0),(5230,312,0),(5230,444,0),(5230,1068,0),(5230,1070,0),(5230,1071,0),(5230,1072,0),(5230,1093,0),(5230,1215,0),(5230,1216,0),(5230,1231,0),(26008,2,0),(5377,6,0),(5383,10,0),(5383,12,0),(5383,13,0),(5383,14,0),(5383,15,0),(5383,16,0),(5383,17,0),(5383,38,0),(5383,39,0),(5383,248,0),(5383,312,0),(5383,444,0),(5383,1068,0),(5383,1070,0),(5383,1071,0),(5383,1072,0),(5383,1093,0),(5383,1222,0),(5383,1229,0),(5383,1231,0),(5392,9,0),(5402,13,0),(5402,14,0),(5402,15,0),(5402,17,0),(5402,46,0),(5402,62,0),(5402,344,0),(5402,444,0),(5402,1110,0),(5402,1174,0),(5402,1234,0),(5402,1235,0),(5402,1236,0),(5402,1238,0),(5402,1241,0),(5402,1276,0),(5402,1277,0),(5402,1278,0),(5402,1280,0),(5402,1281,0),(5418,6,0),(5519,51,0),(5519,71,0),(5519,77,0),(5519,212,0),(5519,350,0),(5519,354,0),(5519,1250,0),(5519,1251,0),(5519,1252,0),(5519,1253,0),(5519,1254,0),(5519,1255,0),(5519,1256,0),(5519,1257,0),(5519,1258,0),(5519,1259,0),(5519,1260,0),(5519,1261,0),(5519,1262,0),(5519,1263,0),(5521,13,0),(5521,51,0),(5521,71,0),(5521,77,0),(5521,212,0),(5521,350,0),(5521,354,0),(5521,853,0),(5521,1251,0),(5521,1252,0),(5521,1254,0),(5521,1255,0),(5521,1258,0),(5521,1259,0),(5521,1260,0),(5521,1261,0),(5521,1262,0),(5521,1264,0),(5521,1265,0),(5521,1266,0),(5643,10,0),(5643,12,0),(5643,17,0),(5643,248,0),(5643,444,0),(5643,700,0),(5643,707,0),(5643,709,0),(5643,710,0),(5643,1068,0),(5643,1243,0),(5643,1267,0),(5643,1268,0),(5643,1269,0),(5643,1270,0),(5643,1271,0),(5643,1272,0),(5643,1273,0),(5643,1274,0),(5643,1275,0),(5644,6,0),(5659,12,0),(5659,225,0),(5659,237,0),(5659,239,0),(5659,241,0),(5659,242,0),(5659,244,0),(5659,246,0),(5659,248,0),(5659,250,0),(5659,252,0),(5659,254,0),(5659,256,0),(5659,258,0),(5659,260,0),(5659,262,0),(5659,264,0),(5659,266,0),(5659,270,0),(5659,793,0),(5724,10,0),(5724,12,0),(5724,13,0),(5724,14,0),(5724,15,0),(5724,17,0),(5724,26,0),(5724,30,0),(5724,38,0),(5724,39,0),(5724,248,0),(5724,312,0),(5724,444,0),(5724,793,0),(5724,1068,0),(5724,1070,0),(5724,1071,0),(5724,1072,0),(5724,1093,0),(5724,1222,0),(26007,2,0),(26358,1361,0),(5958,39,0),(5958,412,0),(5958,427,0),(5958,439,0),(5958,545,0),(5958,1283,0),(5958,1284,0),(5958,1285,0),(5958,1286,0),(5958,1287,0),(5958,1288,0),(5958,1289,0),(5958,1290,0),(5958,1291,0),(5958,1292,0),(5958,1293,0),(5958,1302,0),(5958,1303,0),(5958,1304,0),(5958,1305,0),(6016,13,0),(6016,15,0),(6016,60,0),(6016,989,0),(6016,995,0),(6016,1005,0),(6016,1015,0),(6016,1021,0),(6016,1294,0),(6016,1295,0),(6016,1296,0),(6016,1297,0),(6016,1298,0),(6016,1299,0),(6016,1300,0),(6016,1301,0),(6016,1306,0),(6016,1307,0),(6016,1308,0),(6016,1309,0),(6037,350,0),(6037,727,0),(6037,1254,0),(6037,1316,0),(6037,1317,0),(6037,1318,0),(6037,1319,0),(6037,1320,0),(6037,1321,0),(6037,1322,0),(6037,1323,0),(6037,1324,0),(6037,1325,0),(6037,1326,0),(6037,1327,0),(6037,1328,0),(6037,1329,0),(6037,1330,0),(6037,1331,0),(6037,1332,0),(6117,350,0),(6117,727,0),(6117,1254,0),(6117,1316,0),(6117,1317,0),(6117,1318,0),(6117,1319,0),(6117,1320,0),(6117,1321,0),(6117,1322,0),(6117,1323,0),(6117,1324,0),(6117,1325,0),(6117,1326,0),(6117,1327,0),(6117,1328,0),(6117,1329,0),(6117,1330,0),(6117,1331,0),(6117,1332,0),(6644,6,0),(6943,6,0),(25885,2,0),(26327,1374,0),(7826,6,0),(11343,9,0),(11360,6,0),(11429,9,0),(11439,9,0),(11442,1342,0),(11444,6,0),(11689,1342,0),(11795,6,0),(12085,1342,0),(12368,6,0),(12502,6,0),(13043,1345,0),(13053,1345,0),(13086,6,0),(13176,6,0),(13774,9,0),(13908,1354,0),(2631,1,0),(16951,1354,0),(17342,6,0),(17708,1360,0),(18532,6,0),(18991,6,0),(19997,1341,0),(21223,1354,0),(21640,1354,0),(21644,1354,0),(21646,1354,0),(21762,9,0),(22109,9,0),(22259,9,0),(22267,9,0),(22769,9,0),(25884,2,0),(23933,1341,0),(23945,1341,0),(23973,1362,0),(23997,1342,0),(24018,1342,0),(24150,1341,0),(24212,9,0),(24217,9,0),(24224,9,0),(24261,1354,0),(24289,1341,0),(24550,1345,0),(24776,9,0),(24780,9,0),(24784,9,0),(24826,1364,0),(24858,1364,0),(24875,9,0),(24980,9,0),(25059,1364,0),(25088,1341,0),(25152,1365,0),(25152,1366,0),(25152,1367,0),(25152,1368,0),(25153,1369,0),(25153,1370,0),(25153,1367,0),(25153,1371,0),(25153,1372,0),(25398,1373,0),(25401,1364,0),(25444,1363,0),(25462,1363,0),(25491,1354,0),(25497,1,0),(25506,1,0),(25511,1,0),(25514,1,0),(25583,1374,0),(25584,1374,0),(25591,1374,0),(25883,2,0),(25882,2,0),(25880,2,0),(25881,2,0),(26250,1375,0),(26253,1375,0),(26256,1375,0),(26260,1375,0),(26266,1375,0),(26271,1375,0),(26275,1375,0),(26284,1375,0),(26288,1375,0),(26292,1375,0),(26296,1375,0),(26299,1375,0),(26302,1375,0),(26305,1375,0),(26308,1374,0),(26311,1374,0),(26319,2,0);

--
-- Table structure for table `wp_term_taxonomy`
--

CREATE TABLE `wp_term_taxonomy` (
  `term_taxonomy_id` bigint(20) unsigned NOT NULL AUTO_INCREMENT,
  `term_id` bigint(20) unsigned NOT NULL DEFAULT '0',
  `taxonomy` varchar(32) COLLATE utf8mb4_unicode_520_ci NOT NULL DEFAULT '',
  `description` longtext COLLATE utf8mb4_unicode_520_ci NOT NULL,
  `parent` bigint(20) unsigned NOT NULL DEFAULT '0',
  `count` bigint(20) NOT NULL DEFAULT '0',
  PRIMARY KEY (`term_taxonomy_id`),
  UNIQUE KEY `term_id_taxonomy` (`term_id`,`taxonomy`),
  KEY `taxonomy` (`taxonomy`)
) ENGINE=MyISAM AUTO_INCREMENT=1378 DEFAULT CHARSET=utf8mb4 COLLATE=utf8mb4_unicode_520_ci;

--
-- Dumping data for table `wp_term_taxonomy`
--

INSERT INTO `wp_term_taxonomy` VALUES (1,1,'category','',0,4),(2,2,'nav_menu','',0,14),(3,3,'bsf_custom_fonts','',0,0),(4,4,'bsf_custom_fonts','',0,0),(5,5,'bsf_custom_fonts','',0,0),(6,6,'elementor_library_type','',0,31),(9,9,'elementor_library_type','',0,19),(10,10,'yst_prominent_words','',0,20),(11,11,'yst_prominent_words','',0,9),(12,12,'yst_prominent_words','',0,21),(13,13,'yst_prominent_words','',0,40),(14,14,'yst_prominent_words','',0,33),(15,15,'yst_prominent_words','',0,44),(16,16,'yst_prominent_words','',0,7),(17,17,'yst_prominent_words','',0,20),(18,18,'yst_prominent_words','',0,1),(19,19,'yst_prominent_words','',0,1),(20,20,'yst_prominent_words','',0,1),(21,21,'yst_prominent_words','',0,1),(22,22,'yst_prominent_words','',0,1),(23,23,'yst_prominent_words','',0,1),(24,24,'yst_prominent_words','',0,1),(25,25,'yst_prominent_words','',0,1),(26,26,'yst_prominent_words','',0,9),(27,27,'yst_prominent_words','',0,1),(28,28,'yst_prominent_words','',0,1),(29,29,'yst_prominent_words','',0,1),(30,30,'yst_prominent_words','',0,20),(31,31,'yst_prominent_words','',0,1),(32,32,'yst_prominent_words','',0,1),(33,33,'yst_prominent_words','',0,1),(34,34,'yst_prominent_words','',0,2),(35,35,'yst_prominent_words','',0,6),(36,36,'yst_prominent_words','',0,2),(37,37,'yst_prominent_words','',0,5),(38,38,'yst_prominent_words','',0,15),(39,39,'yst_prominent_words','',0,20),(40,40,'yst_prominent_words','',0,3),(41,41,'yst_prominent_words','',0,3),(42,42,'yst_prominent_words','',0,7),(43,43,'yst_prominent_words','',0,1),(44,44,'yst_prominent_words','',0,0),(45,45,'yst_prominent_words','',0,1),(46,46,'yst_prominent_words','',0,28),(47,47,'yst_prominent_words','',0,5),(48,48,'yst_prominent_words','',0,2),(49,49,'yst_prominent_words','',0,2),(50,50,'yst_prominent_words','',0,1),(51,51,'yst_prominent_words','',0,7),(52,52,'yst_prominent_words','',0,1),(53,53,'yst_prominent_words','',0,1),(54,54,'yst_prominent_words','',0,1),(55,55,'yst_prominent_words','',0,13),(56,56,'yst_prominent_words','',0,3),(57,57,'yst_prominent_words','',0,1),(58,58,'yst_prominent_words','',0,1),(59,59,'yst_prominent_words','',0,1),(60,60,'yst_prominent_words','',0,3),(61,61,'yst_prominent_words','',0,3),(62,62,'yst_prominent_words','',0,19),(63,63,'yst_prominent_words','',0,1),(64,64,'yst_prominent_words','',0,1),(65,65,'yst_prominent_words','',0,3),(66,66,'yst_prominent_words','',0,1),(67,67,'yst_prominent_words','',0,1),(68,68,'yst_prominent_words','',0,1),(69,69,'yst_prominent_words','',0,1),(70,70,'yst_prominent_words','',0,1),(71,71,'yst_prominent_words','',0,13),(72,72,'yst_prominent_words','',0,1),(73,73,'yst_prominent_words','',0,7),(74,74,'yst_prominent_words','',0,1),(75,75,'yst_prominent_words','',0,1),(76,76,'yst_prominent_words','',0,1),(77,77,'yst_prominent_words','',0,8),(78,78,'yst_prominent_words','',0,2),(79,79,'yst_prominent_words','',0,1),(80,80,'yst_prominent_words','',0,1),(81,81,'yst_prominent_words','',0,3),(82,82,'yst_prominent_words','',0,2),(83,83,'yst_prominent_words','',0,1),(84,84,'yst_prominent_words','',0,1),(85,85,'yst_prominent_words','',0,7),(86,86,'yst_prominent_words','',0,1),(87,87,'yst_prominent_words','',0,1),(88,88,'yst_prominent_words','',0,5),(89,89,'yst_prominent_words','',0,1),(90,90,'yst_prominent_words','',0,1),(91,91,'yst_prominent_words','',0,1),(92,92,'yst_prominent_words','',0,2),(93,93,'yst_prominent_words','',0,1),(94,94,'yst_prominent_words','',0,1),(95,95,'yst_prominent_words','',0,1),(96,96,'yst_prominent_words','',0,1),(97,97,'yst_prominent_words','',0,1),(98,98,'yst_prominent_words','',0,1),(99,99,'yst_prominent_words','',0,1),(100,100,'yst_prominent_words','',0,1),(101,101,'yst_prominent_words','',0,1),(102,102,'yst_prominent_words','',0,1),(103,103,'yst_prominent_words','',0,2),(104,104,'yst_prominent_words','',0,1),(105,105,'yst_prominent_words','',0,2),(106,106,'yst_prominent_words','',0,1),(107,107,'yst_prominent_words','',0,2),(108,108,'yst_prominent_words','',0,1),(109,109,'yst_prominent_words','',0,1),(110,110,'yst_prominent_words','',0,1),(111,111,'yst_prominent_words','',0,1),(112,112,'yst_prominent_words','',0,1),(113,113,'yst_prominent_words','',0,1),(114,114,'yst_prominent_words','',0,4),(115,115,'yst_prominent_words','',0,2),(116,116,'yst_prominent_words','',0,1),(117,117,'yst_prominent_words','',0,1),(118,118,'yst_prominent_words','',0,1),(119,119,'yst_prominent_words','',0,1),(120,120,'yst_prominent_words','',0,1),(121,121,'yst_prominent_words','',0,0),(122,122,'yst_prominent_words','',0,4),(123,123,'yst_prominent_words','',0,1),(124,124,'yst_prominent_words','',0,1),(125,125,'yst_prominent_words','',0,1),(126,126,'yst_prominent_words','',0,1),(127,127,'yst_prominent_words','',0,1),(128,128,'yst_prominent_words','',0,3),(129,129,'yst_prominent_words','',0,2),(130,130,'yst_prominent_words','',0,1),(131,131,'yst_prominent_words','',0,1),(132,132,'yst_prominent_words','',0,1),(133,133,'yst_prominent_words','',0,3),(134,134,'yst_prominent_words','',0,1),(135,135,'yst_prominent_words','',0,1),(136,136,'yst_prominent_words','',0,1),(137,137,'yst_prominent_words','',0,1),(138,138,'yst_prominent_words','',0,1),(139,139,'yst_prominent_words','',0,2),(140,140,'yst_prominent_words','',0,1),(141,141,'yst_prominent_words','',0,0),(142,142,'yst_prominent_words','',0,3),(143,143,'yst_prominent_words','',0,0),(144,144,'yst_prominent_words','',0,1),(145,145,'yst_prominent_words','',0,3),(146,146,'yst_prominent_words','',0,1),(147,147,'yst_prominent_words','',0,3),(148,148,'yst_prominent_words','',0,1),(149,149,'yst_prominent_words','',0,1),(150,150,'yst_prominent_words','',0,1),(151,151,'yst_prominent_words','',0,1),(152,152,'yst_prominent_words','',0,1),(153,153,'yst_prominent_words','',0,6),(154,154,'yst_prominent_words','',0,9),(155,155,'yst_prominent_words','',0,8),(156,156,'yst_prominent_words','',0,1),(157,157,'yst_prominent_words','',0,1),(158,158,'yst_prominent_words','',0,1),(159,159,'yst_prominent_words','',0,1),(160,160,'yst_prominent_words','',0,2),(161,161,'yst_prominent_words','',0,1),(162,162,'yst_prominent_words','',0,10),(163,163,'yst_prominent_words','',0,1),(164,164,'yst_prominent_words','',0,2),(165,165,'yst_prominent_words','',0,1),(166,166,'yst_prominent_words','',0,1),(167,167,'yst_prominent_words','',0,1),(168,168,'yst_prominent_words','',0,2),(169,169,'yst_prominent_words','',0,1),(170,170,'yst_prominent_words','',0,2),(171,171,'yst_prominent_words','',0,1),(172,172,'yst_prominent_words','',0,0),(173,173,'yst_prominent_words','',0,1),(174,174,'yst_prominent_words','',0,0),(175,175,'yst_prominent_words','',0,1),(176,176,'yst_prominent_words','',0,0),(177,177,'yst_prominent_words','',0,1),(178,178,'yst_prominent_words','',0,1),(179,179,'yst_prominent_words','',0,1),(180,180,'yst_prominent_words','',0,0),(181,181,'yst_prominent_words','',0,1),(182,182,'yst_prominent_words','',0,0),(183,183,'yst_prominent_words','',0,1),(184,184,'yst_prominent_words','',0,0),(185,185,'yst_prominent_words','',0,1),(186,186,'yst_prominent_words','',0,0),(187,187,'yst_prominent_words','',0,1),(188,188,'yst_prominent_words','',0,0),(189,189,'yst_prominent_words','',0,1),(190,190,'yst_prominent_words','',0,0),(191,191,'yst_prominent_words','',0,1),(192,192,'yst_prominent_words','',0,1),(193,193,'yst_prominent_words','',0,5),(194,194,'yst_prominent_words','',0,0),(195,195,'yst_prominent_words','',0,1),(196,196,'yst_prominent_words','',0,1),(197,197,'yst_prominent_words','',0,1),(198,198,'yst_prominent_words','',0,1),(199,199,'yst_prominent_words','',0,6),(200,200,'yst_prominent_words','',0,1),(201,201,'yst_prominent_words','',0,1),(202,202,'yst_prominent_words','',0,1),(203,203,'yst_prominent_words','',0,1),(204,204,'yst_prominent_words','',0,1),(205,205,'yst_prominent_words','',0,1),(206,206,'yst_prominent_words','',0,1),(207,207,'yst_prominent_words','',0,1),(208,208,'yst_prominent_words','',0,2),(209,209,'yst_prominent_words','',0,2),(210,210,'yst_prominent_words','',0,1),(211,211,'yst_prominent_words','',0,1),(212,212,'yst_prominent_words','',0,3),(213,213,'yst_prominent_words','',0,4),(214,214,'yst_prominent_words','',0,8),(215,215,'yst_prominent_words','',0,1),(216,216,'yst_prominent_words','',0,1),(217,217,'yst_prominent_words','',0,1),(218,218,'yst_prominent_words','',0,1),(219,219,'yst_prominent_words','',0,2),(220,220,'yst_prominent_words','',0,2),(221,221,'yst_prominent_words','',0,3),(222,222,'yst_prominent_words','',0,1),(223,223,'yst_prominent_words','',0,0),(224,224,'yst_prominent_words','',0,1),(225,225,'yst_prominent_words','',0,17),(226,226,'yst_prominent_words','',0,1),(227,227,'yst_prominent_words','',0,1),(228,228,'yst_prominent_words','',0,1),(229,229,'yst_prominent_words','',0,1),(230,230,'yst_prominent_words','',0,1),(231,231,'yst_prominent_words','',0,1),(232,232,'yst_prominent_words','',0,1),(233,233,'yst_prominent_words','',0,1),(234,234,'yst_prominent_words','',0,1),(235,235,'yst_prominent_words','',0,2),(236,236,'yst_prominent_words','',0,1),(237,237,'yst_prominent_words','',0,16),(238,238,'yst_prominent_words','',0,8),(239,239,'yst_prominent_words','',0,16),(240,240,'yst_prominent_words','',0,2),(241,241,'yst_prominent_words','',0,16),(242,242,'yst_prominent_words','',0,16),(243,243,'yst_prominent_words','',0,1),(244,244,'yst_prominent_words','',0,16),(245,245,'yst_prominent_words','',0,1),(246,246,'yst_prominent_words','',0,16),(247,247,'yst_prominent_words','',0,1),(248,248,'yst_prominent_words','',0,21),(249,249,'yst_prominent_words','',0,1),(250,250,'yst_prominent_words','',0,16),(251,251,'yst_prominent_words','',0,1),(252,252,'yst_prominent_words','',0,16),(253,253,'yst_prominent_words','',0,1),(254,254,'yst_prominent_words','',0,16),(255,255,'yst_prominent_words','',0,1),(256,256,'yst_prominent_words','',0,16),(257,257,'yst_prominent_words','',0,1),(258,258,'yst_prominent_words','',0,16),(259,259,'yst_prominent_words','',0,1),(260,260,'yst_prominent_words','',0,16),(261,261,'yst_prominent_words','',0,1),(262,262,'yst_prominent_words','',0,16),(263,263,'yst_prominent_words','',0,1),(264,264,'yst_prominent_words','',0,16),(265,265,'yst_prominent_words','',0,1),(266,266,'yst_prominent_words','',0,16),(267,267,'yst_prominent_words','',0,1),(268,268,'yst_prominent_words','',0,1),(269,269,'yst_prominent_words','',0,1),(270,270,'yst_prominent_words','',0,16),(271,271,'yst_prominent_words','',0,1),(272,272,'yst_prominent_words','',0,1),(273,273,'yst_prominent_words','',0,1),(274,274,'yst_prominent_words','',0,1),(275,275,'yst_prominent_words','',0,1),(276,276,'yst_prominent_words','',0,1),(277,277,'yst_prominent_words','',0,4),(278,278,'yst_prominent_words','',0,1),(279,279,'yst_prominent_words','',0,0),(280,280,'yst_prominent_words','',0,0),(281,281,'yst_prominent_words','',0,2),(282,282,'yst_prominent_words','',0,0),(283,283,'yst_prominent_words','',0,1),(284,284,'yst_prominent_words','',0,0),(285,285,'yst_prominent_words','',0,0),(286,286,'yst_prominent_words','',0,1),(287,287,'yst_prominent_words','',0,0),(288,288,'yst_prominent_words','',0,0),(289,289,'yst_prominent_words','',0,1),(290,290,'yst_prominent_words','',0,0),(291,291,'yst_prominent_words','',0,1),(292,292,'yst_prominent_words','',0,0),(293,293,'yst_prominent_words','',0,1),(294,294,'yst_prominent_words','',0,0),(295,295,'yst_prominent_words','',0,1),(296,296,'yst_prominent_words','',0,0),(297,297,'yst_prominent_words','',0,3),(298,298,'yst_prominent_words','',0,1),(299,299,'yst_prominent_words','',0,1),(300,300,'yst_prominent_words','',0,1),(301,301,'yst_prominent_words','',0,9),(302,302,'yst_prominent_words','',0,1),(303,303,'yst_prominent_words','',0,1),(304,304,'yst_prominent_words','',0,0),(305,305,'yst_prominent_words','',0,1),(306,306,'yst_prominent_words','',0,1),(307,307,'yst_prominent_words','',0,1),(308,308,'yst_prominent_words','',0,2),(309,309,'yst_prominent_words','',0,1),(310,310,'yst_prominent_words','',0,1),(311,311,'yst_prominent_words','',0,2),(312,312,'yst_prominent_words','',0,5),(313,313,'yst_prominent_words','',0,1),(314,314,'yst_prominent_words','',0,1),(315,315,'yst_prominent_words','',0,1),(316,316,'yst_prominent_words','',0,3),(317,317,'yst_prominent_words','',0,1),(318,318,'yst_prominent_words','',0,1),(319,319,'yst_prominent_words','',0,1),(320,320,'yst_prominent_words','',0,1),(321,321,'yst_prominent_words','',0,1),(322,322,'yst_prominent_words','',0,1),(323,323,'yst_prominent_words','',0,1),(324,324,'yst_prominent_words','',0,1),(325,325,'yst_prominent_words','',0,1),(326,326,'yst_prominent_words','',0,1),(327,327,'yst_prominent_words','',0,3),(328,328,'yst_prominent_words','',0,1),(329,329,'yst_prominent_words','',0,1),(330,330,'yst_prominent_words','',0,1),(331,331,'yst_prominent_words','',0,1),(332,332,'yst_prominent_words','',0,1),(333,333,'yst_prominent_words','',0,1),(334,334,'yst_prominent_words','',0,1),(335,335,'yst_prominent_words','',0,2),(336,336,'yst_prominent_words','',0,1),(337,337,'yst_prominent_words','',0,1),(338,338,'yst_prominent_words','',0,1),(339,339,'yst_prominent_words','',0,1),(340,340,'yst_prominent_words','',0,2),(341,341,'yst_prominent_words','',0,1),(342,342,'yst_prominent_words','',0,1),(343,343,'yst_prominent_words','',0,1),(344,344,'yst_prominent_words','',0,18),(345,345,'yst_prominent_words','',0,1),(346,346,'yst_prominent_words','',0,1),(347,347,'yst_prominent_words','',0,1),(348,348,'yst_prominent_words','',0,3),(349,349,'yst_prominent_words','',0,1),(350,350,'yst_prominent_words','',0,12),(351,351,'yst_prominent_words','',0,1),(352,352,'yst_prominent_words','',0,1),(353,353,'yst_prominent_words','',0,1),(354,354,'yst_prominent_words','',0,7),(355,355,'yst_prominent_words','',0,1),(356,356,'yst_prominent_words','',0,1),(357,357,'yst_prominent_words','',0,1),(358,358,'yst_prominent_words','',0,3),(359,359,'yst_prominent_words','',0,1),(360,360,'yst_prominent_words','',0,1),(361,361,'yst_prominent_words','',0,1),(362,362,'yst_prominent_words','',0,0),(363,363,'yst_prominent_words','',0,1),(364,364,'yst_prominent_words','',0,0),(365,365,'yst_prominent_words','',0,1),(366,366,'yst_prominent_words','',0,0),(367,367,'yst_prominent_words','',0,1),(368,368,'yst_prominent_words','',0,0),(369,369,'yst_prominent_words','',0,2),(370,370,'yst_prominent_words','',0,0),(371,371,'yst_prominent_words','',0,1),(372,372,'yst_prominent_words','',0,0),(373,373,'yst_prominent_words','',0,1),(374,374,'yst_prominent_words','',0,0),(375,375,'yst_prominent_words','',0,1),(376,376,'yst_prominent_words','',0,0),(377,377,'yst_prominent_words','',0,1),(378,378,'yst_prominent_words','',0,0),(379,379,'yst_prominent_words','',0,1),(380,380,'yst_prominent_words','',0,0),(381,381,'yst_prominent_words','',0,1),(382,382,'yst_prominent_words','',0,0),(383,383,'yst_prominent_words','',0,1),(384,384,'yst_prominent_words','',0,1),(385,385,'yst_prominent_words','',0,1),(386,386,'yst_prominent_words','',0,1),(387,387,'yst_prominent_words','',0,1),(388,388,'yst_prominent_words','',0,1),(389,389,'yst_prominent_words','',0,1),(390,390,'yst_prominent_words','',0,1),(391,391,'yst_prominent_words','',0,1),(392,392,'yst_prominent_words','',0,1),(393,393,'yst_prominent_words','',0,1),(394,394,'yst_prominent_words','',0,1),(395,395,'yst_prominent_words','',0,1),(396,396,'yst_prominent_words','',0,1),(397,397,'yst_prominent_words','',0,1),(398,398,'yst_prominent_words','',0,1),(399,399,'yst_prominent_words','',0,1),(400,400,'yst_prominent_words','',0,1),(401,401,'yst_prominent_words','',0,1),(402,402,'yst_prominent_words','',0,1),(403,403,'yst_prominent_words','',0,1),(404,404,'yst_prominent_words','',0,2),(405,405,'yst_prominent_words','',0,1),(406,406,'yst_prominent_words','',0,1),(407,407,'yst_prominent_words','',0,1),(408,408,'yst_prominent_words','',0,1),(409,409,'yst_prominent_words','',0,1),(410,410,'yst_prominent_words','',0,1),(411,411,'yst_prominent_words','',0,1),(412,412,'yst_prominent_words','',0,2),(413,413,'yst_prominent_words','',0,1),(414,414,'yst_prominent_words','',0,1),(415,415,'yst_prominent_words','',0,1),(416,416,'yst_prominent_words','',0,1),(417,417,'yst_prominent_words','',0,1),(418,418,'yst_prominent_words','',0,4),(419,419,'yst_prominent_words','',0,1),(420,420,'yst_prominent_words','',0,1),(421,421,'yst_prominent_words','',0,1),(422,422,'yst_prominent_words','',0,1),(423,423,'yst_prominent_words','',0,1),(424,424,'yst_prominent_words','',0,1),(425,425,'yst_prominent_words','',0,1),(426,426,'yst_prominent_words','',0,1),(427,427,'yst_prominent_words','',0,2),(428,428,'yst_prominent_words','',0,1),(429,429,'yst_prominent_words','',0,1),(430,430,'yst_prominent_words','',0,1),(431,431,'yst_prominent_words','',0,1),(432,432,'yst_prominent_words','',0,2),(433,433,'yst_prominent_words','',0,1),(434,434,'yst_prominent_words','',0,2),(435,435,'yst_prominent_words','',0,1),(436,436,'yst_prominent_words','',0,1),(437,437,'yst_prominent_words','',0,1),(438,438,'yst_prominent_words','',0,1),(439,439,'yst_prominent_words','',0,2),(440,440,'yst_prominent_words','',0,1),(441,441,'yst_prominent_words','',0,1),(442,442,'yst_prominent_words','',0,1),(443,443,'yst_prominent_words','',0,1),(444,444,'yst_prominent_words','',0,16),(445,445,'yst_prominent_words','',0,1),(446,446,'yst_prominent_words','',0,1),(447,447,'yst_prominent_words','',0,1),(448,448,'yst_prominent_words','',0,1),(449,449,'yst_prominent_words','',0,1),(450,450,'yst_prominent_words','',0,1),(451,451,'yst_prominent_words','',0,1),(452,452,'yst_prominent_words','',0,1),(453,453,'yst_prominent_words','',0,1),(454,454,'yst_prominent_words','',0,1),(455,455,'yst_prominent_words','',0,1),(456,456,'yst_prominent_words','',0,1),(457,457,'yst_prominent_words','',0,1),(458,458,'yst_prominent_words','',0,1),(459,459,'yst_prominent_words','',0,1),(460,460,'yst_prominent_words','',0,1),(461,461,'yst_prominent_words','',0,1),(462,462,'yst_prominent_words','',0,1),(463,463,'yst_prominent_words','',0,1),(464,464,'yst_prominent_words','',0,1),(465,465,'yst_prominent_words','',0,1),(466,466,'yst_prominent_words','',0,1),(467,467,'yst_prominent_words','',0,1),(468,468,'yst_prominent_words','',0,2),(469,469,'yst_prominent_words','',0,1),(470,470,'yst_prominent_words','',0,1),(471,471,'yst_prominent_words','',0,1),(472,472,'yst_prominent_words','',0,1),(473,473,'yst_prominent_words','',0,1),(474,474,'yst_prominent_words','',0,1),(475,475,'yst_prominent_words','',0,1),(476,476,'yst_prominent_words','',0,1),(477,477,'yst_prominent_words','',0,1),(478,478,'yst_prominent_words','',0,1),(479,479,'yst_prominent_words','',0,1),(480,480,'yst_prominent_words','',0,1),(481,481,'yst_prominent_words','',0,1),(482,482,'yst_prominent_words','',0,1),(483,483,'yst_prominent_words','',0,1),(484,484,'yst_prominent_words','',0,1),(485,485,'yst_prominent_words','',0,1),(486,486,'yst_prominent_words','',0,1),(487,487,'yst_prominent_words','',0,1),(488,488,'yst_prominent_words','',0,1),(489,489,'yst_prominent_words','',0,0),(490,490,'yst_prominent_words','',0,1),(491,491,'yst_prominent_words','',0,0),(492,492,'yst_prominent_words','',0,1),(493,493,'yst_prominent_words','',0,0),(494,494,'yst_prominent_words','',0,1),(495,495,'yst_prominent_words','',0,0),(496,496,'yst_prominent_words','',0,1),(497,497,'yst_prominent_words','',0,1),(498,498,'yst_prominent_words','',0,1),(499,499,'yst_prominent_words','',0,1),(500,500,'yst_prominent_words','',0,1),(501,501,'yst_prominent_words','',0,0),(502,502,'yst_prominent_words','',0,1),(503,503,'yst_prominent_words','',0,0),(504,504,'yst_prominent_words','',0,1),(505,505,'yst_prominent_words','',0,1),(506,506,'yst_prominent_words','',0,1),(507,507,'yst_prominent_words','',0,1),(508,508,'yst_prominent_words','',0,1),(509,509,'yst_prominent_words','',0,1),(510,510,'yst_prominent_words','',0,1),(511,511,'yst_prominent_words','',0,2),(512,512,'yst_prominent_words','',0,1),(513,513,'yst_prominent_words','',0,1),(514,514,'yst_prominent_words','',0,1),(515,515,'yst_prominent_words','',0,1),(516,516,'yst_prominent_words','',0,1),(517,517,'yst_prominent_words','',0,2),(518,518,'yst_prominent_words','',0,2),(519,519,'yst_prominent_words','',0,1),(520,520,'yst_prominent_words','',0,1),(521,521,'yst_prominent_words','',0,1),(522,522,'yst_prominent_words','',0,2),(523,523,'yst_prominent_words','',0,1),(524,524,'yst_prominent_words','',0,1),(525,525,'yst_prominent_words','',0,1),(526,526,'yst_prominent_words','',0,1),(527,527,'yst_prominent_words','',0,1),(528,528,'yst_prominent_words','',0,1),(529,529,'yst_prominent_words','',0,1),(530,530,'yst_prominent_words','',0,1),(531,531,'yst_prominent_words','',0,1),(532,532,'yst_prominent_words','',0,1),(533,533,'yst_prominent_words','',0,1),(534,534,'yst_prominent_words','',0,1),(535,535,'yst_prominent_words','',0,1),(536,536,'yst_prominent_words','',0,1),(537,537,'yst_prominent_words','',0,1),(538,538,'yst_prominent_words','',0,1),(539,539,'yst_prominent_words','',0,1),(540,540,'yst_prominent_words','',0,1),(541,541,'yst_prominent_words','',0,1),(542,542,'yst_prominent_words','',0,1),(543,543,'yst_prominent_words','',0,1),(544,544,'yst_prominent_words','',0,2),(545,545,'yst_prominent_words','',0,2),(546,546,'yst_prominent_words','',0,1),(547,547,'yst_prominent_words','',0,1),(548,548,'yst_prominent_words','',0,1),(549,549,'yst_prominent_words','',0,1),(550,550,'yst_prominent_words','',0,1),(551,551,'yst_prominent_words','',0,1),(552,552,'yst_prominent_words','',0,1),(553,553,'yst_prominent_words','',0,1),(554,554,'yst_prominent_words','',0,1),(555,555,'yst_prominent_words','',0,1),(556,556,'yst_prominent_words','',0,1),(557,557,'yst_prominent_words','',0,1),(558,558,'yst_prominent_words','',0,1),(559,559,'yst_prominent_words','',0,1),(560,560,'yst_prominent_words','',0,1),(561,561,'yst_prominent_words','',0,1),(562,562,'yst_prominent_words','',0,1),(563,563,'yst_prominent_words','',0,1),(564,564,'yst_prominent_words','',0,1),(565,565,'yst_prominent_words','',0,1),(566,566,'yst_prominent_words','',0,1),(567,567,'yst_prominent_words','',0,1),(568,568,'yst_prominent_words','',0,1),(569,569,'yst_prominent_words','',0,1),(570,570,'yst_prominent_words','',0,1),(571,571,'yst_prominent_words','',0,1),(572,572,'yst_prominent_words','',0,1),(573,573,'yst_prominent_words','',0,1),(574,574,'yst_prominent_words','',0,1),(575,575,'yst_prominent_words','',0,1),(576,576,'yst_prominent_words','',0,1),(577,577,'yst_prominent_words','',0,1),(578,578,'yst_prominent_words','',0,1),(579,579,'yst_prominent_words','',0,1),(580,580,'yst_prominent_words','',0,1),(581,581,'yst_prominent_words','',0,1),(582,582,'yst_prominent_words','',0,1),(583,583,'yst_prominent_words','',0,1),(584,584,'yst_prominent_words','',0,2),(585,585,'yst_prominent_words','',0,1),(586,586,'yst_prominent_words','',0,1),(587,587,'yst_prominent_words','',0,1),(588,588,'yst_prominent_words','',0,1),(589,589,'yst_prominent_words','',0,1),(590,590,'yst_prominent_words','',0,2),(591,591,'yst_prominent_words','',0,1),(592,592,'yst_prominent_words','',0,1),(593,593,'yst_prominent_words','',0,2),(594,594,'yst_prominent_words','',0,1),(595,595,'yst_prominent_words','',0,1),(596,596,'yst_prominent_words','',0,1),(597,597,'yst_prominent_words','',0,1),(598,598,'yst_prominent_words','',0,1),(599,599,'yst_prominent_words','',0,1),(600,600,'yst_prominent_words','',0,1),(601,601,'yst_prominent_words','',0,1),(602,602,'yst_prominent_words','',0,1),(603,603,'yst_prominent_words','',0,2),(604,604,'yst_prominent_words','',0,1),(605,605,'yst_prominent_words','',0,1),(606,606,'yst_prominent_words','',0,1),(607,607,'yst_prominent_words','',0,1),(608,608,'yst_prominent_words','',0,1),(609,609,'yst_prominent_words','',0,1),(610,610,'yst_prominent_words','',0,1),(611,611,'yst_prominent_words','',0,1),(612,612,'yst_prominent_words','',0,1),(613,613,'yst_prominent_words','',0,1),(614,614,'yst_prominent_words','',0,1),(615,615,'yst_prominent_words','',0,1),(616,616,'yst_prominent_words','',0,1),(617,617,'yst_prominent_words','',0,1),(618,618,'yst_prominent_words','',0,1),(619,619,'yst_prominent_words','',0,1),(620,620,'yst_prominent_words','',0,1),(621,621,'yst_prominent_words','',0,1),(622,622,'yst_prominent_words','',0,1),(623,623,'yst_prominent_words','',0,1),(624,624,'yst_prominent_words','',0,1),(625,625,'amp_template','Story Template',0,0),(626,626,'amp_validation_error','{\"code\":\"excessive_css\",\"node_attributes\":{\"rel\":\"stylesheet\",\"id\":\"elementor-post-2369-css\",\"href\":\"https:\\/\\/anrclinic.nirazo.me\\/wp-content\\/uploads\\/elementor\\/css\\/post-2369.css?ver=__normalized__\",\"media\":\"all\"},\"node_name\":\"link\",\"type\":\"css_error\"}',0,1),(627,627,'amp_validation_error','{\"code\":\"excessive_css\",\"node_attributes\":{\"rel\":\"stylesheet\",\"id\":\"elementor-global-css\",\"href\":\"https:\\/\\/anrclinic.nirazo.me\\/wp-content\\/uploads\\/elementor\\/css\\/global.css?ver=__normalized__\",\"media\":\"all\"},\"node_name\":\"link\",\"type\":\"css_error\"}',0,0),(628,628,'amp_validation_error','{\"code\":\"excessive_css\",\"node_attributes\":{\"rel\":\"stylesheet\",\"id\":\"elementor-animations-css\",\"href\":\"https:\\/\\/anrclinic.nirazo.me\\/wp-content\\/plugins\\/elementor\\/assets\\/lib\\/animations\\/animations.min.css?ver=__normalized__\",\"media\":\"all\"},\"node_name\":\"link\",\"type\":\"css_error\"}',0,1),(629,629,'amp_validation_error','{\"code\":\"excessive_css\",\"node_attributes\":{\"rel\":\"stylesheet\",\"id\":\"hfe-style-css\",\"href\":\"https:\\/\\/anrclinic.nirazo.me\\/wp-content\\/plugins\\/header-footer-elementor\\/assets\\/css\\/header-footer-elementor.css?ver=__normalized__\",\"media\":\"all\"},\"node_name\":\"link\",\"type\":\"css_error\"}',0,1),(630,630,'amp_validation_error','{\"code\":\"excessive_css\",\"node_attributes\":{\"rel\":\"stylesheet\",\"id\":\"eael-front-end-css\",\"href\":\"https:\\/\\/anrclinic.nirazo.me\\/wp-content\\/plugins\\/essential-addons-for-elementor-lite\\/assets\\/front-end\\/css\\/eael.min.css?ver=__normalized__\",\"media\":\"all\"},\"node_name\":\"link\",\"type\":\"css_error\"}',0,0),(631,631,'amp_validation_error','{\"code\":\"excessive_css\",\"node_attributes\":{\"rel\":\"stylesheet\",\"id\":\"ea-admin-bar-css\",\"href\":\"https:\\/\\/anrclinic.nirazo.me\\/wp-content\\/plugins\\/essential-addons-for-elementor-lite\\/assets\\/admin\\/css\\/admin-bar.css?ver=__normalized__\",\"media\":\"all\"},\"node_name\":\"link\",\"type\":\"css_error\"}',0,1),(632,632,'amp_validation_error','{\"code\":\"excessive_css\",\"node_attributes\":{\"rel\":\"stylesheet\",\"id\":\"psfd_css-css\",\"href\":\"https:\\/\\/anrclinic.nirazo.me\\/wp-content\\/plugins\\/floating-div\\/css\\/psfd.css?ver=__normalized__\",\"media\":\"all\"},\"node_name\":\"link\",\"type\":\"css_error\"}',0,1),(633,633,'amp_validation_error','{\"code\":\"excessive_css\",\"node_attributes\":{\"rel\":\"stylesheet\",\"id\":\"elementor-common-css\",\"href\":\"https:\\/\\/anrclinic.nirazo.me\\/wp-content\\/plugins\\/elementor\\/assets\\/css\\/common.min.css?ver=__normalized__\",\"media\":\"all\"},\"node_name\":\"link\",\"type\":\"css_error\"}',0,1),(634,634,'amp_validation_error','{\"code\":\"excessive_css\",\"node_attributes\":{\"rel\":\"stylesheet\",\"id\":\"elementor-icons-css\",\"href\":\"https:\\/\\/anrclinic.nirazo.me\\/wp-content\\/plugins\\/elementor\\/assets\\/lib\\/eicons\\/css\\/elementor-icons.min.css?ver=__normalized__\",\"media\":\"all\"},\"node_name\":\"link\",\"type\":\"css_error\"}',0,1),(635,635,'amp_validation_error','{\"code\":\"excessive_css\",\"node_attributes\":{\"rel\":\"stylesheet\",\"id\":\"amp-default-css\",\"href\":\"https:\\/\\/anrclinic.nirazo.me\\/wp-content\\/plugins\\/amp\\/assets\\/css\\/amp-default.css?ver=__normalized__\",\"media\":\"all\"},\"node_name\":\"link\",\"type\":\"css_error\"}',0,1),(636,636,'amp_validation_error','{\"code\":\"excessive_css\",\"node_attributes\":{\"id\":\"wp-custom-css\"},\"node_name\":\"style\",\"text\":\"\\n\\t\\t\\t\\/* header css *\\/\\n\\n.main-header-bar{\\n\\tbackground-color:#003a5d;\\n\\tfont-family: FlamaSemicondensed-Bold;\\n}\\n\\n.main-header-menu a, .ast-header-custom-item a{\\n\\tcolor:rgb(97, 180, 228);\\n}\\n\\n.main-header-menu a:hover, .ast-header-custom-item a:hover{\\n\\tcolor:white !important;\\n}\\n\\n.main-header-menu>.menu-item>a:active{\\n\\tcolor:white !important;\\n}\\n\\n.sub-menu a:hover{color:#003a5d !important}\\n\\n.main-header-bar{\\n\\tbox-shadow:rgb(0, 57, 93) 0px 3px 12px 0px;\\n\\tborder-bottom: none;\\n}\\n\\n\\n#menu-item-71{\\n\\tmargin-left:25px;\\n}\\n\\n.header-main-layout-1 .ast-main-header-bar-alignment{margin-left:50px;}\\n\\n\\n\\n\\n\\/* header sticy and fiox content margin *\\/\\n.main-header-bar{\\n\\tposition:fixed;\\n\\twidth:100%;\\n}\\n.site-content{margin-top:60px;}\\n\\n\\n\\n\\n\\n\\/* custom bold setting bb *\\/\\n\\nbb{\\n\\tcolor:#6EC1E4;\\n\\tfont-size:18px;\\n}\\n\\n\\n\\n\\n\\/* contact page form *\\/\\n.nf-form-fields-required{display:none;}\\n.contactpageform label{\\n\\tdisplay:none;\\n}\\n\\n#nf-field-152-wrap > div.nf-field-element > p{margin-bottom:0px !important;}\\n\\n\\n.elementor-1453 .elementor-element.elementor-element-095bf32 .eael-ninja-form .submit-container input[type=button] {\\n    width: 60% !important;\\n    margin-left: 20%;\\n}\\n\\n\\/* make three bullets float right *\\/\\n#nf-field-8-wrap > div.nf-field-element > ul{display:flex;}\\n\\n#nf-field-8-wrap li{margin-right:40px !important;}\\n\\n@media only screen and (max-width: 800px) {\\n  #nf-field-8-wrap > div.nf-field-element > ul{display:block;}\\n}\\n\\n\\n\\n\\n\\n\\n\\n\\/* questionaire form css *\\/\\n.questionnaire .req{\\n\\tborder-color:#003a5d !important;\\n\\tborder: solid 2px !important;\\n}\\n\\t\\n\\n.ninja-forms-req-symbol::after{\\n\\tcontent: \\\"Required\\\" !important;\\n}\\n\\n\\n\\n\\n\\n\\n\\n\\n\\/* custom code for press page *\\/\\n.eael-timeline-post-title{\\n\\tbottom:0px !important;\\n\\tbackground-color:#003a5d;\\n\\tpadding-top:10px;\\n}\\n\\n#presstl .eael-timeline-post-image{\\n\\topacity:.9 !important;\\n\\tbackground-size: contain !important;\\n\\tbackground-position:top !important;\\n\\tbackground-repeat:no-repeat;\\n}\\n\\n\\n\\n\\n\\/* custom footer css*\\/\\n#footerlink a{color:#003a5d;}\\n\\n\\n\\n\\n\\n\\n\\n\\n\\n\\/* landing page custom css*\\/\\n.landingpagesbcontainer{\\n\\ttext-align:center !important;\\n}\\n.landingpagesb {\\n\\tbackground-color:white !important;\\n\\twidth:40% !important;\\n\\tcolor:#003a5d !important;\\n\\t}\\n\\n.landingpageform label{display:none;}\\n\\n\\n\\n\\n\\/* css to remove \'by admin..\' from blog *\\/\\n.entry-meta{display:none;}\\n\\n\\/* remove featured images from press category posts *\\/\\n.category-press .post-thumb-img-content.post-thumb {display:none;}\\n\\n\\/* css remove dates from timlines *\\/\\ntime{display:none;}\\n\\n\\/* make mobile menu take full width *\\/\\n.ast-main-header-bar-alignment{margin-left:unset!important;}\\n\\n\\n\\n\\/* modify mobile cta phone *\\/\\n.exp_floatdiv_content_pro{\\n\\tmargin-right:60px !important;\\n\\twidth:50px !important;\\n\\tbackground:transparent !important;\\n}\\n\\n.exp_floatdiv_content_padding_pro{\\n  margin-top:9px !important;\\n\\tbox-shadow:none !important;\\n}\\n\\n.fa-phone{\\n\\tcolor:white !important;\\n\\tfont-size:22px !important;\\n}\\n.menu-toggle-icon{\\n\\tfont-size: 32px;\\n  line-height: 1px !important;\\n\\tcolor:white !important;\\n}\\n\\n@media only screen and (min-width: 600px) {\\n  .exp_floatdiv_content_pro {display:none !important;}\\n}\\n\\n\\/* remove youtube embed videos titles and icons *\\/\\n.ytp-title{\\n\\tdisplay:none !important;\\n}\\n\\n\\n\\n\\n\\t\\t\",\"type\":\"css_error\"}',0,1),(637,637,'amp_validation_error','{\"code\":\"excessive_css\",\"node_attributes\":{\"class\":\"amp-wp-93b8ea5\"},\"node_name\":\"br\",\"parent_name\":\"body\",\"type\":\"css_error\"}',0,1),(638,638,'amp_validation_error','{\"code\":\"excessive_css\",\"node_attributes\":{\"href\":\"https:\\/\\/anrclinic.nirazo.me\\/questionnaire\\/\",\"class\":\"amp-wp-96feb2f\"},\"node_name\":\"a\",\"parent_name\":\"p\",\"type\":\"css_error\"}',0,0),(639,639,'amp_validation_error','{\"code\":\"excessive_css\",\"node_attributes\":{\"id\":\"floatdiv_1913\",\"class\":\"exp_floatdiv_content_pro     psfd_width_260px amp-wp-af19288\"},\"node_name\":\"div\",\"parent_name\":\"div\",\"type\":\"css_error\"}',0,1),(640,640,'amp_validation_error','{\"code\":\"excessive_css\",\"node_attributes\":{\"src\":\"https:\\/\\/www.googletagmanager.com\\/ns.html?id=GTM-5CWTCC9\",\"height\":\"0\",\"width\":\"0\",\"class\":\"amp-wp-b3bfe1b\"},\"node_name\":\"iframe\",\"parent_name\":\"noscript\",\"type\":\"css_error\"}',0,1),(641,641,'amp_validation_error','{\"code\":\"excessive_css\",\"node_attributes\":{\"type\":\"text\\/css\"},\"node_name\":\"style\",\"text\":\"\\n\\t\\t\\t\\t\\t@font-face { font-family:FlamaCondensed-Semibold.otf;src:url(https:\\/\\/anrclinic.nirazo.me\\/wp-content\\/uploads\\/2019\\/12\\/FlamaCondensed-Semibold.otf) format(\'opentype\');font-display: auto;}@font-face { font-family:FlamaSemicondensed-Basic;src:url(https:\\/\\/anrclinic.nirazo.me\\/wp-content\\/uploads\\/2019\\/12\\/FlamaSemicondensed-Basic.otf) format(\'opentype\');font-display: auto;}@font-face { font-family:FlamaSemicondensed-Bold;src:url(https:\\/\\/anrclinic.nirazo.me\\/wp-content\\/uploads\\/2019\\/12\\/FlamaSemicondensed-Bold.otf) format(\'opentype\');font-display: auto;}\\t\\t\\t\\t\",\"type\":\"css_error\"}',0,2),(642,642,'amp_validation_error','{\"code\":\"excessive_css\",\"node_attributes\":{\"id\":\"astra-theme-css-inline-css\"},\"node_name\":\"style\",\"text\":\"\\nhtml{font-size:93.75%;}a,.page-title{color:#0274be;}a:hover,a:focus{color:#3a3a3a;}body,button,input,select,textarea{font-family:FlamaSemicondensed-Basic;font-weight:400;font-size:15px;font-size:1rem;}blockquote{color:#000000;}h1,.entry-content h1,h2,.entry-content h2,h3,.entry-content h3,h4,.entry-content h4,h5,.entry-content h5,h6,.entry-content h6,.site-title,.site-title a{font-family:FlamaSemicondensed-Basic;font-weight:400;}.site-title{font-size:35px;font-size:2.3333333333333rem;}header .site-logo-img .custom-logo-link img{max-width:100px;}.astra-logo-svg{width:100px;}.ast-archive-description .ast-archive-title{font-size:40px;font-size:2.6666666666667rem;}.site-header .site-description{font-size:15px;font-size:1rem;}.entry-title{font-size:40px;font-size:2.6666666666667rem;}.comment-reply-title{font-size:24px;font-size:1.6rem;}.ast-comment-list #cancel-comment-reply-link{font-size:15px;font-size:1rem;}h1,.entry-content h1{font-size:40px;font-size:2.6666666666667rem;}h2,.entry-content h2{font-size:30px;font-size:2rem;}h3,.entry-content h3{font-size:25px;font-size:1.6666666666667rem;}h4,.entry-content h4{font-size:20px;font-size:1.3333333333333rem;}h5,.entry-content h5{font-size:18px;font-size:1.2rem;}h6,.entry-content h6{font-size:15px;font-size:1rem;}.ast-single-post .entry-title,.page-title{font-size:30px;font-size:2rem;}#secondary,#secondary button,#secondary input,#secondary select,#secondary textarea{font-size:15px;font-size:1rem;}::selection{background-color:#0274be;color:#ffffff;}body,h1,.entry-title a,.entry-content h1,h2,.entry-content h2,h3,.entry-content h3,h4,.entry-content h4,h5,.entry-content h5,h6,.entry-content h6,.wc-block-grid__product-title{color:#3a3a3a;}.tagcloud a:hover,.tagcloud a:focus,.tagcloud a.current-item{color:#ffffff;border-color:#0274be;background-color:#0274be;}.main-header-menu a,.ast-header-custom-item a{color:#3a3a3a;}.main-header-menu li:hover > a,.main-header-menu li:hover > .ast-menu-toggle,.main-header-menu .ast-masthead-custom-menu-items a:hover,.main-header-menu li.focus > a,.main-header-menu li.focus > .ast-menu-toggle,.main-header-menu .current-menu-item > a,.main-header-menu .current-menu-ancestor > a,.main-header-menu .current_page_item > a,.main-header-menu .current-menu-item > .ast-menu-toggle,.main-header-menu .current-menu-ancestor > .ast-menu-toggle,.main-header-menu .current_page_item > .ast-menu-toggle{color:#0274be;}input:focus,input[type=\\\"text\\\"]:focus,input[type=\\\"email\\\"]:focus,input[type=\\\"url\\\"]:focus,input[type=\\\"password\\\"]:focus,input[type=\\\"reset\\\"]:focus,input[type=\\\"search\\\"]:focus,textarea:focus{border-color:#0274be;}input[type=\\\"radio\\\"]:checked,input[type=reset],input[type=\\\"checkbox\\\"]:checked,input[type=\\\"checkbox\\\"]:hover:checked,input[type=\\\"checkbox\\\"]:focus:checked,input[type=range]::-webkit-slider-thumb{border-color:#0274be;background-color:#0274be;box-shadow:none;}.site-footer a:hover + .post-count,.site-footer a:focus + .post-count{background:#0274be;border-color:#0274be;}.footer-adv .footer-adv-overlay{border-top-style:solid;border-top-color:#7a7a7a;}.ast-comment-meta{line-height:1.666666667;font-size:12px;font-size:0.8rem;}.single .nav-links .nav-previous,.single .nav-links .nav-next,.single .ast-author-details .author-title,.ast-comment-meta{color:#0274be;}.menu-toggle,button,.ast-button,.button,input#submit,input[type=\\\"button\\\"],input[type=\\\"submit\\\"],input[type=\\\"reset\\\"]{border-radius:2px;padding:10px 40px;color:#ffffff;border-color:#0274be;background-color:#0274be;}button:focus,.menu-toggle:hover,button:hover,.ast-button:hover,.button:hover,input[type=reset]:hover,input[type=reset]:focus,input#submit:hover,input#submit:focus,input[type=\\\"button\\\"]:hover,input[type=\\\"button\\\"]:focus,input[type=\\\"submit\\\"]:hover,input[type=\\\"submit\\\"]:focus{color:#ffffff;border-color:#3a3a3a;background-color:#3a3a3a;}.entry-meta,.entry-meta *{line-height:1.45;color:#0274be;}.entry-meta a:hover,.entry-meta a:hover *,.entry-meta a:focus,.entry-meta a:focus *{color:#3a3a3a;}.ast-404-layout-1 .ast-404-text{font-size:200px;font-size:13.333333333333rem;}.widget-title{font-size:21px;font-size:1.4rem;color:#3a3a3a;}#cat option,.secondary .calendar_wrap thead a,.secondary .calendar_wrap thead a:visited{color:#0274be;}.secondary .calendar_wrap #today,.ast-progress-val span{background:#0274be;}.secondary a:hover + .post-count,.secondary a:focus + .post-count{background:#0274be;border-color:#0274be;}.calendar_wrap #today > a{color:#ffffff;}.ast-pagination a,.page-links .page-link,.single .post-navigation a{color:#0274be;}.ast-pagination a:hover,.ast-pagination a:focus,.ast-pagination > span:hover:not(.dots),.ast-pagination > span.current,.page-links > .page-link,.page-links .page-link:hover,.post-navigation a:hover{color:#3a3a3a;}.ast-header-break-point .ast-mobile-menu-buttons-minimal.menu-toggle{background:transparent;color:#0274be;}.ast-header-break-point .ast-mobile-menu-buttons-outline.menu-toggle{background:transparent;border:1px solid #0274be;color:#0274be;}.ast-header-break-point .ast-mobile-menu-buttons-fill.menu-toggle{background:#0274be;}@media (min-width:545px){.ast-page-builder-template .comments-area,.single.ast-page-builder-template .entry-header,.single.ast-page-builder-template .post-navigation{max-width:1240px;margin-left:auto;margin-right:auto;}}@media (max-width:768px){.ast-archive-description .ast-archive-title{font-size:40px;}.entry-title{font-size:30px;}h1,.entry-content h1{font-size:30px;}h2,.entry-content h2{font-size:25px;}h3,.entry-content h3{font-size:20px;}.ast-single-post .entry-title,.page-title{font-size:30px;}}@media (max-width:544px){.ast-archive-description .ast-archive-title{font-size:40px;}.entry-title{font-size:30px;}h1,.entry-content h1{font-size:30px;}h2,.entry-content h2{font-size:25px;}h3,.entry-content h3{font-size:20px;}.ast-single-post .entry-title,.page-title{font-size:30px;}}@media (max-width:768px){html{font-size:85.5%;}}@media (max-width:544px){html{font-size:85.5%;}}@media (min-width:769px){.ast-container{max-width:1240px;}}@font-face {font-family: \\\"Astra\\\";src: url( https:\\/\\/anrclinic.nirazo.me\\/wp-content\\/themes\\/astra\\/assets\\/fonts\\/astra.woff) format(\\\"woff\\\"),url( https:\\/\\/anrclinic.nirazo.me\\/wp-content\\/themes\\/astra\\/assets\\/fonts\\/astra.ttf) format(\\\"truetype\\\"),url( https:\\/\\/anrclinic.nirazo.me\\/wp-content\\/themes\\/astra\\/assets\\/fonts\\/astra.svg#astra) format(\\\"svg\\\");font-weight: normal;font-style: normal;font-display: fallback;}@media (max-width:921px) {.main-header-bar .main-header-bar-navigation{display:none;}}.ast-desktop .main-header-menu.submenu-with-border .sub-menu,.ast-desktop .main-header-menu.submenu-with-border .children,.ast-desktop .main-header-menu.submenu-with-border .astra-full-megamenu-wrapper{border-color:#0274be;}.ast-desktop .main-header-menu.submenu-with-border .sub-menu,.ast-desktop .main-header-menu.submenu-with-border .children{border-top-width:2px;border-right-width:0px;border-left-width:0px;border-bottom-width:0px;border-style:solid;}.ast-desktop .main-header-menu.submenu-with-border .sub-menu .sub-menu,.ast-desktop .main-header-menu.submenu-with-border .children .children{top:-2px;}.ast-desktop .main-header-menu.submenu-with-border .sub-menu a,.ast-desktop .main-header-menu.submenu-with-border .children a{border-bottom-width:0px;border-style:solid;border-color:#eaeaea;}@media (min-width:769px){.main-header-menu .sub-menu li.ast-left-align-sub-menu:hover > ul,.main-header-menu .sub-menu li.ast-left-align-sub-menu.focus > ul{margin-left:-0px;}}@media (max-width:920px){.ast-404-layout-1 .ast-404-text{font-size:100px;font-size:6.6666666666667rem;}}.ast-breadcrumbs .trail-browse,.ast-breadcrumbs .trail-items,.ast-breadcrumbs .trail-items li{display:inline-block;margin:0;padding:0;border:none;background:inherit;text-indent:0;}.ast-breadcrumbs .trail-browse{font-size:inherit;font-style:inherit;font-weight:inherit;color:inherit;}.ast-breadcrumbs .trail-items{list-style:none;}.trail-items li::after{padding:0 0.3em;content:\\\"\\u00bb\\\";}.trail-items li:last-of-type::after{display:none;}@media (max-width:921px){.ast-mobile-menu-buttons{text-align:right;-js-display:flex;display:flex;-webkit-box-pack:end;-webkit-justify-content:flex-end;-moz-box-pack:end;-ms-flex-pack:end;justify-content:flex-end;-webkit-align-self:center;-ms-flex-item-align:center;align-self:center;}.site-header .main-header-bar-wrap .site-branding{display:flex;-webkit-box-flex:1;-webkit-flex:1;-moz-box-flex:1;-ms-flex:1;flex:1;-webkit-align-self:center;-ms-flex-item-align:center;align-self:center;}.ast-main-header-bar-alignment.toggle-on .main-header-bar-navigation{display:block;}.main-navigation{display:block;width:100%;}.main-header-menu > .menu-item > a{padding:0 20px;display:inline-block;width:100%;border-bottom-width:1px;border-style:solid;border-color:#eaeaea;}.ast-main-header-bar-alignment.toggle-on{display:block;width:100%;-webkit-box-flex:1;-webkit-flex:auto;-moz-box-flex:1;-ms-flex:auto;flex:auto;-webkit-box-ordinal-group:5;-webkit-order:4;-moz-box-ordinal-group:5;-ms-flex-order:4;order:4;}.main-header-menu .menu-item{width:100%;text-align:left;border-top:0;}.header-main-layout-1 .main-navigation{padding:0;}.main-header-bar-navigation{width:calc( 100% + 40px);margin:0 -20px;}.main-header-bar .main-header-bar-navigation .main-header-menu{border-top-width:1px;border-style:solid;border-color:#eaeaea;}.main-header-bar .main-header-bar-navigation .page_item_has_children > .ast-menu-toggle, .main-header-bar .main-header-bar-navigation .menu-item-has-children > .ast-menu-toggle{display:inline-block;position:absolute;font-size:inherit;top:-1px;right:20px;cursor:pointer;-webkit-font-smoothing:antialiased;-moz-osx-font-smoothing:grayscale;padding:0 0.907em;font-weight:normal;line-height:inherit;-webkit-transition:all .2s;transition:all .2s;}.main-header-bar-navigation .menu-item-has-children > a:after{content:none;}.main-header-bar .main-header-bar-navigation .page_item_has_children > .ast-menu-toggle::before, .main-header-bar .main-header-bar-navigation .menu-item-has-children > .ast-menu-toggle::before{font-weight:bold;content:\\\"\\\\e900\\\";font-family:Astra;text-decoration:inherit;display:inline-block;}.ast-button-wrap .menu-toggle.toggled .menu-toggle-icon:before{content:5cd;}}@media (max-width:921px){.ast-amp .ast-mobile-menu-buttons{text-align:right;display:flex;-webkit-box-pack:end;-webkit-justify-content:flex-end;-moz-box-pack:end;-ms-flex-pack:end;justify-content:flex-end;}.ast-theme.ast-header-custom-item-outside .main-header-bar .ast-search-icon{margin-right:1em;}.ast-theme.ast-header-custom-item-inside .main-header-bar .main-header-bar-navigation .ast-search-icon{display:none;}.ast-theme.ast-header-custom-item-inside .main-header-bar .ast-search-menu-icon .search-field, .ast-theme.ast-header-custom-item-inside .main-header-bar .ast-search-menu-icon.ast-inline-search .search-field{width:100%;padding-right:5.5em;}.ast-theme.ast-header-custom-item-inside .main-header-bar .ast-search-menu-icon .search-submit{display:block;position:absolute;height:100%;top:0;right:0;padding:0 1em;border-radius:0;}.ast-theme.ast-header-custom-item-inside .main-header-bar .ast-search-menu-icon .search-form{visibility:visible;opacity:1;position:relative;right:auto;top:auto;transform:none;}.ast-amp .entry-content .alignwide{margin-left:auto;margin-right:auto;}.ast-amp .main-navigation{display:block;width:100%;}.ast-amp .main-navigation ul li a, .ast-amp .main-navigation ul .button-custom-menu-item a{padding:0 20px;display:inline-block;width:100%;border-bottom-width:1px;border-style:solid;border-color:#eaeaea;}.ast-amp .main-navigation ul.children li a, .ast-amp .main-navigation ul.sub-menu li a{padding-left:30px;}.ast-amp .main-navigation ul.children li a:before, .ast-amp .main-navigation ul.sub-menu li a:before{content:\\\"\\ue900\\\";font-family:\\\"Astra\\\";font-size:0.65em;text-decoration:inherit;display:inline-block;transform:translate(0, -2px) rotateZ(270deg);margin-right:5px;}.ast-amp .main-navigation ul.children li li a, .ast-amp .main-navigation ul.sub-menu li li a{padding-left:40px;}.ast-amp .main-navigation ul.children li li li li a, .ast-amp .main-navigation ul.sub-menu li li li li a{padding-left:60px;}.ast-amp .ast-header-custom-item{border-top:1px solid #eaeaea;}.ast-amp .main-header-menu{background-color:#f9f9f9;}.ast-amp .main-header-menu ul{background-color:#f9f9f9;position:static;opacity:1;visibility:visible;border:0;width:auto;}.ast-amp .main-header-menu ul li.ast-left-align-sub-menu:hover > ul, .ast-amp .main-header-menu ul li.ast-left-align-sub-menu.focus > ul{left:0;}.ast-amp .main-header-menu li.ast-sub-menu-goes-outside:hover > ul, .ast-amp .main-header-menu li.ast-sub-menu-goes-outside.focus > ul{left:0;}.ast-amp .submenu-with-border .sub-menu{border:0;}.ast-amp .user-select{clear:both;}.ast-amp .main-header-bar-navigation{width:calc(100% + 40px );margin:0 -20px;}.ast-amp .ast-main-header-bar-alignment{display:block;width:100%;-webkit-box-flex:1;-webkit-flex:auto;-moz-box-flex:1;-ms-flex:auto;flex:auto;-webkit-box-ordinal-group:5;-webkit-order:4;-moz-box-ordinal-group:5;-ms-flex-order:4;order:4;}.ast-amp .ast-mobile-header-stack .site-description{text-align:center;}.ast-amp .ast-mobile-header-stack.ast-logo-title-inline .site-description{text-align:left;}.ast-theme.ast-header-custom-item-outside .ast-primary-menu-disabled .ast-mobile-menu-buttons{display:none;}.ast-amp .ast-hide-custom-menu-mobile .ast-masthead-custom-menu-items{display:none;}.ast-amp .ast-mobile-header-inline .site-branding{text-align:left;padding-bottom:0;}.ast-amp .ast-mobile-header-inline.header-main-layout-3 .site-branding{text-align:right;}.ast-amp .site-header .main-header-bar-wrap .site-branding{-js-display:flex;display:flex;-webkit-box-flex:1;-webkit-flex:1;-moz-box-flex:1;-ms-flex:1;flex:1;-webkit-align-self:center;-ms-flex-item-align:center;align-self:center;}.ast-amp ul li.ast-masthead-custom-menu-items a{padding:0;width:auto;display:initial;}.ast-amp li.ast-masthead-custom-menu-items{padding-left:20px;padding-right:20px;margin-bottom:1em;margin-top:1em;}.ast-amp .ast-site-identity{width:100%;}.ast-amp .main-header-bar-navigation .page_item_has_children > a:after, .ast-amp .main-header-bar-navigation .menu-item-has-children > a:after{display:none;}.ast-amp .main-header-bar{border:0;}.ast-main-header-bar-alignment .main-header-bar-navigation{line-height:3;display:none;}.ast-amp .main-header-bar .toggled-on .main-header-bar-navigation{line-height:3;display:none;}.ast-amp .main-header-bar .main-header-bar-navigation .children, .ast-amp .main-header-bar .main-header-bar-navigation .sub-menu{line-height:3;}.ast-amp .main-header-bar .main-header-bar-navigation .page_item_has_children .sub-menu, .ast-amp .main-header-bar .main-header-bar-navigation .menu-item-has-children .sub-menu{display:none;}.ast-amp .main-header-bar .main-header-bar-navigation .menu-item-has-children .dropdown-open+ul.sub-menu{display:block;}.ast-amp .main-header-bar .main-header-bar-navigation .page_item_has_children > .ast-menu-toggle, .ast-amp .main-header-bar .main-header-bar-navigation .menu-item-has-children > .ast-menu-toggle{display:inline-block;position:absolute;font-size:inherit;top:-1px;right:20px;cursor:pointer;webkit-font-smoothing:antialiased;moz-osx-font-smoothing:grayscale;padding:0 0.907em;font-weight:normal;line-height:inherit;transition:all 0.2s;}.ast-amp .main-header-bar .main-header-bar-navigation .page_item_has_children > .ast-menu-toggle::before, .ast-amp .main-header-bar .main-header-bar-navigation .menu-item-has-children > .ast-menu-toggle::before{font-weight:bold;content:\\\"\\ue900\\\";font-family:\\\"Astra\\\";text-decoration:inherit;display:inline-block;}.ast-amp .main-header-bar .main-header-bar-navigation .ast-submenu-expanded > .ast-menu-toggle::before{-webkit-transform:rotateX(180deg);transform:rotateX(180deg);}.ast-amp .main-header-bar .main-header-bar-navigation .main-header-menu{border-top-width:1px;border-style:solid;border-color:#eaeaea;}.ast-theme.ast-header-custom-item-inside .ast-search-menu-icon{position:relative;display:block;right:auto;visibility:visible;opacity:1;-webkit-transform:none;-ms-transform:none;transform:none;}.ast-amp .main-navigation ul > li:first-child{border-top:0;}.ast-amp .main-navigation ul ul{left:auto;right:auto;}.ast-amp .main-navigation li{width:100%;}.ast-amp .main-navigation .widget{margin-bottom:1em;}.ast-amp .main-navigation .widget li{width:auto;}.ast-amp .main-navigation .widget:last-child{margin-bottom:0;}.ast-amp .main-header-menu ul ul{top:0;}.ast-amp .ast-has-mobile-header-logo .custom-logo-link, .ast-amp .ast-has-mobile-header-logo .astra-logo-svg{display:none;}.ast-amp .ast-has-mobile-header-logo .custom-mobile-logo-link{display:inline-block;}.ast-theme.ast-mobile-inherit-site-logo .ast-has-mobile-header-logo .custom-logo-link, .ast-theme.ast-mobile-inherit-site-logo .ast-has-mobile-header-logo .astra-logo-svg{display:block;}.ast-theme.ast-header-custom-item-outside .ast-mobile-menu-buttons{-webkit-box-ordinal-group:3;-webkit-order:2;-moz-box-ordinal-group:3;-ms-flex-order:2;order:2;}.ast-theme.ast-header-custom-item-outside .main-header-bar-navigation{-webkit-box-ordinal-group:4;-webkit-order:3;-moz-box-ordinal-group:4;-ms-flex-order:3;order:3;}.ast-theme.ast-header-custom-item-outside .ast-masthead-custom-menu-items{-webkit-box-ordinal-group:2;-webkit-order:1;-moz-box-ordinal-group:2;-ms-flex-order:1;order:1;}.ast-theme.ast-header-custom-item-outside .header-main-layout-2 .ast-masthead-custom-menu-items{text-align:center;}.ast-theme.ast-header-custom-item-outside .ast-mobile-header-inline .site-branding, .ast-theme.ast-header-custom-item-outside .ast-mobile-header-inline .ast-mobile-menu-buttons{-js-display:flex;display:flex;}.ast-theme.ast-header-custom-item-outside.ast-header-custom-item-outside .header-main-layout-2 .ast-mobile-menu-buttons{padding-bottom:0;}.ast-theme.ast-header-custom-item-outside .ast-mobile-header-inline .ast-site-identity{width:100%;}.ast-theme.ast-header-custom-item-outside .ast-mobile-header-inline.header-main-layout-3 .ast-site-identity{width:auto;}.ast-theme.ast-header-custom-item-outside .ast-mobile-header-inline.header-main-layout-2 .site-branding{-webkit-box-flex:1;-webkit-flex:1 1 auto;-moz-box-flex:1;-ms-flex:1 1 auto;flex:1 1 auto;}.ast-theme.ast-header-custom-item-outside .ast-mobile-header-inline .site-branding{text-align:left;}.ast-theme.ast-header-custom-item-outside .ast-mobile-header-inline .site-title{-webkit-box-pack:left;-webkit-justify-content:left;-moz-box-pack:left;-ms-flex-pack:left;justify-content:left;}.ast-theme.ast-header-custom-item-outside .header-main-layout-2 .ast-mobile-menu-buttons{padding-bottom:1em;}.ast-amp .ast-mobile-header-stack .main-header-container, .ast-amp .ast-mobile-header-inline .main-header-container{-js-display:flex;display:flex;}.ast-amp .header-main-layout-1 .site-branding{padding-right:1em;}.ast-amp .header-main-layout-1 .main-header-bar-navigation{text-align:left;}.ast-amp .header-main-layout-1 .main-navigation{padding-left:0;}.ast-amp .ast-mobile-header-stack .ast-masthead-custom-menu-items{-webkit-box-flex:1;-webkit-flex:1 1 100%;-moz-box-flex:1;-ms-flex:1 1 100%;flex:1 1 100%;}.ast-amp .ast-mobile-header-stack .site-branding{padding-left:0;padding-right:0;padding-bottom:1em;-webkit-box-flex:1;-webkit-flex:1 1 100%;-moz-box-flex:1;-ms-flex:1 1 100%;flex:1 1 100%;}.ast-amp .ast-mobile-header-stack .ast-masthead-custom-menu-items, .ast-amp .ast-mobile-header-stack .site-branding, .ast-amp .ast-mobile-header-stack .site-title, .ast-amp .ast-mobile-header-stack .ast-site-identity{-webkit-box-pack:center;-webkit-justify-content:center;-moz-box-pack:center;-ms-flex-pack:center;justify-content:center;text-align:center;}.ast-amp .ast-mobile-header-stack.ast-logo-title-inline .site-title{text-align:left;}.ast-amp .ast-mobile-header-stack .ast-mobile-menu-buttons{flex:1 1 100%;text-align:center;-webkit-box-pack:center;-webkit-justify-content:center;-moz-box-pack:center;-ms-flex-pack:center;justify-content:center;}.ast-amp .ast-mobile-header-stack.header-main-layout-3 .main-header-container{flex-direction:initial;}.ast-amp .header-main-layout-2 .ast-mobile-menu-buttons{display:flex;-webkit-box-pack:center;-webkit-justify-content:center;-moz-box-pack:center;-ms-flex-pack:center;justify-content:center;}.ast-amp .header-main-layout-2 .main-header-bar-navigation, .ast-amp .header-main-layout-2 .widget{text-align:left;}.ast-theme.ast-header-custom-item-outside .header-main-layout-3 .main-header-bar .ast-search-icon{margin-right:auto;margin-left:1em;}.ast-amp .header-main-layout-3 .main-header-bar .ast-search-menu-icon.slide-search .search-form{right:auto;left:0;}.ast-amp .header-main-layout-3.ast-mobile-header-inline .ast-mobile-menu-buttons{-webkit-box-pack:start;-webkit-justify-content:flex-start;-moz-box-pack:start;-ms-flex-pack:start;justify-content:flex-start;}.ast-amp .header-main-layout-3 li .ast-search-menu-icon{left:0;}.ast-amp .header-main-layout-3 .site-branding{padding-left:1em;-webkit-box-pack:end;-webkit-justify-content:flex-end;-moz-box-pack:end;-ms-flex-pack:end;justify-content:flex-end;}.ast-amp .header-main-layout-3 .main-navigation{padding-right:0;}.ast-amp .ast-header-widget-area .widget{margin:0.5em 0;display:block;}.ast-amp .nav-fallback-text{float:none;}.ast-amp .site-header{border-bottom-color:#eaeaea;border-bottom-style:solid;}.ast-amp .ast-header-custom-item .ast-masthead-custom-menu-items{padding-left:20px;padding-right:20px;margin-bottom:1em;margin-top:1em;}.ast-amp .ast-header-custom-item .widget:last-child{margin-bottom:1em;}.ast-header-custom-item-inside.ast-amp .button-custom-menu-item .menu-link{display:block;}.ast-header-custom-item-inside.ast-amp .button-custom-menu-item{padding-left:0;padding-right:0;margin-top:0;margin-bottom:0;}.ast-header-custom-item-inside.ast-amp .button-custom-menu-item .ast-custom-button-link{display:none;}.ast-amp .woocommerce-custom-menu-item .ast-cart-menu-wrap{width:2em;height:2em;font-size:1.4em;line-height:2;vertical-align:middle;text-align:right;}.ast-amp .main-header-menu .woocommerce-custom-menu-item .ast-cart-menu-wrap{height:3em;line-height:3;text-align:left;}.ast-amp #ast-site-header-cart .widget_shopping_cart{display:none;}.ast-theme.ast-woocommerce-cart-menu .ast-site-header-cart{order:initial;line-height:3;padding:0 1em 1em 0;}.ast-theme.ast-woocommerce-cart-menu .header-main-layout-3 .ast-site-header-cart{padding:0 0 1em 1em;}.ast-theme.ast-woocommerce-cart-menu.ast-header-custom-item-outside .ast-site-header-cart{padding:0;}.ast-amp .ast-masthead-custom-menu-items.woocommerce-custom-menu-item{margin-bottom:0;margin-top:0;}.ast-amp .ast-masthead-custom-menu-items.woocommerce-custom-menu-item .ast-site-header-cart{padding:0;}.ast-amp .ast-masthead-custom-menu-items.woocommerce-custom-menu-item .ast-site-header-cart a{border:none;display:inline-block;}.ast-amp .ast-edd-site-header-cart .widget_edd_cart_widget, .ast-amp .ast-edd-site-header-cart .ast-edd-header-cart-info-wrap{display:none;}.ast-amp div.ast-masthead-custom-menu-items.edd-custom-menu-item{padding:0;}.ast-theme.ast-header-custom-item-outside .ast-mobile-header-stack .main-header-bar .ast-search-icon{margin:0;}.ast-amp .main-header-bar .ast-search-menu-icon.slide-search .search-form{right:0;}.ast-amp .ast-mobile-header-stack .main-header-bar .ast-search-menu-icon.slide-search .search-form{right:-1em;}.ast-safari-browser-less-than-11.ast-woocommerce-cart-menu.ast-header-break-point .header-main-layout-2 .main-header-container{display:flex;}.ast-amp .ast-mobile-header-stack .site-branding, .ast-amp .ast-mobile-header-stack .ast-mobile-menu-buttons{-webkit-box-pack:center;-webkit-justify-content:center;-moz-box-pack:center;-ms-flex-pack:center;justify-content:center;text-align:center;padding-bottom:0;}.ast-amp .main-header-menu .sub-menu{box-shadow:none;}.ast-amp .submenu-with-border .sub-menu a{border-width:1px;}.ast-amp .submenu-with-border .sub-menu > li:last-child > a{border-width:1px;}}@media (min-width:768px){.ast-amp .footer-sml-layout-2 .ast-small-footer-section-2{margin-top:1em;}}@media (min-width:544px){.ast-theme.ast-woocommerce-cart-menu .header-main-layout-1.ast-mobile-header-stack.ast-no-menu-items .ast-site-header-cart, .ast-theme.ast-woocommerce-cart-menu .header-main-layout-3.ast-mobile-header-stack.ast-no-menu-items .ast-site-header-cart{padding-right:0;padding-left:0;}.ast-theme.ast-woocommerce-cart-menu .header-main-layout-1.ast-mobile-header-stack .main-header-bar, .ast-theme.ast-woocommerce-cart-menu .header-main-layout-3.ast-mobile-header-stack .main-header-bar{text-align:center;}.ast-theme.ast-woocommerce-cart-menu .header-main-layout-1.ast-mobile-header-stack .ast-site-header-cart, .ast-theme.ast-woocommerce-cart-menu .header-main-layout-3.ast-mobile-header-stack .ast-site-header-cart{display:inline-block;}.ast-theme.ast-woocommerce-cart-menu .header-main-layout-1.ast-mobile-header-stack .ast-mobile-menu-buttons, .ast-theme.ast-woocommerce-cart-menu .header-main-layout-3.ast-mobile-header-stack .ast-mobile-menu-buttons{display:inline-block;}.ast-theme.ast-woocommerce-cart-menu .header-main-layout-2.ast-mobile-header-inline .site-branding{flex:auto;}.ast-theme.ast-woocommerce-cart-menu .header-main-layout-3.ast-mobile-header-stack .site-branding{flex:0 0 100%;}.ast-theme.ast-woocommerce-cart-menu .header-main-layout-3.ast-mobile-header-stack .main-header-container{display:flex;-webkit-box-pack:center;-webkit-justify-content:center;-moz-box-pack:center;-ms-flex-pack:center;justify-content:center;}.ast-amp .ast-mobile-header-stack .ast-mobile-menu-buttons{padding-top:0.8em;}.ast-amp .ast-mobile-header-stack .site-branding, .ast-amp .ast-mobile-header-stack .ast-mobile-menu-buttons{-webkit-box-pack:center;-webkit-justify-content:center;-moz-box-pack:center;-ms-flex-pack:center;justify-content:center;}.ast-amp .ast-mobile-header-stack .main-header-bar-wrap .site-branding{-webkit-box-flex:1;-webkit-flex:1 1 auto;-moz-box-flex:1;-ms-flex:1 1 auto;flex:1 1 auto;}.ast-amp .ast-mobile-header-stack.header-main-layout-2 .ast-mobile-menu-buttons{padding-top:0.8em;}.ast-amp .ast-mobile-header-stack.header-main-layout-1 .site-branding{padding-bottom:0;}.ast-header-custom-item-outside.ast-amp .ast-mobile-header-stack .ast-masthead-custom-menu-items{padding:0.8em 1em 0 1em;text-align:center;width:100%;}.ast-header-custom-item-outside.ast-amp .ast-mobile-header-stack.header-main-layout-3 .ast-mobile-menu-buttons, .ast-header-custom-item-outside.ast-amp .ast-mobile-header-stack.header-main-layout-3 .ast-masthead-custom-menu-items{padding-top:0.8em;}.ast-amp .footer-sml-layout-2 .ast-small-footer-section-2{margin-top:1em;}}.ast-header-break-point .site-header{border-bottom-width:1px;}@media (min-width:769px){.main-header-bar{border-bottom-width:1px;}}.ast-safari-browser-less-than-11 .main-header-menu .menu-item, .ast-safari-browser-less-than-11 .main-header-bar .ast-masthead-custom-menu-items{display:block;}.main-header-menu .menu-item, .main-header-bar .ast-masthead-custom-menu-items{-js-display:flex;display:flex;-webkit-box-pack:center;-webkit-justify-content:center;-moz-box-pack:center;-ms-flex-pack:center;justify-content:center;-webkit-box-orient:vertical;-webkit-box-direction:normal;-webkit-flex-direction:column;-moz-box-orient:vertical;-moz-box-direction:normal;-ms-flex-direction:column;flex-direction:column;}.main-header-menu > .menu-item > a{height:100%;-webkit-box-align:center;-webkit-align-items:center;-moz-box-align:center;-ms-flex-align:center;align-items:center;-js-display:flex;display:flex;}.ast-primary-menu-disabled .main-header-bar .ast-masthead-custom-menu-items{flex:unset;}\\n\",\"type\":\"css_error\"}',0,2),(643,643,'amp_validation_error','{\"code\":\"excessive_css\",\"node_attributes\":{\"class\":\"exp_floatdiv_content_padding_pro amp-wp-1f6a3c3\"},\"node_name\":\"div\",\"parent_name\":\"div\",\"type\":\"css_error\"}',0,2),(644,644,'amp_validation_error','{\"code\":\"excessive_css\",\"node_attributes\":{\"media\":\"print\"},\"node_name\":\"style\",\"text\":\"#wpadminbar { display:none; }\",\"type\":\"css_error\"}',0,1),(645,645,'amp_validation_error','{\"code\":\"invalid_element\",\"node_attributes\":{\"data-cfasync\":\"false\",\"data-pagespeed-no-defer\":\"\",\"type\":\"text\\/javascript\"},\"node_name\":\"script\",\"parent_name\":\"head\",\"text\":\"\\/\\/<![CDATA[\\n\\tvar gtm4wp_datalayer_name = \\\"dataLayer\\\";\\n\\tvar dataLayer = dataLayer || [];\\n\\/\\/]]>\\n\",\"type\":\"js_error\"}',0,2),(646,646,'amp_validation_error','{\"code\":\"invalid_element\",\"node_attributes\":{\"src\":\"https:\\/\\/anrclinic.nirazo.me\\/wp-includes\\/js\\/jquery\\/jquery.js?ver=__normalized__\"},\"node_name\":\"script\",\"parent_name\":\"head\",\"type\":\"js_error\"}',0,2),(647,647,'amp_validation_error','{\"code\":\"invalid_element\",\"node_attributes\":{\"src\":\"https:\\/\\/anrclinic.nirazo.me\\/wp-includes\\/js\\/jquery\\/jquery-migrate.min.js?ver=__normalized__\"},\"node_name\":\"script\",\"parent_name\":\"head\",\"type\":\"js_error\"}',0,2),(648,648,'amp_validation_error','{\"code\":\"invalid_element\",\"node_attributes\":{\"src\":\"https:\\/\\/anrclinic.nirazo.me\\/wp-content\\/plugins\\/duracelltomi-google-tag-manager\\/js\\/gtm4wp-form-move-tracker.js?ver=__normalized__\"},\"node_name\":\"script\",\"parent_name\":\"head\",\"type\":\"js_error\"}',0,1),(649,649,'amp_validation_error','{\"code\":\"invalid_element\",\"node_attributes\":{\"src\":\"https:\\/\\/anrclinic.nirazo.me\\/wp-content\\/plugins\\/essential-addons-for-elementor-lite\\/assets\\/admin\\/js\\/admin-bar.js?ver=__normalized__\"},\"node_name\":\"script\",\"parent_name\":\"head\",\"type\":\"js_error\"}',0,2),(650,650,'amp_validation_error','{\"code\":\"invalid_element\",\"node_attributes\":{\"data-cfasync\":\"false\",\"data-pagespeed-no-defer\":\"\",\"type\":\"text\\/javascript\"},\"node_name\":\"script\",\"parent_name\":\"head\",\"text\":\"\\/\\/<![CDATA[\\n\\tvar dataLayer_content = {\\\"pagePostType\\\":\\\"elementor_library\\\",\\\"pagePostType2\\\":\\\"single-elementor_library\\\",\\\"pagePostAuthor\\\":\\\"ps.apai\\\"};\\n\\tdataLayer.push( dataLayer_content );\\/\\/]]>\\n\",\"type\":\"js_error\"}',0,1),(651,651,'amp_validation_error','{\"code\":\"invalid_element\",\"node_attributes\":{\"data-cfasync\":\"false\"},\"node_name\":\"script\",\"parent_name\":\"head\",\"text\":\"\\/\\/<![CDATA[\\n(function(w,d,s,l,i){w[l]=w[l]||[];w[l].push({\'gtm.start\':\\nnew Date().getTime(),event:\'gtm.js\'});var f=d.getElementsByTagName(s)[0],\\nj=d.createElement(s),dl=l!=\'dataLayer\'?\'&l=\'+l:\'\';j.async=true;j.src=\\n\'\\/\\/www.googletagmanager.com\\/gtm.\'+\'js?id=\'+i+dl;f.parentNode.insertBefore(j,f);\\n})(window,document,\'script\',\'dataLayer\',\'GTM-5CWTCC9\');\\/\\/]]>\\n\",\"type\":\"js_error\"}',0,2),(652,652,'amp_validation_error','{\"code\":\"invalid_element\",\"node_attributes\":{\"type\":\"text\\/javascript\"},\"node_name\":\"script\",\"parent_name\":\"div\",\"text\":\"$j=jQuery.noConflict();$j(document).ready(function(){$j(\\\"#floatdiv_1913\\\").appendTo(\\\"body\\\");var height = $j(\\\"#floatdiv_1913\\\").height();$j(\\\"#floatdiv_1913\\\").height(height);})\",\"type\":\"js_error\"}',0,2),(653,653,'amp_validation_error','{\"code\":\"invalid_element\",\"node_attributes\":{\"type\":\"text\\/template\",\"id\":\"tmpl-elementor-templates-modal__header\"},\"node_name\":\"script\",\"parent_name\":\"body\",\"text\":\"\\n\\t<div class=\\\"elementor-templates-modal__header__logo-area\\\">\\n\\t<div class=\\\"elementor-templates-modal__header__menu-area\\\">\\n\\t<div class=\\\"elementor-templates-modal__header__items-area\\\">\\n\\t\\t<# if ( closeType ) { #>\\n\\t\\t\\t<div class=\\\"elementor-templates-modal__header__close elementor-templates-modal__header__close--{{{ closeType }}} elementor-templates-modal__header__item\\\">\\n\\t\\t\\t\\t<# if ( \'skip\' === closeType ) { #>\\n\\t\\t\\t\\t<span>Skip\\n\\t\\t\\t\\t<# } #>\\n\\t\\t\\t\\t<i class=\\\"eicon-close\\\" aria-hidden=\\\"true\\\" title=\\\"Close\\\">\\n\\t\\t\\t\\t<span class=\\\"elementor-screen-only\\\">Close\\n\\t\\t\\t\\n\\t\\t<# } #>\\n\\t\\t<div id=\\\"elementor-template-library-header-tools\\\">\\n\\t\\n\",\"type\":\"js_error\"}',0,2),(654,654,'amp_validation_error','{\"code\":\"invalid_element\",\"node_attributes\":{\"type\":\"text\\/template\",\"id\":\"tmpl-elementor-templates-modal__header__logo\"},\"node_name\":\"script\",\"parent_name\":\"body\",\"text\":\"\\n\\t<span class=\\\"elementor-templates-modal__header__logo__icon-wrapper elementor-gradient-logo\\\">\\n\\t\\t<i class=\\\"eicon-elementor\\\">\\n\\t\\n\\t<span class=\\\"elementor-templates-modal__header__logo__title\\\">{{{ title }}}\\n\",\"type\":\"js_error\"}',0,2),(655,655,'amp_validation_error','{\"code\":\"invalid_element\",\"node_attributes\":{\"type\":\"text\\/template\",\"id\":\"tmpl-elementor-finder\"},\"node_name\":\"script\",\"parent_name\":\"body\",\"text\":\"\\n\\t<div id=\\\"elementor-finder__search\\\">\\n\\t\\t<i class=\\\"eicon-search\\\">\\n\\t\\t<input id=\\\"elementor-finder__search__input\\\" placeholder=\\\"Type to find anything in Elementor\\\">\\n\\t\\n\\t<div id=\\\"elementor-finder__content\\\">\\n\",\"type\":\"js_error\"}',0,2),(656,656,'amp_validation_error','{\"code\":\"invalid_element\",\"node_attributes\":{\"type\":\"text\\/template\",\"id\":\"tmpl-elementor-finder-results-container\"},\"node_name\":\"script\",\"parent_name\":\"body\",\"text\":\"\\n\\t<div id=\\\"elementor-finder__no-results\\\">No Results Found\\n\\t<div id=\\\"elementor-finder__results\\\">\\n\",\"type\":\"js_error\"}',0,2),(657,657,'amp_validation_error','{\"code\":\"invalid_element\",\"node_attributes\":{\"type\":\"text\\/template\",\"id\":\"tmpl-elementor-finder__results__category\"},\"node_name\":\"script\",\"parent_name\":\"body\",\"text\":\"\\n\\t<div class=\\\"elementor-finder__results__category__title\\\">{{{ title }}}\\n\\t<div class=\\\"elementor-finder__results__category__items\\\">\\n\",\"type\":\"js_error\"}',0,2),(658,658,'amp_validation_error','{\"code\":\"invalid_element\",\"node_attributes\":{\"type\":\"text\\/template\",\"id\":\"tmpl-elementor-finder__results__item\"},\"node_name\":\"script\",\"parent_name\":\"body\",\"text\":\"\\n\\t<a href=\\\"{{ url }}\\\" class=\\\"elementor-finder__results__item__link\\\">\\n\\t\\t<div class=\\\"elementor-finder__results__item__icon\\\">\\n\\t\\t\\t<i class=\\\"eicon-{{{ icon }}}\\\">\\n\\t\\t\\n\\t\\t<div class=\\\"elementor-finder__results__item__title\\\">{{{ title }}}\\n\\t\\t<# if ( description ) { #>\\n\\t\\t\\t<div class=\\\"elementor-finder__results__item__description\\\">- {{{ description }}}\\n\\t\\t<# } #>\\n\\t\\n\\t<# if ( actions.length ) { #>\\n\\t\\t<div class=\\\"elementor-finder__results__item__actions\\\">\\n\\t\\t<# jQuery.each( actions, function() { #>\\n\\t\\t\\t<a class=\\\"elementor-finder__results__item__action elementor-finder__results__item__action--{{ this.name }}\\\" href=\\\"{{ this.url }}\\\" target=\\\"_blank\\\">\\n\\t\\t\\t\\t<i class=\\\"eicon-{{{ this.icon }}}\\\">\\n\\t\\t\\t\\n\\t\\t<# } ); #>\\n\\t\\t\\n\\t<# } #>\\n\",\"type\":\"js_error\"}',0,2),(659,659,'amp_validation_error','{\"code\":\"invalid_element\",\"node_attributes\":{\"src\":\"https:\\/\\/anrclinic.nirazo.me\\/wp-includes\\/js\\/jquery\\/ui\\/effect.min.js?ver=__normalized__\"},\"node_name\":\"script\",\"parent_name\":\"body\",\"type\":\"js_error\"}',0,2),(660,660,'amp_validation_error','{\"code\":\"invalid_element\",\"node_attributes\":{\"src\":\"https:\\/\\/anrclinic.nirazo.me\\/wp-includes\\/js\\/jquery\\/ui\\/effect-fold.min.js?ver=__normalized__\"},\"node_name\":\"script\",\"parent_name\":\"body\",\"type\":\"js_error\"}',0,2),(661,661,'amp_validation_error','{\"code\":\"invalid_element\",\"node_attributes\":{\"src\":\"https:\\/\\/anrclinic.nirazo.me\\/wp-includes\\/js\\/jquery\\/ui\\/effect-slide.min.js?ver=__normalized__\"},\"node_name\":\"script\",\"parent_name\":\"body\",\"type\":\"js_error\"}',0,2),(662,662,'amp_validation_error','{\"code\":\"invalid_element\",\"node_attributes\":{\"src\":\"https:\\/\\/anrclinic.nirazo.me\\/wp-includes\\/js\\/jquery\\/ui\\/effect-fade.min.js?ver=__normalized__\"},\"node_name\":\"script\",\"parent_name\":\"body\",\"type\":\"js_error\"}',0,2),(663,663,'amp_validation_error','{\"code\":\"invalid_element\",\"node_attributes\":{\"src\":\"https:\\/\\/anrclinic.nirazo.me\\/wp-includes\\/js\\/jquery\\/ui\\/effect-explode.min.js?ver=__normalized__\"},\"node_name\":\"script\",\"parent_name\":\"body\",\"type\":\"js_error\"}',0,2),(664,664,'amp_validation_error','{\"code\":\"invalid_element\",\"node_attributes\":{\"src\":\"https:\\/\\/anrclinic.nirazo.me\\/wp-includes\\/js\\/jquery\\/ui\\/effect-clip.min.js?ver=__normalized__\"},\"node_name\":\"script\",\"parent_name\":\"body\",\"type\":\"js_error\"}',0,2),(665,665,'amp_validation_error','{\"code\":\"invalid_element\",\"node_attributes\":[],\"node_name\":\"script\",\"parent_name\":\"body\",\"text\":\"\\nvar localize = {\\\"ajaxurl\\\":\\\"https:\\\\\\/\\\\\\/www.anrclinic.com\\\\\\/wp-admin\\\\\\/admin-ajax.php\\\",\\\"nonce\\\":\\\"8354b47ade\\\"};\\n\",\"type\":\"js_error\"}',0,0),(666,666,'amp_validation_error','{\"code\":\"invalid_element\",\"node_attributes\":{\"src\":\"https:\\/\\/anrclinic.nirazo.me\\/wp-content\\/plugins\\/essential-addons-for-elementor-lite\\/assets\\/front-end\\/js\\/eael.min.js?ver=__normalized__\"},\"node_name\":\"script\",\"parent_name\":\"body\",\"type\":\"js_error\"}',0,0),(667,667,'amp_validation_error','{\"code\":\"invalid_element\",\"node_attributes\":[],\"node_name\":\"script\",\"parent_name\":\"body\",\"text\":\"\\nvar autoptimize_ajax_object = {\\\"ajaxurl\\\":\\\"https:\\\\\\/\\\\\\/www.anrclinic.com\\\\\\/wp-admin\\\\\\/admin-ajax.php\\\",\\\"error_msg\\\":\\\"Your Autoptimize cache might not have been purged successfully, please check on the <a href=https:\\\\\\/\\\\\\/www.anrclinic.com\\\\\\/wp-admin\\\\\\/options-general.php?page=autoptimize style=\\\\\\\"white-space:nowrap;\\\\\\\">Autoptimize settings page<\\\\\\/a>.\\\",\\\"dismiss_msg\\\":\\\"Dismiss this notice.\\\",\\\"nonce\\\":\\\"9ed334a2ae\\\"};\\n\",\"type\":\"js_error\"}',0,1),(668,668,'amp_validation_error','{\"code\":\"invalid_element\",\"node_attributes\":{\"src\":\"https:\\/\\/anrclinic.nirazo.me\\/wp-content\\/plugins\\/autoptimize\\/classes\\/static\\/toolbar.js?ver=__normalized__\"},\"node_name\":\"script\",\"parent_name\":\"body\",\"type\":\"js_error\"}',0,2),(669,669,'amp_validation_error','{\"code\":\"invalid_element\",\"node_attributes\":{\"src\":\"https:\\/\\/anrclinic.nirazo.me\\/wp-includes\\/js\\/jquery\\/ui\\/core.min.js?ver=__normalized__\"},\"node_name\":\"script\",\"parent_name\":\"body\",\"type\":\"js_error\"}',0,2),(670,670,'amp_validation_error','{\"code\":\"invalid_element\",\"node_attributes\":{\"src\":\"https:\\/\\/anrclinic.nirazo.me\\/wp-includes\\/js\\/jquery\\/ui\\/widget.min.js?ver=__normalized__\"},\"node_name\":\"script\",\"parent_name\":\"body\",\"type\":\"js_error\"}',0,2),(671,671,'amp_validation_error','{\"code\":\"invalid_element\",\"node_attributes\":{\"src\":\"https:\\/\\/anrclinic.nirazo.me\\/wp-includes\\/js\\/jquery\\/ui\\/mouse.min.js?ver=__normalized__\"},\"node_name\":\"script\",\"parent_name\":\"body\",\"type\":\"js_error\"}',0,2),(672,672,'amp_validation_error','{\"code\":\"invalid_element\",\"node_attributes\":{\"src\":\"https:\\/\\/anrclinic.nirazo.me\\/wp-includes\\/js\\/jquery\\/ui\\/draggable.min.js?ver=__normalized__\"},\"node_name\":\"script\",\"parent_name\":\"body\",\"type\":\"js_error\"}',0,2),(673,673,'amp_validation_error','{\"code\":\"invalid_element\",\"node_attributes\":{\"src\":\"https:\\/\\/anrclinic.nirazo.me\\/wp-includes\\/js\\/underscore.min.js?ver=__normalized__\"},\"node_name\":\"script\",\"parent_name\":\"body\",\"type\":\"js_error\"}',0,2),(674,674,'amp_validation_error','{\"code\":\"invalid_element\",\"node_attributes\":{\"src\":\"https:\\/\\/anrclinic.nirazo.me\\/wp-includes\\/js\\/backbone.min.js?ver=__normalized__\"},\"node_name\":\"script\",\"parent_name\":\"body\",\"type\":\"js_error\"}',0,2),(675,675,'amp_validation_error','{\"code\":\"invalid_element\",\"node_attributes\":{\"src\":\"https:\\/\\/anrclinic.nirazo.me\\/wp-content\\/plugins\\/elementor\\/assets\\/lib\\/backbone\\/backbone.marionette.min.js?ver=__normalized__\"},\"node_name\":\"script\",\"parent_name\":\"body\",\"type\":\"js_error\"}',0,2),(676,676,'amp_validation_error','{\"code\":\"invalid_element\",\"node_attributes\":{\"src\":\"https:\\/\\/anrclinic.nirazo.me\\/wp-content\\/plugins\\/elementor\\/assets\\/lib\\/backbone\\/backbone.radio.min.js?ver=__normalized__\"},\"node_name\":\"script\",\"parent_name\":\"body\",\"type\":\"js_error\"}',0,2),(677,677,'amp_validation_error','{\"code\":\"invalid_element\",\"node_attributes\":{\"src\":\"https:\\/\\/anrclinic.nirazo.me\\/wp-content\\/plugins\\/elementor\\/assets\\/js\\/common-modules.min.js?ver=__normalized__\"},\"node_name\":\"script\",\"parent_name\":\"body\",\"type\":\"js_error\"}',0,2),(678,678,'amp_validation_error','{\"code\":\"invalid_element\",\"node_attributes\":{\"src\":\"https:\\/\\/anrclinic.nirazo.me\\/wp-includes\\/js\\/jquery\\/ui\\/position.min.js?ver=__normalized__\"},\"node_name\":\"script\",\"parent_name\":\"body\",\"type\":\"js_error\"}',0,2),(679,679,'amp_validation_error','{\"code\":\"invalid_element\",\"node_attributes\":{\"src\":\"https:\\/\\/anrclinic.nirazo.me\\/wp-content\\/plugins\\/elementor\\/assets\\/lib\\/dialog\\/dialog.min.js?ver=__normalized__\"},\"node_name\":\"script\",\"parent_name\":\"body\",\"type\":\"js_error\"}',0,2),(680,680,'amp_validation_error','{\"code\":\"invalid_element\",\"node_attributes\":[],\"node_name\":\"script\",\"parent_name\":\"body\",\"text\":\"\\nvar elementorCommonConfig = {\\\"version\\\":\\\"2.8.5\\\",\\\"isRTL\\\":false,\\\"isDebug\\\":false,\\\"activeModules\\\":[\\\"ajax\\\",\\\"finder\\\",\\\"connect\\\"],\\\"urls\\\":{\\\"assets\\\":\\\"https:\\\\\\/\\\\\\/www.anrclinic.com\\\\\\/wp-content\\\\\\/plugins\\\\\\/elementor\\\\\\/assets\\\\\\/\\\"},\\\"ajax\\\":{\\\"url\\\":\\\"https:\\\\\\/\\\\\\/www.anrclinic.com\\\\\\/wp-admin\\\\\\/admin-ajax.php\\\",\\\"nonce\\\":\\\"994f9851af\\\"},\\\"finder\\\":{\\\"data\\\":{\\\"edit\\\":{\\\"title\\\":\\\"Edit\\\",\\\"dynamic\\\":true,\\\"name\\\":\\\"edit\\\"},\\\"general\\\":{\\\"title\\\":\\\"General\\\",\\\"dynamic\\\":false,\\\"items\\\":{\\\"saved-templates\\\":{\\\"title\\\":\\\"Saved Templates\\\",\\\"icon\\\":\\\"library-save\\\",\\\"url\\\":\\\"https:\\\\\\/\\\\\\/www.anrclinic.com\\\\\\/wp-admin\\\\\\/edit.php?post_type=elementor_library&tabs_group=library\\\",\\\"keywords\\\":[\\\"template\\\",\\\"section\\\",\\\"page\\\",\\\"library\\\"]},\\\"system-info\\\":{\\\"title\\\":\\\"System Info\\\",\\\"icon\\\":\\\"info-circle-o\\\",\\\"url\\\":\\\"https:\\\\\\/\\\\\\/www.anrclinic.com\\\\\\/wp-admin\\\\\\/admin.php?page=elementor-system-info\\\",\\\"keywords\\\":[\\\"system\\\",\\\"info\\\",\\\"environment\\\",\\\"elementor\\\"]},\\\"role-manager\\\":{\\\"title\\\":\\\"Role Manager\\\",\\\"icon\\\":\\\"person\\\",\\\"url\\\":\\\"https:\\\\\\/\\\\\\/www.anrclinic.com\\\\\\/wp-admin\\\\\\/admin.php?page=elementor-role-manager\\\",\\\"keywords\\\":[\\\"role\\\",\\\"manager\\\",\\\"user\\\",\\\"elementor\\\"]},\\\"knowledge-base\\\":{\\\"title\\\":\\\"Knowledge Base\\\",\\\"url\\\":\\\"https:\\\\\\/\\\\\\/www.anrclinic.com\\\\\\/wp-admin\\\\\\/admin.php?page=go_knowledge_base_site\\\",\\\"keywords\\\":[\\\"help\\\",\\\"knowledge\\\",\\\"docs\\\",\\\"elementor\\\"]}},\\\"name\\\":\\\"general\\\"},\\\"create\\\":{\\\"title\\\":\\\"Create\\\",\\\"dynamic\\\":false,\\\"items\\\":{\\\"post\\\":{\\\"title\\\":\\\"Add New Post\\\",\\\"icon\\\":\\\"plus-circle-o\\\",\\\"url\\\":\\\"https:\\\\\\/\\\\\\/www.anrclinic.com\\\\\\/wp-admin\\\\\\/edit.php?action=elementor_new_post&post_type=post&_wpnonce=1a8a707119\\\",\\\"keywords\\\":[\\\"post\\\",\\\"page\\\",\\\"template\\\",\\\"new\\\",\\\"create\\\"]},\\\"page\\\":{\\\"title\\\":\\\"Add New Page\\\",\\\"icon\\\":\\\"plus-circle-o\\\",\\\"url\\\":\\\"https:\\\\\\/\\\\\\/www.anrclinic.com\\\\\\/wp-admin\\\\\\/edit.php?action=elementor_new_post&post_type=page&_wpnonce=1a8a707119\\\",\\\"keywords\\\":[\\\"post\\\",\\\"page\\\",\\\"template\\\",\\\"new\\\",\\\"create\\\"]},\\\"elementor_library\\\":{\\\"title\\\":\\\"Add New Template\\\",\\\"icon\\\":\\\"plus-circle-o\\\",\\\"url\\\":\\\"https:\\\\\\/\\\\\\/www.anrclinic.com\\\\\\/wp-admin\\\\\\/edit.php?post_type=elementor_library#add_new\\\",\\\"keywords\\\":[\\\"post\\\",\\\"page\\\",\\\"template\\\",\\\"new\\\",\\\"create\\\"]},\\\"elementor-hf\\\":{\\\"title\\\":\\\"Add New Elementor Header Footer\\\",\\\"icon\\\":\\\"plus-circle-o\\\",\\\"url\\\":\\\"https:\\\\\\/\\\\\\/www.anrclinic.com\\\\\\/wp-admin\\\\\\/edit.php?action=elementor_new_post&post_type=elementor-hf&_wpnonce=1a8a707119\\\",\\\"keywords\\\":[\\\"post\\\",\\\"page\\\",\\\"template\\\",\\\"new\\\",\\\"create\\\"]}},\\\"name\\\":\\\"create\\\"},\\\"site\\\":{\\\"title\\\":\\\"Site\\\",\\\"dynamic\\\":false,\\\"items\\\":{\\\"homepage\\\":{\\\"title\\\":\\\"Homepage\\\",\\\"url\\\":\\\"https:\\\\\\/\\\\\\/www.anrclinic.com\\\",\\\"icon\\\":\\\"home-heart\\\",\\\"keywords\\\":[\\\"home\\\",\\\"page\\\"]},\\\"wordpress-dashboard\\\":{\\\"title\\\":\\\"Dashboard\\\",\\\"icon\\\":\\\"dashboard\\\",\\\"url\\\":\\\"https:\\\\\\/\\\\\\/www.anrclinic.com\\\\\\/wp-admin\\\\\\/\\\",\\\"keywords\\\":[\\\"dashboard\\\",\\\"wordpress\\\"]},\\\"wordpress-menus\\\":{\\\"title\\\":\\\"Menus\\\",\\\"icon\\\":\\\"wordpress\\\",\\\"url\\\":\\\"https:\\\\\\/\\\\\\/www.anrclinic.com\\\\\\/wp-admin\\\\\\/nav-menus.php\\\",\\\"keywords\\\":[\\\"menu\\\",\\\"wordpress\\\"]},\\\"wordpress-themes\\\":{\\\"title\\\":\\\"Themes\\\",\\\"icon\\\":\\\"wordpress\\\",\\\"url\\\":\\\"https:\\\\\\/\\\\\\/www.anrclinic.com\\\\\\/wp-admin\\\\\\/themes.php\\\",\\\"keywords\\\":[\\\"themes\\\",\\\"wordpress\\\"]},\\\"wordpress-customizer\\\":{\\\"title\\\":\\\"Customizer\\\",\\\"icon\\\":\\\"wordpress\\\",\\\"url\\\":\\\"https:\\\\\\/\\\\\\/www.anrclinic.com\\\\\\/wp-admin\\\\\\/customize.php\\\",\\\"keywords\\\":[\\\"customizer\\\",\\\"wordpress\\\"]},\\\"wordpress-plugins\\\":{\\\"title\\\":\\\"Plugins\\\",\\\"icon\\\":\\\"wordpress\\\",\\\"url\\\":\\\"https:\\\\\\/\\\\\\/www.anrclinic.com\\\\\\/wp-admin\\\\\\/plugins.php\\\",\\\"keywords\\\":[\\\"plugins\\\",\\\"wordpress\\\"]},\\\"wordpress-users\\\":{\\\"title\\\":\\\"Users\\\",\\\"icon\\\":\\\"wordpress\\\",\\\"url\\\":\\\"https:\\\\\\/\\\\\\/www.anrclinic.com\\\\\\/wp-admin\\\\\\/users.php\\\",\\\"keywords\\\":[\\\"users\\\",\\\"profile\\\",\\\"wordpress\\\"]}},\\\"name\\\":\\\"site\\\"},\\\"settings\\\":{\\\"title\\\":\\\"Settings\\\",\\\"dynamic\\\":false,\\\"items\\\":{\\\"general-settings\\\":{\\\"title\\\":\\\"General Settings\\\",\\\"url\\\":\\\"https:\\\\\\/\\\\\\/www.anrclinic.com\\\\\\/wp-admin\\\\\\/admin.php?page=elementor\\\",\\\"keywords\\\":[\\\"general\\\",\\\"settings\\\",\\\"elementor\\\"]},\\\"style\\\":{\\\"title\\\":\\\"Style\\\",\\\"url\\\":\\\"https:\\\\\\/\\\\\\/www.anrclinic.com\\\\\\/wp-admin\\\\\\/admin.php?page=elementor#tab-style\\\",\\\"keywords\\\":[\\\"style\\\",\\\"settings\\\",\\\"elementor\\\"]},\\\"advanced\\\":{\\\"title\\\":\\\"Advanced\\\",\\\"url\\\":\\\"https:\\\\\\/\\\\\\/www.anrclinic.com\\\\\\/wp-admin\\\\\\/admin.php?page=elementor#tab-advanced\\\",\\\"keywords\\\":[\\\"advanced\\\",\\\"settings\\\",\\\"elementor\\\"]}},\\\"name\\\":\\\"settings\\\"},\\\"tools\\\":{\\\"title\\\":\\\"Tools\\\",\\\"dynamic\\\":false,\\\"items\\\":{\\\"tools\\\":{\\\"title\\\":\\\"Tools\\\",\\\"icon\\\":\\\"tools\\\",\\\"url\\\":\\\"https:\\\\\\/\\\\\\/www.anrclinic.com\\\\\\/wp-admin\\\\\\/admin.php?page=elementor-tools\\\",\\\"keywords\\\":[\\\"tools\\\",\\\"regenerate css\\\",\\\"safe mode\\\",\\\"debug bar\\\",\\\"sync library\\\",\\\"elementor\\\"]},\\\"replace-url\\\":{\\\"title\\\":\\\"Replace URL\\\",\\\"icon\\\":\\\"tools\\\",\\\"url\\\":\\\"https:\\\\\\/\\\\\\/www.anrclinic.com\\\\\\/wp-admin\\\\\\/admin.php?page=elementor-tools#tab-replace_url\\\",\\\"keywords\\\":[\\\"tools\\\",\\\"replace url\\\",\\\"domain\\\",\\\"elementor\\\"]},\\\"version-control\\\":{\\\"title\\\":\\\"Version Control\\\",\\\"icon\\\":\\\"time-line\\\",\\\"url\\\":\\\"https:\\\\\\/\\\\\\/www.anrclinic.com\\\\\\/wp-admin\\\\\\/admin.php?page=elementor-tools#tab-versions\\\",\\\"keywords\\\":[\\\"tools\\\",\\\"version\\\",\\\"control\\\",\\\"rollback\\\",\\\"beta\\\",\\\"elementor\\\"]},\\\"maintenance-mode\\\":{\\\"title\\\":\\\"Maintenance Mode\\\",\\\"icon\\\":\\\"tools\\\",\\\"url\\\":\\\"https:\\\\\\/\\\\\\/www.anrclinic.com\\\\\\/wp-admin\\\\\\/admin.php?page=elementor-tools#tab-maintenance_mode\\\",\\\"keywords\\\":[\\\"tools\\\",\\\"maintenance\\\",\\\"coming soon\\\",\\\"elementor\\\"]}},\\\"name\\\":\\\"tools\\\"}},\\\"i18n\\\":{\\\"finder\\\":\\\"Finder\\\"}},\\\"connect\\\":[]};\\n\",\"type\":\"js_error\"}',0,1),(681,681,'amp_validation_error','{\"code\":\"invalid_element\",\"node_attributes\":{\"src\":\"https:\\/\\/anrclinic.nirazo.me\\/wp-content\\/plugins\\/elementor\\/assets\\/js\\/common.min.js?ver=__normalized__\"},\"node_name\":\"script\",\"parent_name\":\"body\",\"type\":\"js_error\"}',0,2),(682,682,'amp_validation_error','{\"code\":\"invalid_element\",\"node_attributes\":{\"src\":\"https:\\/\\/anrclinic.nirazo.me\\/wp-content\\/plugins\\/elementor\\/assets\\/js\\/frontend-modules.min.js?ver=__normalized__\"},\"node_name\":\"script\",\"parent_name\":\"body\",\"type\":\"js_error\"}',0,2),(683,683,'amp_validation_error','{\"code\":\"invalid_element\",\"node_attributes\":{\"src\":\"https:\\/\\/anrclinic.nirazo.me\\/wp-content\\/plugins\\/elementor\\/assets\\/lib\\/waypoints\\/waypoints.min.js?ver=__normalized__\"},\"node_name\":\"script\",\"parent_name\":\"body\",\"type\":\"js_error\"}',0,2),(684,684,'amp_validation_error','{\"code\":\"invalid_element\",\"node_attributes\":{\"src\":\"https:\\/\\/anrclinic.nirazo.me\\/wp-content\\/plugins\\/elementor\\/assets\\/lib\\/swiper\\/swiper.min.js?ver=__normalized__\"},\"node_name\":\"script\",\"parent_name\":\"body\",\"type\":\"js_error\"}',0,2),(685,685,'amp_validation_error','{\"code\":\"invalid_element\",\"node_attributes\":[],\"node_name\":\"script\",\"parent_name\":\"body\",\"text\":\"\\nvar elementorFrontendConfig = {\\\"environmentMode\\\":{\\\"edit\\\":false,\\\"wpPreview\\\":false},\\\"is_rtl\\\":false,\\\"breakpoints\\\":{\\\"xs\\\":0,\\\"sm\\\":480,\\\"md\\\":768,\\\"lg\\\":1025,\\\"xl\\\":1440,\\\"xxl\\\":1600},\\\"version\\\":\\\"2.8.5\\\",\\\"urls\\\":{\\\"assets\\\":\\\"https:\\\\\\/\\\\\\/www.anrclinic.com\\\\\\/wp-content\\\\\\/plugins\\\\\\/elementor\\\\\\/assets\\\\\\/\\\"},\\\"settings\\\":{\\\"page\\\":[],\\\"general\\\":{\\\"elementor_global_image_lightbox\\\":\\\"yes\\\"},\\\"editorPreferences\\\":[]},\\\"post\\\":{\\\"id\\\":2369,\\\"title\\\":\\\"videos page template\\\",\\\"excerpt\\\":\\\"\\\"},\\\"user\\\":{\\\"roles\\\":[\\\"administrator\\\"]}};\\n\",\"type\":\"js_error\"}',0,1),(686,686,'amp_validation_error','{\"code\":\"invalid_element\",\"node_attributes\":{\"src\":\"https:\\/\\/anrclinic.nirazo.me\\/wp-content\\/plugins\\/elementor\\/assets\\/js\\/frontend.min.js?ver=__normalized__\"},\"node_name\":\"script\",\"parent_name\":\"body\",\"type\":\"js_error\"}',0,2),(687,687,'amp_validation_error','{\"code\":\"excessive_css\",\"node_attributes\":{\"rel\":\"stylesheet\",\"id\":\"elementor-frontend-css\",\"href\":\"https:\\/\\/anrclinic.nirazo.me\\/wp-content\\/plugins\\/elementor\\/assets\\/css\\/frontend.min.css?ver=__normalized__\",\"media\":\"all\"},\"node_name\":\"link\",\"type\":\"css_error\"}',0,1),(688,688,'amp_validation_error','{\"code\":\"excessive_css\",\"node_attributes\":{\"rel\":\"stylesheet\",\"id\":\"elementor-post-5-css\",\"href\":\"https:\\/\\/anrclinic.nirazo.me\\/wp-content\\/uploads\\/elementor\\/css\\/post-5.css?ver=__normalized__\",\"media\":\"all\"},\"node_name\":\"link\",\"type\":\"css_error\"}',0,1),(689,689,'amp_validation_error','{\"code\":\"excessive_css\",\"node_attributes\":{\"class\":\"amp-wp-8bdd01f\"},\"node_name\":\"span\",\"parent_name\":\"p\",\"type\":\"css_error\"}',0,0),(690,690,'amp_validation_error','{\"code\":\"excessive_css\",\"node_attributes\":{\"class\":\"amp-wp-217474f\"},\"node_name\":\"bb\",\"parent_name\":\"p\",\"type\":\"css_error\"}',0,0),(691,691,'amp_validation_error','{\"code\":\"invalid_element\",\"node_attributes\":{\"data-cfasync\":\"false\",\"data-pagespeed-no-defer\":\"\",\"type\":\"text\\/javascript\"},\"node_name\":\"script\",\"parent_name\":\"head\",\"text\":\"\\/\\/<![CDATA[\\n\\tvar dataLayer_content = {\\\"pagePostType\\\":\\\"frontpage\\\",\\\"pagePostType2\\\":\\\"single-page\\\",\\\"pagePostAuthor\\\":\\\"waismannben\\\"};\\n\\tdataLayer.push( dataLayer_content );\\/\\/]]>\\n\",\"type\":\"js_error\"}',0,0),(692,692,'amp_validation_error','{\"code\":\"invalid_element\",\"node_attributes\":[],\"node_name\":\"bb\",\"parent_name\":\"span\",\"type\":\"html_element_error\"}',0,1),(693,693,'amp_validation_error','{\"code\":\"invalid_element\",\"node_attributes\":{\"class\":\"amp-wp-217474f\"},\"node_name\":\"bb\",\"parent_name\":\"p\",\"type\":\"html_element_error\"}',0,1),(694,694,'amp_validation_error','{\"code\":\"invalid_element\",\"node_attributes\":{\"src\":\"https:\\/\\/anrclinic.nirazo.me\\/wp-content\\/plugins\\/elementor\\/assets\\/lib\\/jquery-numerator\\/jquery-numerator.min.js?ver=__normalized__\"},\"node_name\":\"script\",\"parent_name\":\"body\",\"type\":\"js_error\"}',0,1),(695,695,'amp_validation_error','{\"code\":\"invalid_element\",\"node_attributes\":[],\"node_name\":\"script\",\"parent_name\":\"body\",\"text\":\"\\nvar elementorFrontendConfig = {\\\"environmentMode\\\":{\\\"edit\\\":false,\\\"wpPreview\\\":false},\\\"is_rtl\\\":false,\\\"breakpoints\\\":{\\\"xs\\\":0,\\\"sm\\\":480,\\\"md\\\":768,\\\"lg\\\":1025,\\\"xl\\\":1440,\\\"xxl\\\":1600},\\\"version\\\":\\\"2.8.5\\\",\\\"urls\\\":{\\\"assets\\\":\\\"https:\\\\\\/\\\\\\/www.anrclinic.com\\\\\\/wp-content\\\\\\/plugins\\\\\\/elementor\\\\\\/assets\\\\\\/\\\"},\\\"settings\\\":{\\\"page\\\":[],\\\"general\\\":{\\\"elementor_global_image_lightbox\\\":\\\"yes\\\"},\\\"editorPreferences\\\":[]},\\\"post\\\":{\\\"id\\\":5,\\\"title\\\":\\\"Home\\\",\\\"excerpt\\\":\\\"\\\"},\\\"user\\\":{\\\"roles\\\":[\\\"administrator\\\"]}};\\n\",\"type\":\"js_error\"}',0,1),(696,696,'amp_validation_error','{\"code\":\"excessive_css\",\"node_attributes\":{\"href\":\"https:\\/\\/anrclinic.nirazo.me\\/questionnaire\\/?amp\",\"rel\":\"amphtml\",\"class\":\"amp-wp-96feb2f\"},\"node_name\":\"a\",\"parent_name\":\"p\",\"type\":\"css_error\"}',0,1),(697,697,'yst_prominent_words','',0,1),(698,698,'yst_prominent_words','',0,1),(699,699,'yst_prominent_words','',0,1),(700,700,'yst_prominent_words','',0,2),(701,701,'yst_prominent_words','',0,1),(702,702,'yst_prominent_words','',0,1),(703,703,'yst_prominent_words','',0,1),(704,704,'yst_prominent_words','',0,1),(705,705,'yst_prominent_words','',0,1),(706,706,'yst_prominent_words','',0,1),(707,707,'yst_prominent_words','',0,2),(708,708,'yst_prominent_words','',0,1),(709,709,'yst_prominent_words','',0,2),(710,710,'yst_prominent_words','',0,2),(711,711,'yst_prominent_words','',0,1),(712,712,'yst_prominent_words','',0,1),(713,713,'yst_prominent_words','',0,1),(714,714,'yst_prominent_words','',0,1),(715,715,'yst_prominent_words','',0,1),(716,716,'amp_validation_error','{\"code\":\"excessive_css\",\"node_attributes\":{\"id\":\"wp-custom-css\"},\"node_name\":\"style\",\"text\":\"\\n\\t\\t\\t\\/* header css *\\/\\n\\n.main-header-bar{\\n\\tbackground-color:#003a5d;\\n\\tfont-family: FlamaSemicondensed-Bold;\\n}\\n\\n.main-header-menu a, .ast-header-custom-item a{\\n\\tcolor:rgb(97, 180, 228);\\n}\\n\\n.main-header-menu a:hover, .ast-header-custom-item a:hover{\\n\\tcolor:white !important;\\n}\\n\\n.main-header-menu>.menu-item>a:active{\\n\\tcolor:white !important;\\n}\\n\\n.sub-menu a:hover{color:#003a5d !important}\\n\\n.main-header-bar{\\n\\tbox-shadow:rgb(0, 57, 93) 0px 3px 12px 0px;\\n\\tborder-bottom: none;\\n}\\n\\n\\n#menu-item-71{\\n\\tmargin-left:25px;\\n}\\n\\n.header-main-layout-1 .ast-main-header-bar-alignment{margin-left:50px;}\\n\\n\\n\\n\\n\\/* header sticy and fiox content margin *\\/\\n.main-header-bar{\\n\\tposition:fixed;\\n\\twidth:100%;\\n}\\n.site-content{margin-top:60px;}\\n\\n\\n\\n\\n\\n\\/* custom bold setting bb *\\/\\n\\nbb{\\n\\tcolor:#6EC1E4;\\n\\tfont-size:18px;\\n}\\n\\n\\n\\n\\n\\/* contact page form *\\/\\n.nf-form-fields-required{display:none;}\\n.contactpageform label{\\n\\tdisplay:none;\\n}\\n\\n#nf-field-152-wrap > div.nf-field-element > p{margin-bottom:0px !important;}\\n\\n\\n.elementor-1453 .elementor-element.elementor-element-095bf32 .eael-ninja-form .submit-container input[type=button] {\\n    width: 60% !important;\\n    margin-left: 20%;\\n}\\n\\n\\/* make three bullets float right *\\/\\n#nf-field-8-wrap > div.nf-field-element > ul{display:flex;}\\n\\n#nf-field-8-wrap li{margin-right:40px !important;}\\n\\n@media only screen and (max-width: 800px) {\\n  #nf-field-8-wrap > div.nf-field-element > ul{display:block;}\\n}\\n\\n\\n\\n\\n\\n\\n\\n\\/* questionaire form css *\\/\\n.questionnaire .req{\\n\\tborder-color:#003a5d !important;\\n\\tborder: solid 2px !important;\\n}\\n\\t\\n\\n.ninja-forms-req-symbol::after{\\n\\tcontent: \\\"Required\\\" !important;\\n}\\n\\n\\n\\n\\n\\n\\n\\n\\n\\/* custom code for press page *\\/\\n.eael-timeline-post-title{\\n\\tbottom:0px !important;\\n\\tbackground-color:#003a5d;\\n\\tpadding-top:10px;\\n}\\n\\n#presstl .eael-timeline-post-image{\\n\\topacity:.9 !important;\\n\\tbackground-size: contain !important;\\n\\tbackground-position:top !important;\\n\\tbackground-repeat:no-repeat;\\n}\\n\\n\\n\\n\\n\\/* custom footer css*\\/\\n#footerlink a{color:#003a5d;}\\n\\n\\n\\n\\n\\n\\n\\n\\n\\n\\/* landing page custom css*\\/\\n.landingpagesbcontainer{\\n\\ttext-align:center !important;\\n}\\n.landingpagesb {\\n\\tbackground-color:white !important;\\n\\twidth:40% !important;\\n\\tcolor:#003a5d !important;\\n\\t}\\n\\n.landingpageform label{display:none;}\\n\\n\\n\\n\\n\\/* css to remove \'by admin..\' from blog *\\/\\n.entry-meta{display:none;}\\n\\n\\/* remove featured images from press category posts *\\/\\n.category-press .post-thumb-img-content.post-thumb {display:none;}\\n\\n\\/* css remove dates from timlines *\\/\\ntime{display:none;}\\n\\n\\/* make mobile menu take full width *\\/\\n.ast-main-header-bar-alignment{margin-left:unset!important;}\\n\\n\\n\\n\\/* modify mobile cta phone *\\/\\n.exp_floatdiv_content_pro{\\n\\tmargin-right:60px !important;\\n\\twidth:50px !important;\\n\\tbackground:transparent !important;\\n}\\n\\n.exp_floatdiv_content_padding_pro{\\n  margin-top:9px !important;\\n\\tbox-shadow:none !important;\\n}\\n\\n.fa-phone{\\n\\tcolor:white !important;\\n\\tfont-size:22px !important;\\n}\\n.menu-toggle-icon{\\n\\tfont-size: 32px;\\n  line-height: 1px !important;\\n\\tcolor:white !important;\\n}\\n\\n@media only screen and (min-width: 600px) {\\n  .exp_floatdiv_content_pro {display:none !important;}\\n}\\n\\n\\/* remove youtube embed videos titles and icons *\\/\\n\\n.html5-video-player a{\\n\\tdisplay:none !important;\\n}\\n\\n\\n\\/* edits to expert reviews *\\/\\n.eael-testimonial-image{\\n\\tpadding-top:0px;\\n}\\n\\n\\t\\t\",\"type\":\"css_error\"}',0,1),(717,717,'amp_validation_error','{\"code\":\"invalid_element\",\"node_attributes\":{\"data-cfasync\":\"false\",\"data-pagespeed-no-defer\":\"\",\"type\":\"text\\/javascript\"},\"node_name\":\"script\",\"parent_name\":\"head\",\"text\":\"\\/\\/<![CDATA[\\n\\tvar dataLayer_content = {\\\"pagePostType\\\":\\\"frontpage\\\",\\\"pagePostType2\\\":\\\"single-page\\\"};\\n\\tdataLayer.push( dataLayer_content );\\/\\/]]>\\n\",\"type\":\"js_error\"}',0,1),(718,718,'amp_validation_error','{\"code\":\"invalid_element\",\"node_attributes\":[],\"node_name\":\"script\",\"parent_name\":\"body\",\"text\":\"\\nvar autoptimize_ajax_object = {\\\"ajaxurl\\\":\\\"https:\\\\\\/\\\\\\/www.anrclinic.com\\\\\\/wp-admin\\\\\\/admin-ajax.php\\\",\\\"error_msg\\\":\\\"Your Autoptimize cache might not have been purged successfully, please check on the <a href=https:\\\\\\/\\\\\\/www.anrclinic.com\\\\\\/wp-admin\\\\\\/options-general.php?page=autoptimize style=\\\\\\\"white-space:nowrap;\\\\\\\">Autoptimize settings page<\\\\\\/a>.\\\",\\\"dismiss_msg\\\":\\\"Dismiss this notice.\\\",\\\"nonce\\\":\\\"567b22cfbb\\\"};\\n\",\"type\":\"js_error\"}',0,1),(719,719,'amp_validation_error','{\"code\":\"invalid_element\",\"node_attributes\":[],\"node_name\":\"script\",\"parent_name\":\"body\",\"text\":\"\\nvar elementorCommonConfig = {\\\"version\\\":\\\"2.8.5\\\",\\\"isRTL\\\":false,\\\"isDebug\\\":false,\\\"activeModules\\\":[\\\"ajax\\\",\\\"finder\\\",\\\"connect\\\"],\\\"urls\\\":{\\\"assets\\\":\\\"https:\\\\\\/\\\\\\/www.anrclinic.com\\\\\\/wp-content\\\\\\/plugins\\\\\\/elementor\\\\\\/assets\\\\\\/\\\"},\\\"ajax\\\":{\\\"url\\\":\\\"https:\\\\\\/\\\\\\/www.anrclinic.com\\\\\\/wp-admin\\\\\\/admin-ajax.php\\\",\\\"nonce\\\":\\\"d2e114b897\\\"},\\\"finder\\\":{\\\"data\\\":{\\\"edit\\\":{\\\"title\\\":\\\"Edit\\\",\\\"dynamic\\\":true,\\\"name\\\":\\\"edit\\\"},\\\"general\\\":{\\\"title\\\":\\\"General\\\",\\\"dynamic\\\":false,\\\"items\\\":{\\\"saved-templates\\\":{\\\"title\\\":\\\"Saved Templates\\\",\\\"icon\\\":\\\"library-save\\\",\\\"url\\\":\\\"https:\\\\\\/\\\\\\/www.anrclinic.com\\\\\\/wp-admin\\\\\\/edit.php?post_type=elementor_library&tabs_group=library\\\",\\\"keywords\\\":[\\\"template\\\",\\\"section\\\",\\\"page\\\",\\\"library\\\"]},\\\"system-info\\\":{\\\"title\\\":\\\"System Info\\\",\\\"icon\\\":\\\"info-circle-o\\\",\\\"url\\\":\\\"https:\\\\\\/\\\\\\/www.anrclinic.com\\\\\\/wp-admin\\\\\\/admin.php?page=elementor-system-info\\\",\\\"keywords\\\":[\\\"system\\\",\\\"info\\\",\\\"environment\\\",\\\"elementor\\\"]},\\\"role-manager\\\":{\\\"title\\\":\\\"Role Manager\\\",\\\"icon\\\":\\\"person\\\",\\\"url\\\":\\\"https:\\\\\\/\\\\\\/www.anrclinic.com\\\\\\/wp-admin\\\\\\/admin.php?page=elementor-role-manager\\\",\\\"keywords\\\":[\\\"role\\\",\\\"manager\\\",\\\"user\\\",\\\"elementor\\\"]},\\\"knowledge-base\\\":{\\\"title\\\":\\\"Knowledge Base\\\",\\\"url\\\":\\\"https:\\\\\\/\\\\\\/www.anrclinic.com\\\\\\/wp-admin\\\\\\/admin.php?page=go_knowledge_base_site\\\",\\\"keywords\\\":[\\\"help\\\",\\\"knowledge\\\",\\\"docs\\\",\\\"elementor\\\"]}},\\\"name\\\":\\\"general\\\"},\\\"create\\\":{\\\"title\\\":\\\"Create\\\",\\\"dynamic\\\":false,\\\"items\\\":{\\\"post\\\":{\\\"title\\\":\\\"Add New Post\\\",\\\"icon\\\":\\\"plus-circle-o\\\",\\\"url\\\":\\\"https:\\\\\\/\\\\\\/www.anrclinic.com\\\\\\/wp-admin\\\\\\/edit.php?action=elementor_new_post&post_type=post&_wpnonce=2335fcb796\\\",\\\"keywords\\\":[\\\"post\\\",\\\"page\\\",\\\"template\\\",\\\"new\\\",\\\"create\\\"]},\\\"page\\\":{\\\"title\\\":\\\"Add New Page\\\",\\\"icon\\\":\\\"plus-circle-o\\\",\\\"url\\\":\\\"https:\\\\\\/\\\\\\/www.anrclinic.com\\\\\\/wp-admin\\\\\\/edit.php?action=elementor_new_post&post_type=page&_wpnonce=2335fcb796\\\",\\\"keywords\\\":[\\\"post\\\",\\\"page\\\",\\\"template\\\",\\\"new\\\",\\\"create\\\"]},\\\"elementor_library\\\":{\\\"title\\\":\\\"Add New Template\\\",\\\"icon\\\":\\\"plus-circle-o\\\",\\\"url\\\":\\\"https:\\\\\\/\\\\\\/www.anrclinic.com\\\\\\/wp-admin\\\\\\/edit.php?post_type=elementor_library#add_new\\\",\\\"keywords\\\":[\\\"post\\\",\\\"page\\\",\\\"template\\\",\\\"new\\\",\\\"create\\\"]},\\\"elementor-hf\\\":{\\\"title\\\":\\\"Add New Elementor Header Footer\\\",\\\"icon\\\":\\\"plus-circle-o\\\",\\\"url\\\":\\\"https:\\\\\\/\\\\\\/www.anrclinic.com\\\\\\/wp-admin\\\\\\/edit.php?action=elementor_new_post&post_type=elementor-hf&_wpnonce=2335fcb796\\\",\\\"keywords\\\":[\\\"post\\\",\\\"page\\\",\\\"template\\\",\\\"new\\\",\\\"create\\\"]}},\\\"name\\\":\\\"create\\\"},\\\"site\\\":{\\\"title\\\":\\\"Site\\\",\\\"dynamic\\\":false,\\\"items\\\":{\\\"homepage\\\":{\\\"title\\\":\\\"Homepage\\\",\\\"url\\\":\\\"https:\\\\\\/\\\\\\/www.anrclinic.com\\\",\\\"icon\\\":\\\"home-heart\\\",\\\"keywords\\\":[\\\"home\\\",\\\"page\\\"]},\\\"wordpress-dashboard\\\":{\\\"title\\\":\\\"Dashboard\\\",\\\"icon\\\":\\\"dashboard\\\",\\\"url\\\":\\\"https:\\\\\\/\\\\\\/www.anrclinic.com\\\\\\/wp-admin\\\\\\/\\\",\\\"keywords\\\":[\\\"dashboard\\\",\\\"wordpress\\\"]},\\\"wordpress-menus\\\":{\\\"title\\\":\\\"Menus\\\",\\\"icon\\\":\\\"wordpress\\\",\\\"url\\\":\\\"https:\\\\\\/\\\\\\/www.anrclinic.com\\\\\\/wp-admin\\\\\\/nav-menus.php\\\",\\\"keywords\\\":[\\\"menu\\\",\\\"wordpress\\\"]},\\\"wordpress-themes\\\":{\\\"title\\\":\\\"Themes\\\",\\\"icon\\\":\\\"wordpress\\\",\\\"url\\\":\\\"https:\\\\\\/\\\\\\/www.anrclinic.com\\\\\\/wp-admin\\\\\\/themes.php\\\",\\\"keywords\\\":[\\\"themes\\\",\\\"wordpress\\\"]},\\\"wordpress-customizer\\\":{\\\"title\\\":\\\"Customizer\\\",\\\"icon\\\":\\\"wordpress\\\",\\\"url\\\":\\\"https:\\\\\\/\\\\\\/www.anrclinic.com\\\\\\/wp-admin\\\\\\/customize.php\\\",\\\"keywords\\\":[\\\"customizer\\\",\\\"wordpress\\\"]},\\\"wordpress-plugins\\\":{\\\"title\\\":\\\"Plugins\\\",\\\"icon\\\":\\\"wordpress\\\",\\\"url\\\":\\\"https:\\\\\\/\\\\\\/www.anrclinic.com\\\\\\/wp-admin\\\\\\/plugins.php\\\",\\\"keywords\\\":[\\\"plugins\\\",\\\"wordpress\\\"]},\\\"wordpress-users\\\":{\\\"title\\\":\\\"Users\\\",\\\"icon\\\":\\\"wordpress\\\",\\\"url\\\":\\\"https:\\\\\\/\\\\\\/www.anrclinic.com\\\\\\/wp-admin\\\\\\/users.php\\\",\\\"keywords\\\":[\\\"users\\\",\\\"profile\\\",\\\"wordpress\\\"]}},\\\"name\\\":\\\"site\\\"},\\\"settings\\\":{\\\"title\\\":\\\"Settings\\\",\\\"dynamic\\\":false,\\\"items\\\":{\\\"general-settings\\\":{\\\"title\\\":\\\"General Settings\\\",\\\"url\\\":\\\"https:\\\\\\/\\\\\\/www.anrclinic.com\\\\\\/wp-admin\\\\\\/admin.php?page=elementor\\\",\\\"keywords\\\":[\\\"general\\\",\\\"settings\\\",\\\"elementor\\\"]},\\\"style\\\":{\\\"title\\\":\\\"Style\\\",\\\"url\\\":\\\"https:\\\\\\/\\\\\\/www.anrclinic.com\\\\\\/wp-admin\\\\\\/admin.php?page=elementor#tab-style\\\",\\\"keywords\\\":[\\\"style\\\",\\\"settings\\\",\\\"elementor\\\"]},\\\"advanced\\\":{\\\"title\\\":\\\"Advanced\\\",\\\"url\\\":\\\"https:\\\\\\/\\\\\\/www.anrclinic.com\\\\\\/wp-admin\\\\\\/admin.php?page=elementor#tab-advanced\\\",\\\"keywords\\\":[\\\"advanced\\\",\\\"settings\\\",\\\"elementor\\\"]}},\\\"name\\\":\\\"settings\\\"},\\\"tools\\\":{\\\"title\\\":\\\"Tools\\\",\\\"dynamic\\\":false,\\\"items\\\":{\\\"tools\\\":{\\\"title\\\":\\\"Tools\\\",\\\"icon\\\":\\\"tools\\\",\\\"url\\\":\\\"https:\\\\\\/\\\\\\/www.anrclinic.com\\\\\\/wp-admin\\\\\\/admin.php?page=elementor-tools\\\",\\\"keywords\\\":[\\\"tools\\\",\\\"regenerate css\\\",\\\"safe mode\\\",\\\"debug bar\\\",\\\"sync library\\\",\\\"elementor\\\"]},\\\"replace-url\\\":{\\\"title\\\":\\\"Replace URL\\\",\\\"icon\\\":\\\"tools\\\",\\\"url\\\":\\\"https:\\\\\\/\\\\\\/www.anrclinic.com\\\\\\/wp-admin\\\\\\/admin.php?page=elementor-tools#tab-replace_url\\\",\\\"keywords\\\":[\\\"tools\\\",\\\"replace url\\\",\\\"domain\\\",\\\"elementor\\\"]},\\\"version-control\\\":{\\\"title\\\":\\\"Version Control\\\",\\\"icon\\\":\\\"time-line\\\",\\\"url\\\":\\\"https:\\\\\\/\\\\\\/www.anrclinic.com\\\\\\/wp-admin\\\\\\/admin.php?page=elementor-tools#tab-versions\\\",\\\"keywords\\\":[\\\"tools\\\",\\\"version\\\",\\\"control\\\",\\\"rollback\\\",\\\"beta\\\",\\\"elementor\\\"]},\\\"maintenance-mode\\\":{\\\"title\\\":\\\"Maintenance Mode\\\",\\\"icon\\\":\\\"tools\\\",\\\"url\\\":\\\"https:\\\\\\/\\\\\\/www.anrclinic.com\\\\\\/wp-admin\\\\\\/admin.php?page=elementor-tools#tab-maintenance_mode\\\",\\\"keywords\\\":[\\\"tools\\\",\\\"maintenance\\\",\\\"coming soon\\\",\\\"elementor\\\"]}},\\\"name\\\":\\\"tools\\\"}},\\\"i18n\\\":{\\\"finder\\\":\\\"Finder\\\"}},\\\"connect\\\":[]};\\n\",\"type\":\"js_error\"}',0,1),(720,720,'yst_prominent_words','',0,0),(721,721,'yst_prominent_words','',0,0),(722,722,'yst_prominent_words','',0,1),(723,723,'yst_prominent_words','',0,0),(724,724,'yst_prominent_words','',0,1),(725,725,'yst_prominent_words','',0,0),(726,726,'yst_prominent_words','',0,1),(727,727,'yst_prominent_words','',0,4),(728,728,'yst_prominent_words','',0,0),(729,729,'yst_prominent_words','',0,0),(730,730,'yst_prominent_words','',0,0),(731,731,'yst_prominent_words','',0,0),(732,732,'yst_prominent_words','',0,0),(733,733,'yst_prominent_words','',0,0),(734,734,'yst_prominent_words','',0,1),(735,735,'yst_prominent_words','',0,0),(736,736,'yst_prominent_words','',0,0),(737,737,'yst_prominent_words','',0,1),(738,738,'yst_prominent_words','',0,0),(739,739,'yst_prominent_words','',0,0),(740,740,'yst_prominent_words','',0,0),(741,741,'yst_prominent_words','',0,0),(742,742,'yst_prominent_words','',0,0),(743,743,'yst_prominent_words','',0,0),(744,744,'yst_prominent_words','',0,0),(745,745,'yst_prominent_words','',0,0),(746,746,'yst_prominent_words','',0,0),(747,747,'yst_prominent_words','',0,0),(748,748,'yst_prominent_words','',0,1),(749,749,'yst_prominent_words','',0,1),(750,750,'yst_prominent_words','',0,1),(751,751,'yst_prominent_words','',0,2),(752,752,'yst_prominent_words','',0,1),(753,753,'yst_prominent_words','',0,1),(754,754,'yst_prominent_words','',0,0),(755,755,'yst_prominent_words','',0,0),(756,756,'yst_prominent_words','',0,0),(757,757,'yst_prominent_words','',0,0),(758,758,'yst_prominent_words','',0,0),(759,759,'yst_prominent_words','',0,0),(760,760,'yst_prominent_words','',0,0),(761,761,'yst_prominent_words','',0,0),(762,762,'yst_prominent_words','',0,0),(763,763,'yst_prominent_words','',0,1),(764,764,'yst_prominent_words','',0,1),(765,765,'yst_prominent_words','',0,0),(766,766,'yst_prominent_words','',0,0),(767,767,'yst_prominent_words','',0,0),(768,768,'yst_prominent_words','',0,1),(769,769,'yst_prominent_words','',0,1),(770,770,'yst_prominent_words','',0,0),(771,771,'yst_prominent_words','',0,0),(772,772,'yst_prominent_words','',0,0),(773,773,'yst_prominent_words','',0,1),(774,774,'yst_prominent_words','',0,0),(775,775,'yst_prominent_words','',0,0),(776,776,'yst_prominent_words','',0,1),(777,777,'yst_prominent_words','',0,1),(778,778,'yst_prominent_words','',0,0),(779,779,'yst_prominent_words','',0,1),(780,780,'yst_prominent_words','',0,1),(781,781,'yst_prominent_words','',0,1),(782,782,'yst_prominent_words','',0,1),(783,783,'yst_prominent_words','',0,0),(784,784,'yst_prominent_words','',0,1),(785,785,'yst_prominent_words','',0,1),(786,786,'yst_prominent_words','',0,1),(787,787,'yst_prominent_words','',0,1),(788,788,'yst_prominent_words','',0,1),(789,789,'yst_prominent_words','',0,1),(790,790,'yst_prominent_words','',0,1),(791,791,'yst_prominent_words','',0,1),(792,792,'yst_prominent_words','',0,1),(793,793,'yst_prominent_words','',0,13),(794,794,'yst_prominent_words','',0,5),(795,795,'yst_prominent_words','',0,0),(796,796,'yst_prominent_words','',0,1),(797,797,'yst_prominent_words','',0,1),(798,798,'yst_prominent_words','',0,0),(799,799,'yst_prominent_words','',0,0),(800,800,'yst_prominent_words','',0,0),(801,801,'yst_prominent_words','',0,0),(802,802,'yst_prominent_words','',0,0),(803,803,'yst_prominent_words','',0,2),(804,804,'yst_prominent_words','',0,1),(805,805,'yst_prominent_words','',0,0),(806,806,'yst_prominent_words','',0,0),(807,807,'yst_prominent_words','',0,0),(808,808,'yst_prominent_words','',0,1),(809,809,'yst_prominent_words','',0,1),(810,810,'yst_prominent_words','',0,1),(811,811,'yst_prominent_words','',0,1),(812,812,'yst_prominent_words','',0,1),(813,813,'yst_prominent_words','',0,1),(814,814,'yst_prominent_words','',0,2),(815,815,'yst_prominent_words','',0,1),(816,816,'yst_prominent_words','',0,1),(817,817,'yst_prominent_words','',0,1),(818,818,'yst_prominent_words','',0,1),(819,819,'yst_prominent_words','',0,1),(820,820,'yst_prominent_words','',0,1),(821,821,'yst_prominent_words','',0,0),(822,822,'yst_prominent_words','',0,1),(823,823,'yst_prominent_words','',0,0),(824,824,'yst_prominent_words','',0,1),(825,825,'yst_prominent_words','',0,1),(826,826,'yst_prominent_words','',0,2),(827,827,'yst_prominent_words','',0,0),(828,828,'yst_prominent_words','',0,0),(829,829,'yst_prominent_words','',0,1),(830,830,'yst_prominent_words','',0,0),(831,831,'yst_prominent_words','',0,1),(832,832,'yst_prominent_words','',0,1),(833,833,'yst_prominent_words','',0,5),(834,834,'yst_prominent_words','',0,1),(835,835,'yst_prominent_words','',0,1),(836,836,'yst_prominent_words','',0,1),(837,837,'yst_prominent_words','',0,1),(838,838,'yst_prominent_words','',0,1),(839,839,'yst_prominent_words','',0,1),(840,840,'yst_prominent_words','',0,1),(841,841,'yst_prominent_words','',0,1),(842,842,'yst_prominent_words','',0,1),(843,843,'yst_prominent_words','',0,1),(844,844,'yst_prominent_words','',0,1),(845,845,'yst_prominent_words','',0,1),(846,846,'yst_prominent_words','',0,1),(847,847,'yst_prominent_words','',0,1),(848,848,'yst_prominent_words','',0,1),(849,849,'yst_prominent_words','',0,1),(850,850,'yst_prominent_words','',0,1),(851,851,'yst_prominent_words','',0,1),(852,852,'yst_prominent_words','',0,1),(853,853,'yst_prominent_words','',0,1),(854,854,'yst_prominent_words','',0,2),(855,855,'yst_prominent_words','',0,1),(856,856,'yst_prominent_words','',0,1),(857,857,'yst_prominent_words','',0,1),(858,858,'yst_prominent_words','',0,0),(859,859,'yst_prominent_words','',0,1),(860,860,'yst_prominent_words','',0,0),(861,861,'yst_prominent_words','',0,0),(862,862,'platform','',0,0),(863,863,'platform','',0,0),(864,864,'platform','',0,0),(865,865,'platform','',0,0),(866,866,'platform','',0,0),(867,867,'platform','',0,0),(868,868,'platform','',0,0),(869,869,'platform','',0,0),(870,870,'platform','',0,0),(871,871,'platform','',0,0),(872,872,'platform','',0,0),(873,873,'platform','',0,0),(874,874,'platform','',0,0),(875,875,'platform','',0,0),(876,876,'platform','',0,0),(877,877,'platform','',0,0),(878,878,'platform','',0,0),(879,879,'platform','',0,0),(880,880,'platform','',0,0),(881,881,'platform','',0,0),(882,882,'platform','',0,0),(883,883,'platform','',0,0),(884,884,'platform','',0,0),(885,885,'platform','',0,0),(886,886,'platform','',0,0),(887,887,'platform','',0,0),(888,888,'platform','',0,0),(889,889,'platform','',0,0),(890,890,'platform','',0,0),(891,891,'platform','',0,0),(892,892,'platform','',0,0),(893,893,'platform','',0,0),(894,894,'platform','',0,0),(895,895,'platform','',0,0),(896,896,'platform','',0,0),(897,897,'platform','',0,0),(898,898,'platform','',0,0),(899,899,'platform','',0,0),(900,900,'platform','',0,0),(901,901,'platform','',0,0),(902,902,'platform','',0,0),(903,903,'platform','',0,0),(904,904,'platform','',0,0),(905,905,'platform','',0,0),(906,906,'platform','',0,0),(907,907,'platform','',0,0),(908,908,'platform','',0,0),(909,909,'platform','',0,0),(910,910,'platform','',0,0),(911,911,'platform','',0,0),(912,912,'platform','',0,0),(913,913,'platform','',0,0),(914,914,'platform','',0,0),(915,915,'platform','',0,0),(916,916,'platform','',0,0),(917,917,'platform','',0,0),(918,918,'platform','',0,0),(919,919,'platform','',0,0),(920,920,'platform','',0,0),(921,921,'platform','',0,0),(922,922,'platform','',0,0),(923,923,'platform','',0,0),(924,924,'platform','',0,0),(925,925,'platform','',0,0),(926,926,'platform','',0,0),(927,927,'platform','',0,0),(928,928,'platform','',0,0),(929,929,'platform','',0,0),(930,930,'platform','',0,0),(931,931,'platform','',0,0),(932,932,'platform','',0,0),(933,933,'platform','',0,0),(934,934,'platform','',0,0),(935,935,'platform','',0,0),(936,936,'platform','',0,0),(937,937,'platform','',0,0),(938,938,'platform','',0,0),(939,939,'platform','',0,0),(940,940,'platform','',0,0),(941,941,'yst_prominent_words','',0,1),(942,942,'yst_prominent_words','',0,1),(943,943,'yst_prominent_words','',0,1),(944,944,'yst_prominent_words','',0,1),(945,945,'yst_prominent_words','',0,1),(946,946,'yst_prominent_words','',0,1),(947,947,'yst_prominent_words','',0,1),(948,948,'yst_prominent_words','',0,0),(949,949,'yst_prominent_words','',0,1),(950,950,'yst_prominent_words','',0,1),(951,951,'yst_prominent_words','',0,0),(952,952,'yst_prominent_words','',0,0),(953,953,'yst_prominent_words','',0,0),(954,954,'yst_prominent_words','',0,0),(955,955,'yst_prominent_words','',0,0),(956,956,'yst_prominent_words','',0,1),(957,957,'yst_prominent_words','',0,2),(958,958,'yst_prominent_words','',0,1),(959,959,'yst_prominent_words','',0,1),(960,960,'yst_prominent_words','',0,0),(961,961,'yst_prominent_words','',0,1),(962,962,'yst_prominent_words','',0,1),(963,963,'yst_prominent_words','',0,1),(964,964,'yst_prominent_words','',0,1),(965,965,'yst_prominent_words','',0,1),(966,966,'yst_prominent_words','',0,1),(967,967,'yst_prominent_words','',0,1),(968,968,'yst_prominent_words','',0,1),(969,969,'yst_prominent_words','',0,1),(970,970,'yst_prominent_words','',0,1),(971,971,'yst_prominent_words','',0,1),(972,972,'yst_prominent_words','',0,1),(973,973,'yst_prominent_words','',0,1),(974,974,'yst_prominent_words','',0,2),(975,975,'yst_prominent_words','',0,0),(976,976,'yst_prominent_words','',0,0),(977,977,'yst_prominent_words','',0,0),(978,978,'yst_prominent_words','',0,0),(979,979,'yst_prominent_words','',0,1),(980,980,'yst_prominent_words','',0,0),(981,981,'yst_prominent_words','',0,1),(982,982,'yst_prominent_words','',0,0),(983,983,'yst_prominent_words','',0,0),(985,985,'nav_menu','',0,0),(986,986,'yst_prominent_words','',0,1),(987,987,'yst_prominent_words','',0,0),(988,988,'yst_prominent_words','',0,0),(989,989,'yst_prominent_words','',0,3),(990,990,'yst_prominent_words','',0,0),(991,991,'yst_prominent_words','',0,0),(992,992,'yst_prominent_words','',0,1),(993,993,'yst_prominent_words','',0,1),(994,994,'yst_prominent_words','',0,1),(995,995,'yst_prominent_words','',0,2),(996,996,'yst_prominent_words','',0,0),(997,997,'yst_prominent_words','',0,1),(998,998,'yst_prominent_words','',0,1),(999,999,'yst_prominent_words','',0,0),(1000,1000,'yst_prominent_words','',0,1),(1001,1001,'yst_prominent_words','',0,0),(1002,1002,'yst_prominent_words','',0,1),(1003,1003,'yst_prominent_words','',0,0),(1004,1004,'yst_prominent_words','',0,0),(1005,1005,'yst_prominent_words','',0,2),(1006,1006,'yst_prominent_words','',0,1),(1007,1007,'yst_prominent_words','',0,1),(1008,1008,'yst_prominent_words','',0,1),(1009,1009,'yst_prominent_words','',0,1),(1010,1010,'yst_prominent_words','',0,2),(1011,1011,'yst_prominent_words','',0,1),(1012,1012,'yst_prominent_words','',0,1),(1013,1013,'yst_prominent_words','',0,1),(1014,1014,'yst_prominent_words','',0,1),(1015,1015,'yst_prominent_words','',0,2),(1016,1016,'yst_prominent_words','',0,1),(1017,1017,'yst_prominent_words','',0,0),(1018,1018,'bsf_custom_fonts','',0,0),(1019,1019,'bsf_custom_fonts','',0,0),(1020,1020,'yst_prominent_words','',0,1),(1021,1021,'yst_prominent_words','',0,2),(1022,1022,'yst_prominent_words','',0,3),(1023,1023,'yst_prominent_words','',0,1),(1024,1024,'yst_prominent_words','',0,1),(1025,1025,'yst_prominent_words','',0,1),(1026,1026,'yst_prominent_words','',0,1),(1027,1027,'yst_prominent_words','',0,0),(1028,1028,'yst_prominent_words','',0,1),(1029,1029,'yst_prominent_words','',0,0),(1030,1030,'yst_prominent_words','',0,1),(1031,1031,'yst_prominent_words','',0,1),(1032,1032,'yst_prominent_words','',0,1),(1033,1033,'yst_prominent_words','',0,1),(1034,1034,'yst_prominent_words','',0,1),(1035,1035,'yst_prominent_words','',0,1),(1036,1036,'yst_prominent_words','',0,1),(1037,1037,'yst_prominent_words','',0,1),(1038,1038,'yst_prominent_words','',0,1),(1039,1039,'yst_prominent_words','',0,1),(1040,1040,'yst_prominent_words','',0,1),(1041,1041,'yst_prominent_words','',0,1),(1042,1042,'yst_prominent_words','',0,1),(1043,1043,'yst_prominent_words','',0,1),(1044,1044,'yst_prominent_words','',0,1),(1045,1045,'yst_prominent_words','',0,1),(1046,1046,'yst_prominent_words','',0,1),(1047,1047,'bsf_custom_fonts','',0,0),(1048,1048,'yst_prominent_words','',0,0),(1049,1049,'yst_prominent_words','',0,1),(1050,1050,'yst_prominent_words','',0,1),(1051,1051,'yst_prominent_words','',0,1),(1052,1052,'yst_prominent_words','',0,1),(1053,1053,'yst_prominent_words','',0,2),(1054,1054,'yst_prominent_words','',0,1),(1055,1055,'yst_prominent_words','',0,1),(1056,1056,'yst_prominent_words','',0,0),(1057,1057,'bsf_custom_fonts','',0,0),(1058,1058,'yst_prominent_words','',0,1),(1059,1059,'yst_prominent_words','',0,2),(1060,1060,'yst_prominent_words','',0,0),(1061,1061,'yst_prominent_words','',0,2),(1062,1062,'bsf_custom_fonts','',0,0),(1068,1068,'yst_prominent_words','',0,5),(1069,1069,'yst_prominent_words','',0,0),(1070,1070,'yst_prominent_words','',0,4),(1071,1071,'yst_prominent_words','',0,4),(1072,1072,'yst_prominent_words','',0,4),(1073,1073,'yst_prominent_words','',0,1),(1074,1074,'yst_prominent_words','',0,1),(1075,1075,'yst_prominent_words','',0,0),(1076,1076,'yst_prominent_words','',0,0),(1077,1077,'yst_prominent_words','',0,0),(1078,1078,'yst_prominent_words','',0,0),(1079,1079,'yst_prominent_words','',0,0),(1080,1080,'yst_prominent_words','',0,0),(1081,1081,'yst_prominent_words','',0,0),(1082,1082,'yst_prominent_words','',0,0),(1083,1083,'yst_prominent_words','',0,0),(1084,1084,'yst_prominent_words','',0,0),(1085,1085,'yst_prominent_words','',0,0),(1086,1086,'yst_prominent_words','',0,0),(1087,1087,'yst_prominent_words','',0,0),(1088,1088,'yst_prominent_words','',0,0),(1089,1089,'yst_prominent_words','',0,0),(1090,1090,'yst_prominent_words','',0,0),(1091,1091,'yst_prominent_words','',0,0),(1092,1092,'yst_prominent_words','',0,0),(1093,1093,'yst_prominent_words','',0,7),(1094,1094,'yst_prominent_words','',0,0),(1098,1098,'yst_prominent_words','',0,1),(1099,1099,'yst_prominent_words','',0,1),(1100,1100,'yst_prominent_words','',0,1),(1101,1101,'yst_prominent_words','',0,2),(1102,1102,'yst_prominent_words','',0,1),(1103,1103,'yst_prominent_words','',0,1),(1104,1104,'yst_prominent_words','',0,1),(1105,1105,'yst_prominent_words','',0,1),(1106,1106,'yst_prominent_words','',0,1),(1107,1107,'yst_prominent_words','',0,1),(1108,1108,'yst_prominent_words','',0,1),(1109,1109,'yst_prominent_words','',0,0),(1110,1110,'yst_prominent_words','',0,3),(1111,1111,'yst_prominent_words','',0,1),(1112,1112,'yst_prominent_words','',0,1),(1113,1113,'yst_prominent_words','',0,1),(1114,1114,'yst_prominent_words','',0,0),(1115,1115,'yst_prominent_words','',0,1),(1116,1116,'yst_prominent_words','',0,0),(1117,1117,'yst_prominent_words','',0,0),(1118,1118,'yst_prominent_words','',0,0),(1119,1119,'yst_prominent_words','',0,0),(1120,1120,'yst_prominent_words','',0,0),(1121,1121,'yst_prominent_words','',0,0),(1122,1122,'yst_prominent_words','',0,0),(1123,1123,'yst_prominent_words','',0,0),(1124,1124,'yst_prominent_words','',0,0),(1125,1125,'yst_prominent_words','',0,0),(1126,1126,'yst_prominent_words','',0,0),(1127,1127,'yst_prominent_words','',0,0),(1128,1128,'yst_prominent_words','',0,0),(1129,1129,'yst_prominent_words','',0,0),(1130,1130,'yst_prominent_words','',0,0),(1131,1131,'yst_prominent_words','',0,0),(1132,1132,'yst_prominent_words','',0,0),(1133,1133,'yst_prominent_words','',0,0),(1134,1134,'yst_prominent_words','',0,1),(1135,1135,'yst_prominent_words','',0,1),(1136,1136,'yst_prominent_words','',0,1),(1137,1137,'yst_prominent_words','',0,1),(1138,1138,'yst_prominent_words','',0,1),(1139,1139,'yst_prominent_words','',0,0),(1140,1140,'yst_prominent_words','',0,1),(1141,1141,'yst_prominent_words','',0,1),(1142,1142,'yst_prominent_words','',0,2),(1143,1143,'yst_prominent_words','',0,1),(1144,1144,'yst_prominent_words','',0,1),(1145,1145,'yst_prominent_words','',0,1),(1146,1146,'yst_prominent_words','',0,1),(1147,1147,'yst_prominent_words','',0,1),(1148,1148,'yst_prominent_words','',0,1),(1149,1149,'yst_prominent_words','',0,1),(1150,1150,'yst_prominent_words','',0,0),(1151,1151,'yst_prominent_words','',0,0),(1152,1152,'yst_prominent_words','',0,1),(1153,1153,'yst_prominent_words','',0,0),(1154,1154,'yst_prominent_words','',0,0),(1155,1155,'yst_prominent_words','',0,0),(1156,1156,'yst_prominent_words','',0,0),(1157,1157,'yst_prominent_words','',0,0),(1158,1158,'yst_prominent_words','',0,0),(1159,1159,'yst_prominent_words','',0,0),(1160,1160,'yst_prominent_words','',0,0),(1161,1161,'yst_prominent_words','',0,0),(1162,1162,'yst_prominent_words','',0,1),(1163,1163,'yst_prominent_words','',0,1),(1164,1164,'yst_prominent_words','',0,1),(1165,1165,'yst_prominent_words','',0,1),(1166,1166,'yst_prominent_words','',0,0),(1167,1167,'yst_prominent_words','',0,0),(1168,1168,'yst_prominent_words','',0,0),(1169,1169,'yst_prominent_words','',0,0),(1170,1170,'yst_prominent_words','',0,0),(1171,1171,'yst_prominent_words','',0,0),(1172,1172,'yst_prominent_words','',0,0),(1173,1173,'yst_prominent_words','',0,0),(1174,1174,'yst_prominent_words','',0,3),(1175,1175,'yst_prominent_words','',0,0),(1176,1176,'yst_prominent_words','',0,0),(1177,1177,'yst_prominent_words','',0,0),(1178,1178,'yst_prominent_words','',0,0),(1179,1179,'yst_prominent_words','',0,1),(1180,1180,'yst_prominent_words','',0,1),(1181,1181,'yst_prominent_words','',0,1),(1182,1182,'yst_prominent_words','',0,1),(1183,1183,'yst_prominent_words','',0,0),(1184,1184,'yst_prominent_words','',0,0),(1185,1185,'yst_prominent_words','',0,0),(1186,1186,'yst_prominent_words','',0,0),(1187,1187,'yst_prominent_words','',0,0),(1188,1188,'yst_prominent_words','',0,0),(1189,1189,'yst_prominent_words','',0,0),(1190,1190,'yst_prominent_words','',0,0),(1191,1191,'yst_prominent_words','',0,0),(1192,1192,'yst_prominent_words','',0,1),(1193,1193,'yst_prominent_words','',0,1),(1194,1194,'yst_prominent_words','',0,1),(1195,1195,'yst_prominent_words','',0,1),(1196,1196,'yst_prominent_words','',0,1),(1197,1197,'yst_prominent_words','',0,1),(1198,1198,'yst_prominent_words','',0,1),(1199,1199,'yst_prominent_words','',0,1),(1200,1200,'yst_prominent_words','',0,1),(1201,1201,'yst_prominent_words','',0,1),(1202,1202,'yst_prominent_words','',0,1),(1203,1203,'yst_prominent_words','',0,1),(1204,1204,'yst_prominent_words','',0,1),(1205,1205,'yst_prominent_words','',0,1),(1206,1206,'yst_prominent_words','',0,1),(1207,1207,'yst_prominent_words','',0,1),(1208,1208,'yst_prominent_words','',0,1),(1209,1209,'yst_prominent_words','',0,1),(1210,1210,'yst_prominent_words','',0,1),(1211,1211,'yst_prominent_words','',0,1),(1212,1212,'yst_prominent_words','',0,1),(1213,1213,'yst_prominent_words','',0,1),(1214,1214,'yst_prominent_words','',0,1),(1215,1215,'yst_prominent_words','',0,1),(1216,1216,'yst_prominent_words','',0,1),(1217,1217,'yst_prominent_words','',0,0),(1218,1218,'yst_prominent_words','',0,0),(1219,1219,'yst_prominent_words','',0,3),(1220,1220,'yst_prominent_words','',0,2),(1221,1221,'yst_prominent_words','',0,1),(1222,1222,'yst_prominent_words','',0,6),(1223,1223,'yst_prominent_words','',0,3),(1224,1224,'yst_prominent_words','',0,1),(1225,1225,'yst_prominent_words','',0,1),(1226,1226,'yst_prominent_words','',0,1),(1227,1227,'yst_prominent_words','',0,1),(1228,1228,'yst_prominent_words','',0,1),(1229,1229,'yst_prominent_words','',0,4),(1230,1230,'yst_prominent_words','',0,3),(1231,1231,'yst_prominent_words','',0,4),(1232,1232,'yst_prominent_words','',0,2),(1233,1233,'yst_prominent_words','',0,0),(1234,1234,'yst_prominent_words','',0,1),(1235,1235,'yst_prominent_words','',0,1),(1236,1236,'yst_prominent_words','',0,1),(1237,1237,'yst_prominent_words','',0,0),(1238,1238,'yst_prominent_words','',0,1),(1239,1239,'yst_prominent_words','',0,0),(1240,1240,'yst_prominent_words','',0,0),(1241,1241,'yst_prominent_words','',0,1),(1242,1242,'yst_prominent_words','',0,0),(1243,1243,'yst_prominent_words','',0,1),(1244,1244,'yst_prominent_words','',0,0),(1245,1245,'yst_prominent_words','',0,0),(1246,1246,'yst_prominent_words','',0,0),(1247,1247,'yst_prominent_words','',0,0),(1248,1248,'yst_prominent_words','',0,0),(1249,1249,'yst_prominent_words','',0,0),(1250,1250,'yst_prominent_words','',0,1),(1251,1251,'yst_prominent_words','',0,2),(1252,1252,'yst_prominent_words','',0,2),(1253,1253,'yst_prominent_words','',0,1),(1254,1254,'yst_prominent_words','',0,4),(1255,1255,'yst_prominent_words','',0,2),(1256,1256,'yst_prominent_words','',0,1),(1257,1257,'yst_prominent_words','',0,1),(1258,1258,'yst_prominent_words','',0,2),(1259,1259,'yst_prominent_words','',0,2),(1260,1260,'yst_prominent_words','',0,2),(1261,1261,'yst_prominent_words','',0,2),(1262,1262,'yst_prominent_words','',0,2),(1263,1263,'yst_prominent_words','',0,1),(1264,1264,'yst_prominent_words','',0,1),(1265,1265,'yst_prominent_words','',0,1),(1266,1266,'yst_prominent_words','',0,1),(1267,1267,'yst_prominent_words','',0,1),(1268,1268,'yst_prominent_words','',0,1),(1269,1269,'yst_prominent_words','',0,1),(1270,1270,'yst_prominent_words','',0,1),(1271,1271,'yst_prominent_words','',0,1),(1272,1272,'yst_prominent_words','',0,1),(1273,1273,'yst_prominent_words','',0,1),(1274,1274,'yst_prominent_words','',0,1),(1275,1275,'yst_prominent_words','',0,1),(1276,1276,'yst_prominent_words','',0,1),(1277,1277,'yst_prominent_words','',0,1),(1278,1278,'yst_prominent_words','',0,1),(1279,1279,'yst_prominent_words','',0,0),(1280,1280,'yst_prominent_words','',0,1),(1281,1281,'yst_prominent_words','',0,1),(1282,1282,'yst_prominent_words','',0,0),(1283,1283,'yst_prominent_words','',0,1),(1284,1284,'yst_prominent_words','',0,1),(1285,1285,'yst_prominent_words','',0,1),(1286,1286,'yst_prominent_words','',0,1),(1287,1287,'yst_prominent_words','',0,1),(1288,1288,'yst_prominent_words','',0,1),(1289,1289,'yst_prominent_words','',0,1),(1290,1290,'yst_prominent_words','',0,1),(1291,1291,'yst_prominent_words','',0,1),(1292,1292,'yst_prominent_words','',0,1),(1293,1293,'yst_prominent_words','',0,1),(1294,1294,'yst_prominent_words','',0,1),(1295,1295,'yst_prominent_words','',0,1),(1296,1296,'yst_prominent_words','',0,1),(1297,1297,'yst_prominent_words','',0,1),(1298,1298,'yst_prominent_words','',0,1),(1299,1299,'yst_prominent_words','',0,1),(1300,1300,'yst_prominent_words','',0,1),(1301,1301,'yst_prominent_words','',0,1),(1302,1302,'yst_prominent_words','',0,1),(1303,1303,'yst_prominent_words','',0,1),(1304,1304,'yst_prominent_words','',0,1),(1305,1305,'yst_prominent_words','',0,1),(1306,1306,'yst_prominent_words','',0,1),(1307,1307,'yst_prominent_words','',0,1),(1308,1308,'yst_prominent_words','',0,1),(1309,1309,'yst_prominent_words','',0,1),(1310,1310,'yst_prominent_words','',0,0),(1311,1311,'yst_prominent_words','',0,0),(1312,1312,'yst_prominent_words','',0,0),(1313,1313,'yst_prominent_words','',0,0),(1314,1314,'yst_prominent_words','',0,0),(1315,1315,'yst_prominent_words','',0,0),(1316,1316,'yst_prominent_words','',0,2),(1317,1317,'yst_prominent_words','',0,2),(1318,1318,'yst_prominent_words','',0,2),(1319,1319,'yst_prominent_words','',0,2),(1320,1320,'yst_prominent_words','',0,2),(1321,1321,'yst_prominent_words','',0,2),(1322,1322,'yst_prominent_words','',0,2),(1323,1323,'yst_prominent_words','',0,2),(1324,1324,'yst_prominent_words','',0,2),(1325,1325,'yst_prominent_words','',0,2),(1326,1326,'yst_prominent_words','',0,2),(1327,1327,'yst_prominent_words','',0,2),(1328,1328,'yst_prominent_words','',0,2),(1329,1329,'yst_prominent_words','',0,2),(1330,1330,'yst_prominent_words','',0,2),(1331,1331,'yst_prominent_words','',0,2),(1332,1332,'yst_prominent_words','',0,2),(1333,1333,'yst_prominent_words','',0,0),(1334,1334,'yst_prominent_words','',0,0),(1335,1335,'yst_prominent_words','',0,0),(1336,1336,'yst_prominent_words','',0,0),(1337,1337,'yst_prominent_words','',0,0),(1338,1338,'yst_prominent_words','',0,0),(1339,1339,'yst_prominent_words','',0,0),(1340,1340,'yst_prominent_words','',0,0),(1341,1341,'elementor_library_type','',0,1),(1342,1342,'elementor_library_type','',0,1),(1343,1343,'elementor_library_type','',0,0),(1345,1345,'elementor_library_type','',0,3),(1354,1354,'elementor_library_type','',0,4),(1360,1360,'wp_theme','',0,1),(1361,1361,'nav_menu','',0,2),(1362,1362,'wp_theme','',0,1),(1363,1363,'elementor_font_type','',0,2),(1364,1364,'elementor_library_type','',0,2),(1365,1365,'wpcode_type','',0,1),(1366,1366,'wpcode_location','',0,1),(1367,1367,'wpcode_tags','',0,2),(1368,1368,'wpcode_tags','',0,1),(1369,1369,'wpcode_type','',0,1),(1370,1370,'wpcode_location','',0,1),(1371,1371,'wpcode_tags','',0,1),(1372,1372,'wpcode_tags','',0,1),(1373,1373,'wp_theme','',0,1),(1374,1374,'elementor_library_type','',0,3),(1375,1375,'category','',0,31);

--
-- Table structure for table `wp_termmeta`
--

CREATE TABLE `wp_termmeta` (
  `meta_id` bigint(20) unsigned NOT NULL AUTO_INCREMENT,
  `term_id` bigint(20) unsigned NOT NULL DEFAULT '0',
  `meta_key` varchar(255) COLLATE utf8mb4_unicode_520_ci DEFAULT NULL,
  `meta_value` longtext COLLATE utf8mb4_unicode_520_ci,
  PRIMARY KEY (`meta_id`),
  KEY `term_id` (`term_id`),
  KEY `meta_key` (`meta_key`(191))
) ENGINE=MyISAM AUTO_INCREMENT=94 DEFAULT CHARSET=utf8mb4 COLLATE=utf8mb4_unicode_520_ci;

--
-- Dumping data for table `wp_termmeta`
--

INSERT INTO `wp_termmeta` VALUES (1,1,'eael_transient_elements','a:0:{}'),(4,3,'eael_transient_elements','a:0:{}'),(5,2,'eael_transient_elements','a:0:{}'),(6,626,'created_date_gmt','2020-02-05 20:25:51'),(7,627,'created_date_gmt','2020-02-05 20:25:51'),(8,628,'created_date_gmt','2020-02-05 20:25:51'),(9,629,'created_date_gmt','2020-02-05 20:25:51'),(10,630,'created_date_gmt','2020-02-05 20:25:51'),(11,631,'created_date_gmt','2020-02-05 20:25:51'),(12,632,'created_date_gmt','2020-02-05 20:25:51'),(13,633,'created_date_gmt','2020-02-05 20:25:51'),(14,634,'created_date_gmt','2020-02-05 20:25:51'),(15,635,'created_date_gmt','2020-02-05 20:25:51'),(16,636,'created_date_gmt','2020-02-05 20:25:51'),(17,637,'created_date_gmt','2020-02-05 20:25:51'),(18,638,'created_date_gmt','2020-02-05 20:25:51'),(19,639,'created_date_gmt','2020-02-05 20:25:51'),(20,640,'created_date_gmt','2020-02-05 20:25:51'),(21,641,'created_date_gmt','2020-02-05 20:25:51'),(22,642,'created_date_gmt','2020-02-05 20:25:51'),(23,643,'created_date_gmt','2020-02-05 20:25:52'),(24,644,'created_date_gmt','2020-02-05 20:25:52'),(25,645,'created_date_gmt','2020-02-05 20:25:52'),(26,646,'created_date_gmt','2020-02-05 20:25:52'),(27,647,'created_date_gmt','2020-02-05 20:25:52'),(28,648,'created_date_gmt','2020-02-05 20:25:52'),(29,649,'created_date_gmt','2020-02-05 20:25:52'),(30,650,'created_date_gmt','2020-02-05 20:25:52'),(31,651,'created_date_gmt','2020-02-05 20:25:52'),(32,652,'created_date_gmt','2020-02-05 20:25:52'),(33,653,'created_date_gmt','2020-02-05 20:25:52'),(34,654,'created_date_gmt','2020-02-05 20:25:52'),(35,655,'created_date_gmt','2020-02-05 20:25:52'),(36,656,'created_date_gmt','2020-02-05 20:25:52'),(37,657,'created_date_gmt','2020-02-05 20:25:52'),(38,658,'created_date_gmt','2020-02-05 20:25:52'),(39,659,'created_date_gmt','2020-02-05 20:25:52'),(40,660,'created_date_gmt','2020-02-05 20:25:52'),(41,661,'created_date_gmt','2020-02-05 20:25:52'),(42,662,'created_date_gmt','2020-02-05 20:25:52'),(43,663,'created_date_gmt','2020-02-05 20:25:52'),(44,664,'created_date_gmt','2020-02-05 20:25:52'),(45,665,'created_date_gmt','2020-02-05 20:25:52'),(46,666,'created_date_gmt','2020-02-05 20:25:52'),(47,667,'created_date_gmt','2020-02-05 20:25:52'),(48,668,'created_date_gmt','2020-02-05 20:25:52'),(49,669,'created_date_gmt','2020-02-05 20:25:52'),(50,670,'created_date_gmt','2020-02-05 20:25:52'),(51,671,'created_date_gmt','2020-02-05 20:25:52'),(52,672,'created_date_gmt','2020-02-05 20:25:52'),(53,673,'created_date_gmt','2020-02-05 20:25:52'),(54,674,'created_date_gmt','2020-02-05 20:25:52'),(55,675,'created_date_gmt','2020-02-05 20:25:52'),(56,676,'created_date_gmt','2020-02-05 20:25:52'),(57,677,'created_date_gmt','2020-02-05 20:25:52'),(58,678,'created_date_gmt','2020-02-05 20:25:52'),(59,679,'created_date_gmt','2020-02-05 20:25:52'),(60,680,'created_date_gmt','2020-02-05 20:25:52'),(61,681,'created_date_gmt','2020-02-05 20:25:52'),(62,682,'created_date_gmt','2020-02-05 20:25:52'),(63,683,'created_date_gmt','2020-02-05 20:25:52'),(64,684,'created_date_gmt','2020-02-05 20:25:52'),(65,685,'created_date_gmt','2020-02-05 20:25:52'),(66,686,'created_date_gmt','2020-02-05 20:25:52'),(67,687,'created_date_gmt','2020-02-05 20:26:23'),(68,688,'created_date_gmt','2020-02-05 20:29:03'),(69,689,'created_date_gmt','2020-02-05 20:29:03'),(70,690,'created_date_gmt','2020-02-05 20:29:03'),(71,691,'created_date_gmt','2020-02-05 20:29:03'),(72,692,'created_date_gmt','2020-02-05 20:29:03'),(73,693,'created_date_gmt','2020-02-05 20:29:03'),(74,694,'created_date_gmt','2020-02-05 20:29:03'),(75,695,'created_date_gmt','2020-02-05 20:29:03'),(76,696,'created_date_gmt','2020-02-05 20:35:38'),(77,716,'created_date_gmt','2020-02-11 03:26:13'),(78,717,'created_date_gmt','2020-02-11 03:26:13'),(79,718,'created_date_gmt','2020-02-11 03:26:13'),(80,719,'created_date_gmt','2020-02-11 03:26:13'),(81,2646,'eael_transient_elements','a:0:{}'),(82,2868,'eael_transient_elements','a:0:{}'),(83,2956,'eael_transient_elements','a:0:{}'),(84,2962,'eael_transient_elements','a:0:{}'),(86,1,'wpil_links_inbound_internal_count','0'),(87,1,'wpil_links_inbound_internal_count_data','a:0:{}'),(88,1,'wpil_links_outbound_internal_count','0'),(89,1,'wpil_links_outbound_internal_count_data','a:0:{}'),(90,1,'wpil_links_outbound_external_count','0'),(91,1,'wpil_links_outbound_external_count_data','a:0:{}'),(92,1,'wpil_sync_report3','1'),(93,1,'wpil_sync_report2_time','2022-10-17T18:15:14+00:00');

--
-- Table structure for table `wp_terms`
--

CREATE TABLE `wp_terms` (
  `term_id` bigint(20) unsigned NOT NULL AUTO_INCREMENT,
  `name` varchar(200) COLLATE utf8mb4_unicode_520_ci NOT NULL DEFAULT '',
  `slug` varchar(200) COLLATE utf8mb4_unicode_520_ci NOT NULL DEFAULT '',
  `term_group` bigint(10) NOT NULL DEFAULT '0',
  PRIMARY KEY (`term_id`),
  KEY `slug` (`slug`(191)),
  KEY `name` (`name`(191))
) ENGINE=MyISAM AUTO_INCREMENT=1378 DEFAULT CHARSET=utf8mb4 COLLATE=utf8mb4_unicode_520_ci;

--
-- Dumping data for table `wp_terms`
--

INSERT INTO `wp_terms` VALUES (1,'בלוג','%d7%91%d7%9c%d7%95%d7%92',0),(2,'Main Menu','main-menu',0),(3,'FlamaCondensed-Semibold.otf','flama',0),(4,'FlamaSemicondensed-Basic','flamasemicondensed-basic',0),(5,'FlamaSemicondensed-Bold','flamasemicondensed-bold',0),(6,'page','page',0),(9,'section','section',0),(10,'opioid dependency','opioid-dependency',0),(11,'rapid detox','rapid-detox',0),(12,'treatment for opioid','treatment-for-opioid',0),(13,'opioid','opioid',0),(14,'anr','anr',0),(15,'treatment','treatment',0),(16,'813 750-7470','813-750-7470',0),(17,'opioid addiction','opioid-addiction',0),(18,'accelerated neuro regulation or anr','accelerated-neuro-regulation-or-anr',0),(19,'relationship between endorphins and receptors','relationship-between-endorphins-and-receptors',0),(20,'neuro regulation or anr','neuro-regulation-or-anr',0),(21,'accelerated neuro regulation','accelerated-neuro-regulation',0),(22,'looking to train','looking-to-train',0),(23,'regulation or anr','regulation-or-anr',0),(24,'relationship between endorphins','relationship-between-endorphins',0),(25,'endorphins and receptors','endorphins-and-receptors',0),(26,'andre waismann','andre-waismann',0),(27,'accelerated neuro','accelerated-neuro',0),(28,'neuro regulation','neuro-regulation',0),(29,'addict\'s brain','addicts-brain',0),(30,'waismann','waismann',0),(31,'u.s','u-s',0),(32,'program','program',0),(33,'claims','claims',0),(34,'successfully','successfully',0),(35,'addicts','addicts',0),(36,'florida','florida',0),(37,'modern medicine','modern-medicine',0),(38,'dependency','dependency',0),(39,'patients','patients',0),(40,'medicine','medicine',0),(41,'rapid','rapid',0),(42,'detox','detox',0),(43,'experience','experience',0),(44,'achievements','achievements',0),(45,'accelerated','accelerated',0),(46,'addiction','addiction',0),(47,'813','813',0),(48,'waismann\'s accelerated neuroregulation','waismanns-accelerated-neuroregulation',0),(49,'accelerated neuroregulation','accelerated-neuroregulation',0),(50,'waismann\'s accelerated','waismanns-accelerated',0),(51,'patient','patient',0),(52,'neuroregulation','neuroregulation',0),(53,'period','period',0),(54,'addresses','addresses',0),(55,'medical','medical',0),(56,'modern','modern',0),(57,'reverses','reverses',0),(58,'caused','caused',0),(59,'opioid withdrawal treatment','opioid-withdrawal-treatment',0),(60,'opioid withdrawal','opioid-withdrawal',0),(61,'withdrawal treatment','withdrawal-treatment',0),(62,'withdrawal','withdrawal',0),(63,'tragedy of addiction','tragedy-of-addiction',0),(64,'september 25 2019','september-25-2019',0),(65,'drug addiction','drug-addiction',0),(66,'september 25','september-25',0),(67,'medical field','medical-field',0),(68,'25 2019','25-2019',0),(69,'initial treatment','initial-treatment',0),(70,'facts about opiate addiction','facts-about-opiate-addiction',0),(71,'drug','drug',0),(72,'opiate addiction and treatment','opiate-addiction-and-treatment',0),(73,'people','people',0),(74,'september 14 2019','september-14-2019',0),(75,'see','see',0),(76,'vitamin d receptors','vitamin-d-receptors',0),(77,'body','body',0),(78,'1px solid #eee','1px-solid-eee',0),(79,'society','society',0),(80,'october 14 2019','october-14-2019',0),(81,'know','know',0),(82,'september 26 2019','september-26-2019',0),(83,'14 2019','14-2019',0),(84,'understand','understand',0),(85,'opiate addiction','opiate-addiction',0),(86,'addicted','addicted',0),(87,'vitamin d','vitamin-d',0),(88,'drugs','drugs',0),(89,'display inline','display-inline',0),(90,'cause','cause',0),(91,'26 2019','26-2019',0),(92,'process','process',0),(93,'facts about opiate','facts-about-opiate',0),(94,'developed','developed',0),(95,'addiction and treatment','addiction-and-treatment',0),(96,'bargaining and unions','bargaining-and-unions',0),(97,'september','september',0),(98,'work force','work-force',0),(99,'september 14','september-14',0),(100,'government employees','government-employees',0),(101,'d receptors','d-receptors',0),(102,'18','18',0),(103,'team','team',0),(104,'spoke','spoke',0),(105,'care','care',0),(106,'unions','unions',0),(107,'work','work',0),(108,'seek treatment','seek-treatment',0),(109,'force','force',0),(110,'seek','seek',0),(111,'sept','sept',0),(112,'methods','methods',0),(113,'anr europe thun','anr-europe-thun',0),(114,'help','help',0),(115,'landmark hospital','landmark-hospital',0),(116,'anr europe','anr-europe',0),(117,'israeli doctor andre','israeli-doctor-andre',0),(118,'thun switzerland','thun-switzerland',0),(119,'endriss','endriss',0),(120,'europe thun','europe-thun',0),(121,'dr matamoros','dr-matamoros',0),(122,'anr clinic','anr-clinic',0),(123,'israeli doctor','israeli-doctor',0),(124,'anr procedure','anr-procedure',0),(125,'doctor andre','doctor-andre',0),(126,'thun','thun',0),(127,'costa rican','costa-rican',0),(128,'hospital','hospital',0),(129,'landmark','landmark',0),(130,'morphine addiction','morphine-addiction',0),(131,'rapid detoxification','rapid-detoxification',0),(132,'europe','europe',0),(133,'heroin addicts','heroin-addicts',0),(134,'switzerland','switzerland',0),(135,'detoxification treatment','detoxification-treatment',0),(136,'clinic','clinic',0),(137,'san carlos','san-carlos',0),(138,'facility','facility',0),(139,'tel aviv','tel-aviv',0),(140,'naples','naples',0),(141,'dr waismann','dr-waismann',0),(142,'procedure','procedure',0),(143,'dr mudaliar','dr-mudaliar',0),(144,'phone','phone',0),(145,'doctors','doctors',0),(146,'rapid detox programs','rapid-detox-programs',0),(147,'morphine','morphine',0),(148,'rapid detox procedures','rapid-detox-procedures',0),(149,'dr andre waismann','dr-andre-waismann',0),(150,'outside your country','outside-your-country',0),(151,'public health system','public-health-system',0),(152,'detox programs','detox-programs',0),(153,'heroin addiction','heroin-addiction',0),(154,'side effects','side-effects',0),(155,'heroin','heroin',0),(156,'detox procedures','detox-procedures',0),(157,'andre','andre',0),(158,'anr recognizes','anr-recognizes',0),(159,'public health','public-health',0),(160,'critical care','critical-care',0),(161,'dr waismann\'s treatment','dr-waismanns-treatment',0),(162,'opiate','opiate',0),(163,'life-saving treatment','life-saving-treatment',0),(164,'side','side',0),(165,'offer hope','offer-hope',0),(166,'carried','carried',0),(167,'health system','health-system',0),(168,'treat','treat',0),(169,'waismann\'s treatment','waismanns-treatment',0),(170,'roots of opioid dependency','roots-of-opioid-dependency',0),(171,'dr andre','dr-andre',0),(172,'newly introduced substance','newly-introduced-substance',0),(173,'joanne','joanne',0),(174,'opioid dependency treatment','opioid-dependency-treatment',0),(175,'intensive care medicine physician','intensive-care-medicine-physician',0),(176,'rapid detox clinics','rapid-detox-clinics',0),(177,'dependency at the receptor level','dependency-at-the-receptor-level',0),(178,'roots of opioid','roots-of-opioid',0),(179,'understand that opioid dependency','understand-that-opioid-dependency',0),(180,'chemical responses','chemical-responses',0),(181,'landmark hospital in naples','landmark-hospital-in-naples',0),(182,'newly introduced','newly-introduced',0),(183,'intensive care medicine','intensive-care-medicine',0),(184,'introduced substance','introduced-substance',0),(185,'care medicine physician','care-medicine-physician',0),(186,'chemical response','chemical-response',0),(187,'dependency at the receptor','dependency-at-the-receptor',0),(188,'dependency treatment','dependency-treatment',0),(189,'understand that opioid','understand-that-opioid',0),(190,'detox clinics','detox-clinics',0),(191,'hospital in naples','hospital-in-naples',0),(192,'endorphin-receptor balance','endorphin-receptor-balance',0),(193,'opiate dependency','opiate-dependency',0),(194,'chemical','chemical',0),(195,'receptor level','receptor-level',0),(196,'nervous system','nervous-system',0),(197,'attorney general','attorney-general',0),(198,'intensive care','intensive-care',0),(199,'accelerated neuro-regulation','accelerated-neuro-regulation-2',0),(200,'exogenous opioids','exogenous-opioids',0),(201,'care medicine','care-medicine',0),(202,'medicine physician','medicine-physician',0),(203,'endorphin production','endorphin-production',0),(204,'endorphin/opioid receptors','endorphin-opioid-receptors',0),(205,'fight the illness','fight-the-illness',0),(206,'physical examination','physical-examination',0),(207,'treating heroin addiction','treating-heroin-addiction',0),(208,'production','production',0),(209,'symptoms of heroin','symptoms-of-heroin',0),(210,'nervous','nervous',0),(211,'treating heroin','treating-heroin',0),(212,'system','system',0),(213,'illness','illness',0),(214,'opioids','opioids',0),(215,'children','children',0),(216,'stimuli','stimuli',0),(217,'scotland','scotland',0),(218,'physical','physical',0),(219,'treated','treated',0),(220,'endorphin','endorphin',0),(221,'receptors','receptors',0),(222,'balance','balance',0),(223,'induced','induced',0),(224,'psychological problems','psychological-problems',0),(225,'waismann and his team','waismann-and-his-team',0),(226,'page','page',0),(227,'medical problem','medical-problem',0),(228,'site','site',0),(229,'waismann\'s clinic','waismanns-clinic',0),(230,'xyz','xyz',0),(231,'drug addicts','drug-addicts',0),(232,'gotham','gotham',0),(233,'drug misuse','drug-misuse',0),(234,'drug treatment','drug-treatment',0),(235,'opiate addicts','opiate-addicts',0),(236,'heroin addict','heroin-addict',0),(237,'anr treatment for opioid dependency','anr-treatment-for-opioid-dependency',0),(238,'opiates','opiates',0),(239,'fight in the global opioid','fight-in-the-global-opioid',0),(240,'psychological','psychological',0),(241,'shared their expertise in anr','shared-their-expertise-in-anr',0),(242,'dependency with government and health','dependency-with-government-and-health',0),(243,'für anästhesie und intensivmedizin','fur-anasthesie-und-intensivmedizin',0),(244,'expertise in anr treatment','expertise-in-anr-treatment',0),(245,'das ist keine scharlatanerie','das-ist-keine-scharlatanerie',0),(246,'anr treatment for opioid','anr-treatment-for-opioid',0),(247,'anr in der schweiz','anr-in-der-schweiz',0),(248,'treatment for opioid dependency','treatment-for-opioid-dependency',0),(249,'der','der',0),(250,'opioid dependency with government','opioid-dependency-with-government',0),(251,'der israelische arzt','der-israelische-arzt',0),(252,'government and health organizations','government-and-health-organizations',0),(253,'im berner oberland','im-berner-oberland',0),(254,'global opioid epidemic','global-opioid-epidemic',0),(255,'von ihrer sucht','von-ihrer-sucht',0),(256,'fight in the global','fight-in-the-global',0),(257,'für anästhesie und','fur-anasthesie-und',0),(258,'led the fight','led-the-fight',0),(259,'anästhesie und intensivmedizin','anasthesie-und-intensivmedizin',0),(260,'shared their expertise','shared-their-expertise',0),(261,'supervision von waismann','supervision-von-waismann',0),(262,'expertise in anr','expertise-in-anr',0),(263,'das ist keine','das-ist-keine',0),(264,'dependency with government','dependency-with-government',0),(265,'ist keine scharlatanerie','ist-keine-scharlatanerie',0),(266,'government and health','government-and-health',0),(267,'der schweiz','der-schweiz',0),(268,'enter a valid','enter-a-valid',0),(269,'von waismann','von-waismann',0),(270,'24,000 patients','24000-patients',0),(271,'patricia manndorff','patricia-manndorff',0),(272,'von','von',0),(273,'nach','nach',0),(274,'anr in der','anr-in-der',0),(275,'barzilay hospital','barzilay-hospital',0),(276,'cravings','cravings',0),(277,'world','world',0),(278,'barzilay','barzilay',0),(279,'heroine','heroine',0),(280,'ever received psychiatric treatment','ever-received-psychiatric-treatment',0),(281,'syndrome','syndrome',0),(282,'liver disease \\/ infections','liver-disease-infections',0),(283,'regain','regain',0),(284,'kidney disease \\/ problem','kidney-disease-problem',0),(285,'received psychiatric treatment','received-psychiatric-treatment',0),(286,'opiate addiction treatment options','opiate-addiction-treatment-options',0),(287,'disease \\/ infections','disease-infections',0),(288,'disease \\/ problem','disease-problem',0),(289,'opiate addiction treatment','opiate-addiction-treatment',0),(290,'disease \\/','disease',0),(291,'withdraw symptoms','withdraw-symptoms',0),(292,'asthma or shortness of breath','asthma-or-shortness-of-breath',0),(293,'addiction treatment options','addiction-treatment-options',0),(294,'methadone or suboxone maintenance','methadone-or-suboxone-maintenance',0),(295,'waismann and his staff','waismann-and-his-staff',0),(296,'type\":\"html\",\"default','typehtmldefault',0),(297,'addiction treatment','addiction-treatment',0),(298,'treatment options','treatment-options',0),(299,'withdraw','withdraw',0),(300,'anr center','anr-center',0),(301,'symptoms','symptoms',0),(302,'first anr','first-anr',0),(303,'staff','staff',0),(304,'de','de',0),(305,'options','options',0),(306,'israeli','israeli',0),(307,'fall victim to relapse','fall-victim-to-relapse',0),(308,'center','center',0),(309,'national health crisis','national-health-crisis',0),(310,'training','training',0),(311,'fall victim','fall-victim',0),(312,'israel','israel',0),(313,'career','career',0),(314,'makeup of the receptors','makeup-of-the-receptors',0),(315,'critical','critical',0),(316,'opioid epidemic','opioid-epidemic',0),(317,'charge','charge',0),(318,'victim to relapse','victim-to-relapse',0),(319,'fall into dependency','fall-into-dependency',0),(320,'medical information','medical-information',0),(321,'fall','fall',0),(322,'disclose your medical information','disclose-your-medical-information',0),(323,'detox centers','detox-centers',0),(324,'information listed at the end','information-listed-at-the-end',0),(325,'fall prey','fall-prey',0),(326,'health care','health-care',0),(327,'synthetic opioids','synthetic-opioids',0),(328,'end of this notice','end-of-this-notice',0),(329,'effective solution','effective-solution',0),(330,'disclose your medical','disclose-your-medical',0),(331,'national health','national-health',0),(332,'listed at the end','listed-at-the-end',0),(333,'health crisis','health-crisis',0),(334,'obtain a form to request','obtain-a-form-to-request',0),(335,'crisis','crisis',0),(336,'using the contact information listed','using-the-contact-information-listed',0),(337,'solution','solution',0),(338,'health care operations','health-care-operations',0),(339,'disclosure of your medical information','disclosure-of-your-medical-information',0),(340,'pain management','pain-management',0),(341,'treatment payment and health care','treatment-payment-and-health-care',0),(342,'anr method','anr-method',0),(343,'payment and health care operations','payment-and-health-care-operations',0),(344,'withdrawal symptoms','withdrawal-symptoms',0),(345,'using the contact information','using-the-contact-information',0),(346,'acting opiate','acting-opiate',0),(347,'contact information listed','contact-information-listed',0),(348,'effects','effects',0),(349,'information listed','information-listed',0),(350,'pain','pain',0),(351,'organized health care arrangement','organized-health-care-arrangement',0),(352,'too weak','too-weak',0),(353,'privacy of your medical information','privacy-of-your-medical-information',0),(354,'time','time',0),(355,'access to your medical information','access-to-your-medical-information',0),(356,'continued','continued',0),(357,'rules','rules',0),(358,'life','life',0),(359,'started','started',0),(360,'fell','fell',0),(361,'left','left',0),(362,'newspaper magazine tv','newspaper-magazine-tv',0),(363,'fight','fight',0),(364,'new import','new-import',0),(365,'dignity','dignity',0),(366,'newspaper magazine','newspaper-magazine',0),(367,'crimes','crimes',0),(368,'magazine tv','magazine-tv',0),(369,'form','form',0),(370,'republic','republic',0),(371,'feed','feed',0),(372,'import','import',0),(373,'opiate receptors','opiate-receptors',0),(374,'value\",\"default\":\"\"},\"selected\":{\"header','valuedefaultselectedheader',0),(375,'natural opiates','natural-opiates',0),(376,'office','office',0),(377,'synthetic opiates','synthetic-opiates',0),(378,'var','var',0),(379,'addictive','addictive',0),(380,'democratic','democratic',0),(381,'natural','natural',0),(382,'islands','islands',0),(383,'derived','derived',0),(384,'pleasure','pleasure',0),(385,'center for disease control','center-for-disease-control',0),(386,'disease control and prevention','disease-control-and-prevention',0),(387,'center for disease','center-for-disease',0),(388,'vitamin d levels','vitamin-d-levels',0),(389,'control and prevention','control-and-prevention',0),(390,'inadequate vitamin d levels','inadequate-vitamin-d-levels',0),(391,'landmark hospitals','landmark-hospitals',0),(392,'opiate dependent patients','opiate-dependent-patients',0),(393,'disease control','disease-control',0),(394,'inadequate vitamin d','inadequate-vitamin-d',0),(395,'resources','resources',0),(396,'d levels','d-levels',0),(397,'hospitals','hospitals',0),(398,'opiate dependent','opiate-dependent',0),(399,'disease','disease-2',0),(400,'dependent patients','dependent-patients',0),(401,'control','control',0),(402,'inadequate vitamin','inadequate-vitamin',0),(403,'prevention','prevention',0),(404,'chronic pain','chronic-pain',0),(405,'dependent','dependent',0),(406,'pain receptors in the brain','pain-receptors-in-the-brain',0),(407,'levels','levels',0),(408,'follow the doctor\'s instructions','follow-the-doctors-instructions',0),(409,'inadequate','inadequate',0),(410,'binds to the pain receptors','binds-to-the-pain-receptors',0),(411,'lead','lead',0),(412,'moderate to moderately severe pain','moderate-to-moderately-severe-pain',0),(413,'false','false',0),(414,'tablet capsule and liquid form','tablet-capsule-and-liquid-form',0),(415,'general','general',0),(416,'halts the production of prostaglandins','halts-the-production-of-prostaglandins',0),(417,'due','due',0),(418,'receptors in the brain','receptors-in-the-brain',0),(419,'inexpensive','inexpensive',0),(420,'brand name for the combination','brand-name-for-the-combination',0),(421,'prescribed for moderate to moderately','prescribed-for-moderate-to-moderately',0),(422,'medical industry','medical-industry',0),(423,'binds to the pain','binds-to-the-pain',0),(424,'pharmaceutical industry','pharmaceutical-industry',0),(425,'acetaminophen halts the production','acetaminophen-halts-the-production',0),(426,'industry','industry',0),(427,'moderate to moderately severe','moderate-to-moderately-severe',0),(428,'medical conditions','medical-conditions',0),(429,'tablet capsule and liquid','tablet-capsule-and-liquid',0),(430,'conditions','conditions',0),(431,'capsule and liquid form','capsule-and-liquid-form',0),(432,'chronic','chronic',0),(433,'sensation of pain','sensation-of-pain',0),(434,'problem','problem',0),(435,'combination of acetaminophen tylenol','combination-of-acetaminophen-tylenol',0),(436,'healing','healing',0),(437,'hydrocodone binds to the pain','hydrocodone-binds-to-the-pain',0),(438,'pharmaceutical','pharmaceutical',0),(439,'moderately severe pain','moderately-severe-pain',0),(440,'medications','medications',0),(441,'range','range',0),(442,'doctor\'s instructions','doctors-instructions',0),(443,'epidemic','epidemic',0),(444,'anr treatment','anr-treatment',0),(445,'damaging','damaging',0),(446,'food','food',0),(447,'god bless','god-bless',0),(448,'considered','considered',0),(449,'thank','thank',0),(450,'new life','new-life',0),(451,'de opiáceos','de-opiaceos',0),(452,'son','son',0),(453,'à base de','a-base-de',0),(454,'doctor','doctor',0),(455,'o vício em','o-vicio-em',0),(456,'god','god',0),(457,'força de vontade','forca-de-vontade',0),(458,'usa','usa',0),(459,'produção de endorfina','producao-de-endorfina',0),(460,'save','save',0),(461,'receptores que não','receptores-que-nao',0),(462,'sleep','sleep',0),(463,'que','que',0),(464,'thanks','thanks',0),(465,'o paciente','o-paciente',0),(466,'give','give',0),(467,'em','em',0),(468,'call','call',0),(469,'não','nao',0),(470,'saved','saved',0),(471,'um','um',0),(472,'trauma','trauma',0),(473,'tratamento de','tratamento-de',0),(474,'chance','chance',0),(475,'à base','a-base',0),(476,'base de','base-de',0),(477,'january 7 2019','january-7-2019',0),(478,'naltrexona que','naltrexona-que',0),(479,'biological roots of opioid dependency','biological-roots-of-opioid-dependency',0),(480,'o vício','o-vicio',0),(481,'andre waismann rethinking addiction','andre-waismann-rethinking-addiction',0),(482,'vício em','vicio-em',0),(483,'waismann on the anr treatment','waismann-on-the-anr-treatment',0),(484,'em opiáceos','em-opiaceos',0),(485,'identifying the biological roots','identifying-the-biological-roots',0),(486,'36 horas','36-horas',0),(487,'biological roots of opioid','biological-roots-of-opioid',0),(488,'end the opioid crisis','end-the-opioid-crisis',0),(489,'controversial solution for drug addicts','controversial-solution-for-drug-addicts',0),(490,'dr waismann on the anr','dr-waismann-on-the-anr',0),(491,'offers a controversial solution','offers-a-controversial-solution',0),(492,'january 4 2020','january-4-2020',0),(493,'controversial solution for drug','controversial-solution-for-drug',0),(494,'january 3 2020','january-3-2020',0),(495,'solution for drug addicts','solution-for-drug-addicts',0),(496,'january 2 2020','january-2-2020',0),(497,'needed the morphine','needed-the-morphine',0),(498,'january 1 2020','january-1-2020',0),(499,'simon catalove','simon-catalove',0),(500,'andre waismann rethinking','andre-waismann-rethinking',0),(501,'offers a controversial','offers-a-controversial',0),(502,'waismann rethinking addiction','waismann-rethinking-addiction',0),(503,'solution for drug','solution-for-drug',0),(504,'january 7','january-7',0),(505,'7 2019','7-2019',0),(506,'waismann on the anr','waismann-on-the-anr',0),(507,'opiate receptors in the brain','opiate-receptors-in-the-brain',0),(508,'scientific community','scientific-community',0),(509,'outside general hospitals','outside-general-hospitals',0),(510,'psychosocial side effects','psychosocial-side-effects',0),(511,'treating opiate dependency','treating-opiate-dependency',0),(512,'reversed opiate dependency','reversed-opiate-dependency',0),(513,'heroine dependency','heroine-dependency',0),(514,'craving scale','craving-scale',0),(515,'safe and humane','safe-and-humane',0),(516,'knowledge and treatment','knowledge-and-treatment',0),(517,'biological roots','biological-roots',0),(518,'opioid-dependent patients','opioid-dependent-patients',0),(519,'untreated','untreated',0),(520,'biological','biological',0),(521,'roots','roots',0),(522,'deaths','deaths',0),(523,'opioid-dependent','opioid-dependent',0),(524,'allow','allow',0),(525,'prescription of legal opiates','prescription-of-legal-opiates',0),(526,'criminal justice system','criminal-justice-system',0),(527,'possession','possession',0),(528,'state laws','state-laws',0),(529,'possession of heroin','possession-of-heroin',0),(530,'number of opioid','number-of-opioid',0),(531,'prescription of legal','prescription-of-legal',0),(532,'state','state',0),(533,'constructive possession','constructive-possession',0),(534,'criminal justice','criminal-justice',0),(535,'justice system','justice-system',0),(536,'legal opiates','legal-opiates',0),(537,'cost','cost',0),(538,'sentencing','sentencing',0),(539,'federal','federal',0),(540,'important to know the signs','important-to-know-the-signs',0),(541,'opioid overdose','opioid-overdose',0),(542,'know the signs','know-the-signs',0),(543,'dependent on opioids','dependent-on-opioids',0),(544,'prescription opioids','prescription-opioids',0),(545,'respiratory depression','respiratory-depression',0),(546,'order','order',0),(547,'overdose','overdose',0),(548,'important to know','important-to-know',0),(549,'neonatal abstinence syndrome','neonatal-abstinence-syndrome',0),(550,'affected by the opioid epidemic','affected-by-the-opioid-epidemic',0),(551,'addiction to opioids','addiction-to-opioids',0),(552,'affected by the opioid','affected-by-the-opioid',0),(553,'neonatal abstinence','neonatal-abstinence',0),(554,'abstinence syndrome','abstinence-syndrome',0),(555,'rural communities','rural-communities',0),(556,'walks of life','walks-of-life',0),(557,'opioids in order','opioids-in-order',0),(558,'order to relieve','order-to-relieve',0),(559,'children and adolescents','children-and-adolescents',0),(560,'misuse of opioids','misuse-of-opioids',0),(561,'health problems','health-problems',0),(562,'lgbtq community','lgbtq-community',0),(563,'substance abuse','substance-abuse',0),(564,'drug into their bloodstream','drug-into-their-bloodstream',0),(565,'opioid addict','opioid-addict',0),(566,'street names','street-names',0),(567,'new users','new-users',0),(568,'user','user',0),(569,'addict','addict',0),(570,'users','users',0),(571,'injection','injection',0),(572,'reach','reach',0),(573,'number','number',0),(574,'prescription','prescription',0),(575,'serotonin syndrome','serotonin-syndrome',0),(576,'cough syrup','cough-syrup',0),(577,'codeine overdose','codeine-overdose',0),(578,'heart rate','heart-rate',0),(579,'codeine addiction','codeine-addiction',0),(580,'purple drank','purple-drank',0),(581,'popular culture','popular-culture',0),(582,'codeine abuse','codeine-abuse',0),(583,'serotonin','serotonin',0),(584,'abuse','abuse',0),(585,'cough','cough',0),(586,'syrup','syrup',0),(587,'addiction or opiate dependency','addiction-or-opiate-dependency',0),(588,'addiction or opiate','addiction-or-opiate',0),(589,'mainstream medicine','mainstream-medicine',0),(590,'treating opiate','treating-opiate',0),(591,'war heroes','war-heroes',0),(592,'external narcotics','external-narcotics',0),(593,'brain','brain',0),(594,'suffering from an opiate addiction','suffering-from-an-opiate-addiction',0),(595,'signs of opiate addiction','signs-of-opiate-addiction',0),(596,'suffering from an opiate','suffering-from-an-opiate',0),(597,'signs of opiate','signs-of-opiate',0),(598,'include','include',0),(599,'signs','signs',0),(600,'behavior','behavior',0),(601,'common','common',0),(602,'typically','typically',0),(603,'hydrocodone','hydrocodone',0),(604,'look','look',0),(605,'set no walls or barriers','set-no-walls-or-barriers',0),(606,'world in a more intimate','world-in-a-more-intimate',0),(607,'set no walls','set-no-walls',0),(608,'walls or barriers','walls-or-barriers',0),(609,'willingly and knowingly','willingly-and-knowingly',0),(610,'invade our world','invade-our-world',0),(611,'sister brother','sister-brother',0),(612,'seymour hoffman','seymour-hoffman',0),(613,'intimate','intimate',0),(614,'lost','lost',0),(615,'seymour','seymour',0),(616,'hoffman','hoffman',0),(617,'set','set',0),(618,'walls','walls',0),(619,'barriers','barriers',0),(620,'expose','expose',0),(621,'willingly','willingly',0),(622,'people with opioid','people-with-opioid',0),(623,'tampa','tampa',0),(624,'endorphin receptors','endorphin-receptors',0),(625,'Story Template','story-template',0),(626,'c0cd95baa17c21bc59c909912c232d4a','c0cd95baa17c21bc59c909912c232d4a',2),(627,'f88d697d2bd17c4dee4637a0bda7132d','f88d697d2bd17c4dee4637a0bda7132d',3),(628,'5facdbe7fb94d771c824be542b1a9118','5facdbe7fb94d771c824be542b1a9118',2),(629,'69bff4a770640e2bc2543f01db943376','69bff4a770640e2bc2543f01db943376',3),(630,'2417b92f8be26fcd067f8b83a0fec3d9','2417b92f8be26fcd067f8b83a0fec3d9',2),(631,'40df4c7bb656792ce9780f5696468e3c','40df4c7bb656792ce9780f5696468e3c',3),(632,'8673070ae86a7a78de3263a4156f2f35','8673070ae86a7a78de3263a4156f2f35',3),(633,'1427bbc0da08d6e8c16517f726516bb9','1427bbc0da08d6e8c16517f726516bb9',3),(634,'34a06e224c6c9951f17934091e455080','34a06e224c6c9951f17934091e455080',3),(635,'68771feded2420d884bda8a3f559fafc','68771feded2420d884bda8a3f559fafc',3),(636,'659faea28ca379e550c084e07e34f774','659faea28ca379e550c084e07e34f774',2),(637,'80dfcb9ae85559776f0b427dace29585','80dfcb9ae85559776f0b427dace29585',3),(638,'7ad6e2ee6f265e4dab7ad67421a1039f','7ad6e2ee6f265e4dab7ad67421a1039f',2),(639,'11e0da00d367a555f74057f437de8715','11e0da00d367a555f74057f437de8715',3),(640,'21c972ca97445d91c1161d47245d98eb','21c972ca97445d91c1161d47245d98eb',3),(641,'1efe3566aa26faf937abe0742e892834','1efe3566aa26faf937abe0742e892834',3),(642,'0e25f776e589ef071af4813186c3317d','0e25f776e589ef071af4813186c3317d',3),(643,'a1817cd5ddb6e8c0a4ca698af2396447','a1817cd5ddb6e8c0a4ca698af2396447',3),(644,'28934c9f8c349c7ce19586c400d0309e','28934c9f8c349c7ce19586c400d0309e',3),(645,'e9197348489c0a1a3dfdee211b57b48c','e9197348489c0a1a3dfdee211b57b48c',3),(646,'4371b0a954ae98524bdb75a51cf15caf','4371b0a954ae98524bdb75a51cf15caf',3),(647,'2807b32c745cd583d45349267533d3b5','2807b32c745cd583d45349267533d3b5',3),(648,'a3cfc2841d0f9810216373505e76c8a6','a3cfc2841d0f9810216373505e76c8a6',3),(649,'16c13b7a97c4395ed209c3971d412a95','16c13b7a97c4395ed209c3971d412a95',3),(650,'7d8dd9e05cc59e86e481fca392cde8fc','7d8dd9e05cc59e86e481fca392cde8fc',3),(651,'7dc5a1a3bfa30deb4eb837bcfc444576','7dc5a1a3bfa30deb4eb837bcfc444576',3),(652,'57b860e290804933488fdfd6eba30e33','57b860e290804933488fdfd6eba30e33',3),(653,'258ab2d0c833ae2852e358ffff95a4db','258ab2d0c833ae2852e358ffff95a4db',3),(654,'e0d44111f5b4c41442d061b029779b4d','e0d44111f5b4c41442d061b029779b4d',3),(655,'c738639a14ee5ae54ee3f04661b7f222','c738639a14ee5ae54ee3f04661b7f222',3),(656,'4d8178a22a1c74169a54c25e4d7361ec','4d8178a22a1c74169a54c25e4d7361ec',3),(657,'47a32f9ca4c9b1c4fb099216278a9f13','47a32f9ca4c9b1c4fb099216278a9f13',3),(658,'2ef08a0824ad96caacc203201facfec3','2ef08a0824ad96caacc203201facfec3',3),(659,'3b269be8560d599505856f04e5fa4bda','3b269be8560d599505856f04e5fa4bda',3),(660,'e388cea313a284725bf473bcdd7e0f07','e388cea313a284725bf473bcdd7e0f07',3),(661,'3b0b5ef4b1b4df60ae4c50019fe143e8','3b0b5ef4b1b4df60ae4c50019fe143e8',3),(662,'41f330bd1b172118ca8e9eda049c9e7f','41f330bd1b172118ca8e9eda049c9e7f',3),(663,'0f41f1604cf1d16ec9d3857dbb075740','0f41f1604cf1d16ec9d3857dbb075740',3),(664,'108ceb0a60d8c8f248736b68bcadf13c','108ceb0a60d8c8f248736b68bcadf13c',3),(665,'d5ecc4e8384bcba6802918ee558efd8f','d5ecc4e8384bcba6802918ee558efd8f',3),(666,'896c8d689155228ecc19682644e6f5bb','896c8d689155228ecc19682644e6f5bb',3),(667,'27b8fcf87bf244df3ca10714e26c8ab0','27b8fcf87bf244df3ca10714e26c8ab0',2),(668,'8e1f8cca3f6ddcb7459fdb2351a5fb95','8e1f8cca3f6ddcb7459fdb2351a5fb95',3),(669,'e161dd3b131daf81d662bea862657760','e161dd3b131daf81d662bea862657760',3),(670,'213a92ac010560b0238e0e0dc66c40aa','213a92ac010560b0238e0e0dc66c40aa',3),(671,'10f0419d25765ab42b4bcefbe65a3d28','10f0419d25765ab42b4bcefbe65a3d28',3),(672,'faeed233a24e7af3e7bd63da0d615d22','faeed233a24e7af3e7bd63da0d615d22',3),(673,'423ab1989409bf080ee454c539b40be9','423ab1989409bf080ee454c539b40be9',3),(674,'91639ab87c2e1394d08b593a2a2aafb5','91639ab87c2e1394d08b593a2a2aafb5',3),(675,'90f2d8771e115ad9af3d4652f8c7aabd','90f2d8771e115ad9af3d4652f8c7aabd',3),(676,'17e256acf780a163c3fa4b9f2f3443e0','17e256acf780a163c3fa4b9f2f3443e0',3),(677,'808594c856bf2e2d7a33654c761d4417','808594c856bf2e2d7a33654c761d4417',3),(678,'cc39fd78167fa58280ee264c1fee4555','cc39fd78167fa58280ee264c1fee4555',3),(679,'2939a310328b65785f993ba20e41d697','2939a310328b65785f993ba20e41d697',3),(680,'1e3e2d8d5889d0080b13add8122fe0c7','1e3e2d8d5889d0080b13add8122fe0c7',2),(681,'881bcea9c59a4eb12753f7a283c51796','881bcea9c59a4eb12753f7a283c51796',3),(682,'4ad4e687b3874c83df892d736c12198b','4ad4e687b3874c83df892d736c12198b',3),(683,'4389c7323230f4db8f152eeafc875a53','4389c7323230f4db8f152eeafc875a53',3),(684,'889d251e250eaf0e078141cb88afdb68','889d251e250eaf0e078141cb88afdb68',3),(685,'2cab7123f02aba78fc5dfd17bdcc2785','2cab7123f02aba78fc5dfd17bdcc2785',3),(686,'9d30e42a1d6e8a6aebdb143b46a4d40b','9d30e42a1d6e8a6aebdb143b46a4d40b',3),(687,'2cf50ae0bc946c223b859fa30f7170b8','2cf50ae0bc946c223b859fa30f7170b8',3),(688,'060b9ab68d7f48bedbeb95c16868b31f','060b9ab68d7f48bedbeb95c16868b31f',3),(689,'ed3dabb50f832985dd899b623529898e','ed3dabb50f832985dd899b623529898e',3),(690,'20695aed9bbd37eb57dd8d65c0f01b22','20695aed9bbd37eb57dd8d65c0f01b22',3),(691,'cbb8200e0d4b6024139005fffd0cb055','cbb8200e0d4b6024139005fffd0cb055',2),(692,'40935a2f8584dac99263f6e83aa8d0cf','40935a2f8584dac99263f6e83aa8d0cf',3),(693,'dc3eeb54e492f0fcb97bea1d43369d38','dc3eeb54e492f0fcb97bea1d43369d38',3),(694,'98f8d3e99c96192aa4e96c4c1f407cb4','98f8d3e99c96192aa4e96c4c1f407cb4',3),(695,'e249344719f3b09696214c1d56741319','e249344719f3b09696214c1d56741319',3),(696,'1a563dc8de842da08628108b443ffcce','1a563dc8de842da08628108b443ffcce',3),(697,'successfully treated and freed','successfully-treated-and-freed',0),(698,'selection of the worst cases','selection-of-the-worst-cases',0),(699,'therapeutic goal of neuro equilibrium','therapeutic-goal-of-neuro-equilibrium',0),(700,'free people from opioid addiction','free-people-from-opioid-addiction',0),(701,'patient undergoes the procedure …','patient-undergoes-the-procedure',0),(702,'medical complications or mortality cases','medical-complications-or-mortality-cases',0),(703,'complications or mortality cases proves','complications-or-mortality-cases-proves',0),(704,'scientific literature and accumulated experience','scientific-literature-and-accumulated-experience',0),(705,'freed from their dependency','freed-from-their-dependency',0),(706,'treatment to assure the desired','treatment-to-assure-the-desired',0),(707,'desired outcome for the patients','desired-outcome-for-the-patients',0),(708,'regulation to achieve the therapeutic','regulation-to-achieve-the-therapeutic',0),(709,'dedication to his patient\'s well-being','dedication-to-his-patients-well-being',0),(710,'clear in communicating his belief','clear-in-communicating-his-belief',0),(711,'profound analysis of the scientific','profound-analysis-of-the-scientific',0),(712,'analysis of the scientific literature','analysis-of-the-scientific-literature',0),(713,'provides a number of advantages','provides-a-number-of-advantages',0),(714,'number of advantages the patient','number-of-advantages-the-patient',0),(715,'cases proves that this method','cases-proves-that-this-method',0),(716,'96aaae886eb928071aff9fbf58b1f131','96aaae886eb928071aff9fbf58b1f131',3),(717,'f422f9f85d3fed22122c0bf37f75eaf3','f422f9f85d3fed22122c0bf37f75eaf3',3),(718,'12609f9e5ccf35e681eb22587ada7493','12609f9e5ccf35e681eb22587ada7493',3),(719,'f5085b806ef63be6c70184cdf9db8df0','f5085b806ef63be6c70184cdf9db8df0',3),(720,'treating 24,000 patients worldwide','treating-24000-patients-worldwide',0),(721,'medicine in the united states','medicine-in-the-united-states',0),(722,'endorphin system','endorphin-system',0),(723,'mainstream medicine in the united','mainstream-medicine-in-the-united',0),(724,'opioid withdrawal symptoms','opioid-withdrawal-symptoms',0),(725,'treating 24,000 patients','treating-24000-patients',0),(726,'24,000 patients worldwide','24000-patients-worldwide',0),(727,'united states','united-states',0),(728,'root of the dependency','root-of-the-dependency',0),(729,'medicine in the united','medicine-in-the-united',0),(730,'24,000 patients successfully treated worldwide','24000-patients-successfully-treated-worldwide',0),(731,'patients successfully treated worldwide anr','patients-successfully-treated-worldwide-anr',0),(732,'successfully treated worldwide anr clinic','successfully-treated-worldwide-anr-clinic',0),(733,'experience treating 24,000 patients worldwide','experience-treating-24000-patients-worldwide',0),(734,'treatment center','treatment-center',0),(735,'o pioid','o-pioid',0),(736,'body\'s endorphin system','bodys-endorphin-system',0),(737,'opiate withdrawal symptoms','opiate-withdrawal-symptoms',0),(738,'opioid dependency or opioid addiction','opioid-dependency-or-opioid-addiction',0),(739,'bring his opioid treatment approach','bring-his-opioid-treatment-approach',0),(740,'experience treating 24,000 patients','experience-treating-24000-patients',0),(741,'opioid treatment approach into mainstream','opioid-treatment-approach-into-mainstream',0),(742,'treatment approach into mainstream medicine','treatment-approach-into-mainstream-medicine',0),(743,'bring his opioid treatment','bring-his-opioid-treatment',0),(744,'o pioid r ehab','o-pioid-r-ehab',0),(745,'chosen to bring his opioid','chosen-to-bring-his-opioid',0),(746,'taking place in this country','taking-place-in-this-country',0),(747,'o pioid r','o-pioid-r',0),(748,'opioid and opiate withdrawal','opioid-and-opiate-withdrawal',0),(749,'opioid drug','opioid-drug',0),(750,'opiate withdrawal','opiate-withdrawal',0),(751,'opioid dependence','opioid-dependence',0),(752,'opioid and opiate','opioid-and-opiate',0),(753,'drug or substance','drug-or-substance',0),(754,'treatment and recovery','treatment-and-recovery',0),(755,'opioid dependency or opioid','opioid-dependency-or-opioid',0),(756,'dependency or opioid addiction','dependency-or-opioid-addiction',0),(757,'help defeat the opioid crisis','help-defeat-the-opioid-crisis',0),(758,'treatment approach into mainstream','treatment-approach-into-mainstream',0),(759,'approach into mainstream medicine','approach-into-mainstream-medicine',0),(760,'hopes to help defeat','hopes-to-help-defeat',0),(761,'help defeat the opioid','help-defeat-the-opioid',0),(762,'defeat the opioid crisis','defeat-the-opioid-crisis',0),(763,'percocet withdrawal','percocet-withdrawal',0),(764,'percocet','percocet',0),(765,'activities of daily living','activities-of-daily-living',0),(766,'symptoms of percocet withdrawal','symptoms-of-percocet-withdrawal',0),(767,'percocet withdrawal treatment','percocet-withdrawal-treatment',0),(768,'percocet withdrawal symptoms','percocet-withdrawal-symptoms',0),(769,'percocet addiction','percocet-addiction',0),(770,'symptoms of percocet','symptoms-of-percocet',0),(771,'allow patients to resume','allow-patients-to-resume',0),(772,'symptoms associated with percocet','symptoms-associated-with-percocet',0),(773,'treatment for opioid addiction','treatment-for-opioid-addiction',0),(774,'landmark hospital of southwest florida','landmark-hospital-of-southwest-florida',0),(775,'70,200 drug overdose deaths','70200-drug-overdose-deaths',0),(776,'percocet dependency or addiction','percocet-dependency-or-addiction',0),(777,'accelerated neuro-regulation anr','accelerated-neuro-regulation-anr',0),(778,'health care providers','health-care-providers',0),(779,'neuro-regulation anr','neuro-regulation-anr',0),(780,'endorphins','endorphins',0),(781,'pharmaceutical companies','pharmaceutical-companies',0),(782,'treatment option','treatment-option',0),(783,'care providers','care-providers',0),(784,'natural production','natural-production',0),(785,'eradicate the cravings of opiate','eradicate-the-cravings-of-opiate',0),(786,'cravings of opiate dependency','cravings-of-opiate-dependency',0),(787,'accelerate and eliminate','accelerate-and-eliminate',0),(788,'eradicate the cravings','eradicate-the-cravings',0),(789,'cravings of opiate','cravings-of-opiate',0),(790,'foreign opiates','foreign-opiates',0),(791,'first time','first-time',0),(792,'anr therapy','anr-therapy',0),(793,'successfully treated','successfully-treated',0),(794,'opioid receptors','opioid-receptors',0),(795,'addictive potential of opioid drugs','addictive-potential-of-opioid-drugs',0),(796,'oxycodone','oxycodone',0),(797,'experienced medical personnel','experienced-medical-personnel',0),(798,'high addictive potential of opioid','high-addictive-potential-of-opioid',0),(799,'addictive potential of opioid','addictive-potential-of-opioid',0),(800,'potential of opioid drugs','potential-of-opioid-drugs',0),(801,'neonatal withdrawal syndrome','neonatal-withdrawal-syndrome',0),(802,'pain relief','pain-relief',0),(803,'opioid drugs','opioid-drugs',0),(804,'methadone addiction','methadone-addiction',0),(805,'methadone withdrawal','methadone-withdrawal',0),(806,'methadone withdrawal timeline','methadone-withdrawal-timeline',0),(807,'methadone withdrawal symptoms','methadone-withdrawal-symptoms',0),(808,'time that methadone lasts','time-that-methadone-lasts',0),(809,'methadone overdose','methadone-overdose',0),(810,'duration of time that methadone','duration-of-time-that-methadone',0),(811,'intense methadone cravings a strong','intense-methadone-cravings-a-strong',0),(812,'treat the root cause','treat-the-root-cause',0),(813,'opioid and methadone addiction','opioid-and-methadone-addiction',0),(814,'withdrawal timeline','withdrawal-timeline',0),(815,'doctor waismann','doctor-waismann',0),(816,'time that methadone','time-that-methadone',0),(817,'nausea and vomiting','nausea-and-vomiting',0),(818,'methadone cravings a strong urge','methadone-cravings-a-strong-urge',0),(819,'retrieved on march 11 2020','retrieved-on-march-11-2020',0),(820,'tramadol withdrawal','tramadol-withdrawal',0),(821,'tramadol withdrawal treatment','tramadol-withdrawal-treatment',0),(822,'retrieved on march 11','retrieved-on-march-11',0),(823,'tramadol withdrawal treatment center','tramadol-withdrawal-treatment-center',0),(824,'tramadol withdrawal symptoms','tramadol-withdrawal-symptoms',0),(825,'march 11 2020','march-11-2020',0),(826,'substance abuse and mental health','substance-abuse-and-mental-health',0),(827,'tramadol withdrawal treatment centers','tramadol-withdrawal-treatment-centers',0),(828,'withdrawal treatment center','withdrawal-treatment-center',0),(829,'rapid detox treatment','rapid-detox-treatment',0),(830,'constant craving for more drugs','constant-craving-for-more-drugs',0),(831,'24,000','24000',0),(832,'worldwide','worldwide',0),(833,'750-7470','750-7470',0),(834,'oxycodone withdrawal','oxycodone-withdrawal',0),(835,'opiate-dependent patients','opiate-dependent-patients-2',0),(836,'viral infections','viral-infections',0),(837,'right now','right-now',0),(838,'serious complications','serious-complications',0),(839,'viral infection','viral-infection',0),(840,'virus infection','virus-infection',0),(841,'risk of developing','risk-of-developing',0),(842,'respiration and breathing','respiration-and-breathing',0),(843,'bronchitis and pneumonia','bronchitis-and-pneumonia',0),(844,'manage your situation','manage-your-situation',0),(845,'supplements of vitamin','supplements-of-vitamin',0),(846,'bring this message','bring-this-message',0),(847,'opiate-dependent','opiate-dependent-2',0),(848,'negative impact','negative-impact',0),(849,'white cells','white-cells',0),(850,'save lives','save-lives',0),(851,'infection','infection',0),(852,'methadone addiction treatment','methadone-addiction-treatment',0),(853,'tramadol','tramadol',0),(854,'abuse and mental health services','abuse-and-mental-health-services',0),(855,'retrieved on march','retrieved-on-march',0),(856,'secondary effects of the dependency','secondary-effects-of-the-dependency',0),(857,'oxycodone withdrawal symptoms','oxycodone-withdrawal-symptoms',0),(858,'noradrenergic neurons','noradrenergic-neurons',0),(859,'symptoms of withdrawal','symptoms-of-withdrawal',0),(860,'dependency or addiction','dependency-or-addiction',0),(861,'rehab or detox','rehab-or-detox',0),(862,'Self','self',0),(863,'Agoda','agoda',0),(864,'Avvo','avvo',0),(865,'Angies List','angies-list',0),(866,'Apple AppStore','apple-appstore',0),(867,'Expedia','expedia',0),(868,'Facebook','facebook',0),(869,'Google','google',0),(870,'TripAdvisor','tripadvisor',0),(871,'Yelp','yelp',0),(872,'Zillow','zillow',0),(873,'Zomato','zomato',0),(874,'Airbnb','airbnb',0),(875,'AliExpress','aliexpress',0),(876,'AlternativeTo','alternativeto',0),(877,'Amazon','amazon',0),(878,'BBB','bbb',0),(879,'BestBuy','bestbuy',0),(880,'Booking.com','booking-com',0),(881,'Capterra','capterra',0),(882,'CarGurus','cargurus',0),(883,'Cars.com','cars-com',0),(884,'Citysearch','citysearch',0),(885,'Classpass','classpass',0),(886,'Consumer Affairs','consumer-affairs',0),(887,'Clutch','clutch',0),(888,'CreditKarma','creditkarma',0),(889,'CustomerLobby','customerlobby',0),(890,'DealerRater','dealerrater',0),(891,'Ebay','ebay',0),(892,'Edmunds','edmunds',0),(893,'Etsy','etsy',0),(894,'Foursquare','foursquare',0),(895,'Flipkart','flipkart',0),(896,'G2Crowd','g2crowd',0),(897,'Gearbest','gearbest',0),(898,'Gartner','gartner',0),(899,'Glassdoor','glassdoor',0),(900,'Healthgrades','healthgrades',0),(901,'HomeAdvisor','homeadvisor',0),(902,'Homestars','homestars',0),(903,'Houzz','houzz',0),(904,'Hotels.com','hotels-com',0),(905,'HungerStation','hungerstation',0),(906,'Indeed','indeed',0),(907,'IMDB','imdb',0),(908,'Insider Pages','insider-pages',0),(909,'Jet','jet',0),(910,'Judge.me','judge-me',0),(911,'Lawyers.com','lawyers-com',0),(912,'Lending Tree','lending-tree',0),(913,'Martindale','martindale',0),(914,'Newegg','newegg',0),(915,'OpenRice','openrice',0),(916,'Opentable','opentable',0),(917,'ProductHunt','producthunt',0),(918,'Playstore','playstore',0),(919,'RateMDs','ratemds',0),(920,'ReserveOut','reserveout',0),(921,'Rotten Tomatoes','rotten-tomatoes',0),(922,'Sitejabber','sitejabber',0),(923,'Siftery','siftery',0),(924,'Steam','steam',0),(925,'SoftwareAdvice','softwareadvice',0),(926,'Shopper Approved','shopper-approved',0),(927,'Talabat','talabat',0),(928,'The Knot','the-knot',0),(929,'Thumbtack','thumbtack',0),(930,'Trulia','trulia',0),(931,'TrustedShops','trustedshops',0),(932,'Trustpilot','trustpilot',0),(933,'TrustRadius','trustradius',0),(934,'Vitals','vitals',0),(935,'Walmart','walmart',0),(936,'WeddingWire','weddingwire',0),(937,'Wish','wish',0),(938,'Yell','yell',0),(939,'YellowPages','yellowpages',0),(940,'ZocDoc','zocdoc',0),(941,'retrieved 29 march 2020','retrieved-29-march-2020',0),(942,'vicodin','vicodin',0),(943,'vicodin withdrawal','vicodin-withdrawal',0),(944,'vicodin withdrawal symptoms','vicodin-withdrawal-symptoms',0),(945,'retrieved 29 march','retrieved-29-march',0),(946,'29 march 2020','29-march-2020',0),(947,'opioid dependence implications for treatment','opioid-dependence-implications-for-treatment',0),(948,'symptoms of vicodin withdrawal','symptoms-of-vicodin-withdrawal',0),(949,'team of medical professionals','team-of-medical-professionals',0),(950,'march 2020','march-2020',0),(951,'detox and rehab','detox-and-rehab',0),(952,'neurobiology of opioid dependence implications','neurobiology-of-opioid-dependence-implications',0),(953,'vicodin withdrawal treatment','vicodin-withdrawal-treatment',0),(954,'drug enforcement administration','drug-enforcement-administration',0),(955,'people abusing vicodin','people-abusing-vicodin',0),(956,'physical health condition','physical-health-condition',0),(957,'experience withdrawal symptoms','experience-withdrawal-symptoms',0),(958,'tramadol withdrawal detox centers','tramadol-withdrawal-detox-centers',0),(959,'vicodin withdrawal timeline','vicodin-withdrawal-timeline',0),(960,'read more about opioid withdrawal','read-more-about-opioid-withdrawal',0),(961,'codeine','codeine',0),(962,'apr 13 2020','apr-13-2020',0),(963,'retrieved on apr 13 2020','retrieved-on-apr-13-2020',0),(964,'codeine withdrawal symptoms','codeine-withdrawal-symptoms',0),(965,'retrieved apr 13 2020','retrieved-apr-13-2020',0),(966,'codeine withdrawal','codeine-withdrawal',0),(967,'signs of codeine abuse include','signs-of-codeine-abuse-include',0),(968,'signs of codeine abuse','signs-of-codeine-abuse',0),(969,'retrieved on apr 13','retrieved-on-apr-13',0),(970,'retrieved apr 13','retrieved-apr-13',0),(971,'apr 13','apr-13',0),(972,'13 2020','13-2020',0),(973,'increased doses of codeine','increased-doses-of-codeine',0),(974,'opioid dependence and addiction','opioid-dependence-and-addiction',0),(975,'various stimuli pain pleasure stress','various-stimuli-pain-pleasure-stress',0),(976,'endorphin receptors causing the body','endorphin-receptors-causing-the-body',0),(977,'affect endorphin receptors causing','affect-endorphin-receptors-causing',0),(978,'stop producing natural endorphins','stop-producing-natural-endorphins',0),(979,'central nervous system','central-nervous-system',0),(980,'central nervous system depressants','central-nervous-system-depressants',0),(981,'common side effects include','common-side-effects-include',0),(982,'treatment phase the body\'s opioid','treatment-phase-the-bodys-opioid',0),(983,'phase the body\'s opioid receptors','phase-the-bodys-opioid-receptors',0),(985,'תפריט לסינון מדיה','%d7%aa%d7%a4%d7%a8%d7%99%d7%98-%d7%9c%d7%a1%d7%99%d7%a0%d7%95%d7%9f-%d7%9e%d7%93%d7%99%d7%94',0),(986,'hydrocodone withdrawal','hydrocodone-withdrawal',0),(987,'opioid addiction dependency and withdrawal','opioid-addiction-dependency-and-withdrawal',0),(988,'brain and central nervous','brain-and-central-nervous',0),(989,'signs and symptoms','signs-and-symptoms',0),(990,'overcome opioid addiction dependency','overcome-opioid-addiction-dependency',0),(991,'hydrocodone withdrawal symptoms','hydrocodone-withdrawal-symptoms',0),(992,'2018 national survey on drug','2018-national-survey-on-drug',0),(993,'national institute on drug abuse','national-institute-on-drug-abuse',0),(994,'morphine withdrawal','morphine-withdrawal',0),(995,'withdrawal signs and symptoms','withdrawal-signs-and-symptoms',0),(996,'morphine withdrawal treatment','morphine-withdrawal-treatment',0),(997,'morphine withdrawal symptoms','morphine-withdrawal-symptoms',0),(998,'endorphins and opioid receptors','endorphins-and-opioid-receptors',0),(999,'result the anr method','result-the-anr-method',0),(1000,'endorphin-opioid receptor','endorphin-opioid-receptor',0),(1001,'experience morphine withdrawal','experience-morphine-withdrawal',0),(1002,'morphine withdrawal timeline','morphine-withdrawal-timeline',0),(1003,'endorphin-opioid receptor imbalance','endorphin-opioid-receptor-imbalance',0),(1004,'root of the problem','root-of-the-problem',0),(1005,'buprenorphine','buprenorphine',0),(1006,'endorphin and opioid receptor system','endorphin-and-opioid-receptor-system',0),(1007,'endogenous endorphin system and opioid','endogenous-endorphin-system-and-opioid',0),(1008,'endorphin system and opioid receptors','endorphin-system-and-opioid-receptors',0),(1009,'medication-assisted treatment','medication-assisted-treatment',0),(1010,'withdrawal syndrome','withdrawal-syndrome',0),(1011,'due to its partial agonist','due-to-its-partial-agonist',0),(1012,'dependence in the united states','dependence-in-the-united-states',0),(1013,'biological basis of opioid','biological-basis-of-opioid',0),(1014,'endorphin and opioid receptor','endorphin-and-opioid-receptor',0),(1015,'treatment of opioid dependence','treatment-of-opioid-dependence',0),(1016,'medication-assisted treatment of opioid','medication-assisted-treatment-of-opioid',0),(1017,'endorphin system and opioid','endorphin-system-and-opioid',0),(1018,'FlamaSemicondensed-Medium','flamasemicondensed-medium',0),(1019,'FlamaSemicondensed-Semibold','flamasemicondensed-semibold',0),(1020,'fentanyl','fentanyl',0),(1021,'opioid withdrawal syndrome','opioid-withdrawal-syndrome',0),(1022,'dependency and addiction','dependency-and-addiction',0),(1023,'treatment for fentanyl dependency','treatment-for-fentanyl-dependency',0),(1024,'fentanyl withdrawal','fentanyl-withdrawal',0),(1025,'fentanyl addiction','fentanyl-addiction',0),(1026,'natural endorphin production','natural-endorphin-production',0),(1027,'accelerated neuro-regulation treatment','accelerated-neuro-regulation-treatment',0),(1028,'fentanyl withdrawal symptoms','fentanyl-withdrawal-symptoms',0),(1029,'traditional rehab','traditional-rehab',0),(1030,'subutex withdrawal symptoms','subutex-withdrawal-symptoms',0),(1031,'anr helped 24,000 patients worldwide','anr-helped-24000-patients-worldwide',0),(1032,'helped 24,000 patients worldwide defeat','helped-24000-patients-worldwide-defeat',0),(1033,'patients worldwide defeat their opioid','patients-worldwide-defeat-their-opioid',0),(1034,'worldwide defeat their opioid dependency','worldwide-defeat-their-opioid-dependency',0),(1035,'safe effective and humane treatment','safe-effective-and-humane-treatment',0),(1036,'anr helped 24,000 patients','anr-helped-24000-patients',0),(1037,'helped 24,000 patients worldwide','helped-24000-patients-worldwide',0),(1038,'24,000 patients worldwide defeat','24000-patients-worldwide-defeat',0),(1039,'using safe effective and humane','using-safe-effective-and-humane',0),(1040,'worldwide defeat their opioid','worldwide-defeat-their-opioid',0),(1041,'defeat their opioid dependency','defeat-their-opioid-dependency',0),(1042,'safe effective and humane','safe-effective-and-humane',0),(1043,'effective and humane treatment','effective-and-humane-treatment',0),(1044,'anr helped 24,000','anr-helped-24000',0),(1045,'helped 24,000 patients','helped-24000-patients',0),(1046,'patients worldwide defeat','patients-worldwide-defeat',0),(1047,'Flama Basic','flama-basic',0),(1048,'new paradigm of treatment','new-paradigm-of-treatment',0),(1049,'heroin withdrawal','heroin-withdrawal',0),(1050,'heroin withdrawal treatment','heroin-withdrawal-treatment',0),(1051,'heroin withdrawal symptoms','heroin-withdrawal-symptoms',0),(1052,'symptoms of heroin withdrawal','symptoms-of-heroin-withdrawal',0),(1053,'endorphin-receptor system','endorphin-receptor-system',0),(1054,'weekend at the anr clinic','weekend-at-the-anr-clinic',0),(1055,'treatment at the anr clinic','treatment-at-the-anr-clinic',0),(1056,'fentanyl withdrawal syndrome','fentanyl-withdrawal-syndrome',0),(1057,'Flama','flama-2',0),(1058,'opioid and opiate withdrawal symptoms','opioid-and-opiate-withdrawal-symptoms',0),(1059,'rapid opioid detox treatments','rapid-opioid-detox-treatments',0),(1060,'opioid rehab facility','opioid-rehab-facility',0),(1061,'fast or rapid opioid detox','fast-or-rapid-opioid-detox',0),(1062,'Tiempos','tiempos',0),(1068,'daniel beutler switzerland','daniel-beutler-switzerland',0),(1069,'medical team','medical-team',0),(1070,'daniel beutler','daniel-beutler',0),(1071,'beutler switzerland','beutler-switzerland',0),(1072,'scientific literature','scientific-literature',0),(1073,'identified the biological roots','identified-the-biological-roots',0),(1074,'identified the biological','identified-the-biological',0),(1075,'naturally occurring','naturally-occurring',0),(1076,'method','method',0),(1077,'conventional methods professor moshe kotler','conventional-methods-professor-moshe-kotler',0),(1078,'methods professor moshe kotler chair','methods-professor-moshe-kotler-chair',0),(1079,'national mental health council israel','national-mental-health-council-israel',0),(1080,'conventional methods professor moshe','conventional-methods-professor-moshe',0),(1081,'methods professor moshe kotler','methods-professor-moshe-kotler',0),(1082,'professor moshe kotler chair','professor-moshe-kotler-chair',0),(1083,'national mental health council','national-mental-health-council',0),(1084,'mental health council israel','mental-health-council-israel',0),(1085,'experience in israel and europe','experience-in-israel-and-europe',0),(1086,'kotler chair of the national','kotler-chair-of-the-national',0),(1087,'chair of the national mental','chair-of-the-national-mental',0),(1088,'scientific literature and accumulated','scientific-literature-and-accumulated',0),(1089,'literature and accumulated experience','literature-and-accumulated-experience',0),(1090,'accumulated experience in israel','accumulated-experience-in-israel',0),(1091,'conventional methods professor','conventional-methods-professor',0),(1092,'free consultation contact','free-consultation-contact',0),(1093,'free consultation','free-consultation',0),(1094,'consultation contact','consultation-contact',0),(1098,'suboxone','suboxone',0),(1099,'suboxone withdrawal','suboxone-withdrawal',0),(1100,'suboxone withdrawal treatment','suboxone-withdrawal-treatment',0),(1101,'brain\'s opioid receptors','brains-opioid-receptors',0),(1102,'anr treatment method','anr-treatment-method',0),(1103,'treatment method','treatment-method',0),(1104,'opioids and opiates','opioids-and-opiates',0),(1105,'nature of opioids and opiates','nature-of-opioids-and-opiates',0),(1106,'addictive nature of opioids','addictive-nature-of-opioids',0),(1107,'side effects of opioid','side-effects-of-opioid',0),(1108,'nature of opioids','nature-of-opioids',0),(1109,'opioid or opiate','opioid-or-opiate',0),(1110,'dependence and addiction','dependence-and-addiction',0),(1111,'opioids or opiates','opioids-or-opiates',0),(1112,'amounts of opioids to bind','amounts-of-opioids-to-bind',0),(1113,'classified as an opioid','classified-as-an-opioid',0),(1114,'suboxone withdrawal symptoms','suboxone-withdrawal-symptoms',0),(1115,'opioid and opiate withdrawal timeline','opioid-and-opiate-withdrawal-timeline',0),(1116,'2002 n lois ave suite','2002-n-lois-ave-suite',0),(1117,'n lois ave suite 150','n-lois-ave-suite-150',0),(1118,'2002 n lois ave','2002-n-lois-ave',0),(1119,'n lois ave suite','n-lois-ave-suite',0),(1120,'lois ave suite 150','lois-ave-suite-150',0),(1121,'phone 1 813 750-7470','phone-1-813-750-7470',0),(1122,'2002 n lois','2002-n-lois',0),(1123,'n lois ave','n-lois-ave',0),(1124,'lois ave suite','lois-ave-suite',0),(1125,'ave suite 150','ave-suite-150',0),(1126,'tampa florida 33607','tampa-florida-33607',0),(1127,'phone 1 813','phone-1-813',0),(1128,'florida department of health','florida-department-of-health',0),(1129,'disease control and prevention cdc','disease-control-and-prevention-cdc',0),(1130,'department of health','department-of-health',0),(1131,'centers for disease control','centers-for-disease-control',0),(1132,'control and prevention cdc','control-and-prevention-cdc',0),(1133,'world health organization','world-health-organization',0),(1134,'substance abuse and mental','substance-abuse-and-mental',0),(1135,'abuse and mental health','abuse-and-mental-health',0),(1136,'mental health services administration','mental-health-services-administration',0),(1137,'percocet withdrawal center','percocet-withdrawal-center',0),(1138,'fast rapid percocet detox','fast-rapid-percocet-detox',0),(1139,'opioid addiction treatment','opioid-addiction-treatment',0),(1140,'rapid opioid detox','rapid-opioid-detox',0),(1141,'opioid detox treatments','opioid-detox-treatments',0),(1142,'kratom','kratom',0),(1143,'kratom withdrawal','kratom-withdrawal',0),(1144,'kratom withdrawal treatment','kratom-withdrawal-treatment',0),(1145,'kratom addiction','kratom-addiction',0),(1146,'fast rapid katrom detox','fast-rapid-katrom-detox',0),(1147,'detox from kratom','detox-from-kratom',0),(1148,'treating opiate addiction','treating-opiate-addiction',0),(1149,'medical community','medical-community',0),(1150,'waismann believes','waismann-believes',0),(1151,'waismann argues','waismann-argues',0),(1152,'inmates','inmates',0),(1153,'anr unit laboratory testing','anr-unit-laboratory-testing',0),(1154,'admission to the anr unit','admission-to-the-anr-unit',0),(1155,'laboratory testing and a comprehensive','laboratory-testing-and-a-comprehensive',0),(1156,'testing and a comprehensive clinical','testing-and-a-comprehensive-clinical',0),(1157,'period allows for a comfortable','period-allows-for-a-comfortable',0),(1158,'allows for a comfortable transition','allows-for-a-comfortable-transition',0),(1159,'comfortable transition into the treatment','comfortable-transition-into-the-treatment',0),(1160,'sedation their endorphins and opioid','sedation-their-endorphins-and-opioid',0),(1161,'sedated for approximately 4-5','sedated-for-approximately-4-5',0),(1162,'risks of taking oxycodone','risks-of-taking-oxycodone',0),(1163,'fast rapid morphine detox','fast-rapid-morphine-detox',0),(1164,'detox from morphine','detox-from-morphine',0),(1165,'appointment','appointment',0),(1166,'rapid detox centers in florida','rapid-detox-centers-in-florida',0),(1167,'rapid detox centers','rapid-detox-centers',0),(1168,'alternative to florida\'s opiate detox','alternative-to-floridas-opiate-detox',0),(1169,'detox centers in florida','detox-centers-in-florida',0),(1170,'florida\'s opiate detox centers','floridas-opiate-detox-centers',0),(1171,'opiate detox','opiate-detox',0),(1172,'better alternative to florida\'s opiate','better-alternative-to-floridas-opiate',0),(1173,'alternative to florida\'s opiate','alternative-to-floridas-opiate',0),(1174,'schedule a free consultation','schedule-a-free-consultation',0),(1175,'centers in florida','centers-in-florida',0),(1176,'florida rapid detox','florida-rapid-detox',0),(1177,'florida\'s opiate detox','floridas-opiate-detox',0),(1178,'opiate detox centers','opiate-detox-centers',0),(1179,'georgia','georgia',0),(1180,'schedule a free','schedule-a-free',0),(1181,'receive treatment','receive-treatment',0),(1182,'opiate addiction dr','opiate-addiction-dr',0),(1183,'method of treating opiate addiction','method-of-treating-opiate-addiction',0),(1184,'difficult and painful withdrawal symptoms','difficult-and-painful-withdrawal-symptoms',0),(1185,'drug addict in the world','drug-addict-in-the-world',0),(1186,'heroin morphine and opiate-based pain','heroin-morphine-and-opiate-based-pain',0),(1187,'morphine and opiate-based pain medications','morphine-and-opiate-based-pain-medications',0),(1188,'free of cravings and withdrawal','free-of-cravings-and-withdrawal',0),(1189,'effects of heroin or opiates','effects-of-heroin-or-opiates',0),(1190,'needed the morphine to control','needed-the-morphine-to-control',0),(1191,'morphine to control the pain','morphine-to-control-the-pain',0),(1192,'larger amounts of opioids','larger-amounts-of-opioids',0),(1193,'vicodin addiction treatment','vicodin-addiction-treatment',0),(1194,'fast rapid vicodin detox','fast-rapid-vicodin-detox',0),(1195,'detox from heroin','detox-from-heroin',0),(1196,'answer to opioid addiction','answer-to-opioid-addiction',0),(1197,'answer to opioid','answer-to-opioid',0),(1198,'pain killer','pain-killer',0),(1199,'answer','answer',0),(1200,'fda','fda',0),(1201,'effect','effect',0),(1202,'information','information',0),(1203,'leaves','leaves',0),(1204,'substances','substances',0),(1205,'history of ultra rapid detox','history-of-ultra-rapid-detox',0),(1206,'biological root cause of opioid','biological-root-cause-of-opioid',0),(1207,'root cause of opioid dependency','root-cause-of-opioid-dependency',0),(1208,'field of opioid addiction','field-of-opioid-addiction',0),(1209,'root cause of opioid','root-cause-of-opioid',0),(1210,'choosing anr over rapid detox','choosing-anr-over-rapid-detox',0),(1211,'history of ultra rapid','history-of-ultra-rapid',0),(1212,'relapses after rapid detox','relapses-after-rapid-detox',0),(1213,'anr over rapid detox','anr-over-rapid-detox',0),(1214,'cause of opioid dependency','cause-of-opioid-dependency',0),(1215,'data ©2020','data-2020',0),(1216,'map data','map-data',0),(1217,'map','map',0),(1218,'data','data',0),(1219,'admission','admission',0),(1220,'schedule','schedule',0),(1221,'contact@anrclinicus.com','contactanrclinicus-com',0),(1222,'free','free',0),(1223,'consultation','consultation',0),(1224,'step','step',0),(1225,'morning','morning',0),(1226,'opiate withdrawal timeline','opiate-withdrawal-timeline',0),(1227,'vicodin dependency','vicodin-dependency',0),(1228,'https://www.youtube.com/watch','https-www-youtube-com-watch',0),(1229,'100%','100',0),(1230,'confidential','confidential',0),(1231,'100% confidential','100-confidential',0),(1232,'allows','allows',0),(1233,'oxycontin','oxycontin',0),(1234,'oxycontin withdrawal','oxycontin-withdrawal',0),(1235,'oxycontin withdrawal symptoms','oxycontin-withdrawal-symptoms',0),(1236,'oxycontin dependence','oxycontin-dependence',0),(1237,'oxycontin addiction','oxycontin-addiction',0),(1238,'underlying cause of oxycontin dependence','underlying-cause-of-oxycontin-dependence',0),(1239,'cause of oxycontin dependence','cause-of-oxycontin-dependence',0),(1240,'fast rapid oxycontin detox','fast-rapid-oxycontin-detox',0),(1241,'symptoms of oxycontin withdrawal','symptoms-of-oxycontin-withdrawal',0),(1242,'john currie autralia','john-currie-autralia',0),(1243,'ceo landmark hospital usa','ceo-landmark-hospital-usa',0),(1244,'ceo landmark hospital','ceo-landmark-hospital',0),(1245,'landmark hospital usa','landmark-hospital-usa',0),(1246,'john currie','john-currie',0),(1247,'currie autralia','currie-autralia',0),(1248,'ceo landmark','ceo-landmark',0),(1249,'hospital usa','hospital-usa',0),(1250,'active','active',0),(1251,'half','half',0),(1252,'test','test',0),(1253,'24','24',0),(1254,'medication','medication',0),(1255,'half-life','half-life',0),(1256,'duration','duration',0),(1257,'amount','amount',0),(1258,'saliva','saliva',0),(1259,'urine','urine',0),(1260,'hair','hair',0),(1261,'determine','determine',0),(1262,'conclusion','conclusion',0),(1263,'length','length',0),(1264,'well as the time','well-as-the-time',0),(1265,'time span','time-span',0),(1266,'span','span',0),(1267,'waismann focuses the team meticulously','waismann-focuses-the-team-meticulously',0),(1268,'life free of opioid addiction','life-free-of-opioid-addiction',0),(1269,'john currie autralia https://www.youtube.com/watch','john-currie-autralia-https-www-youtube-com-watch',0),(1270,'daniel beutler switzerland https://www.youtube.com/watch','daniel-beutler-switzerland-https-www-youtube-com-watch',0),(1271,'patients of neuro-regulation to achieve','patients-of-neuro-regulation-to-achieve',0),(1272,'neuro-regulation to achieve the therapeutic','neuro-regulation-to-achieve-the-therapeutic',0),(1273,'patients overcome the physical opiate','patients-overcome-the-physical-opiate',0),(1274,'overcome the physical opiate dependency','overcome-the-physical-opiate-dependency',0),(1275,'new life free of opioid','new-life-free-of-opioid',0),(1276,'treatment for oxycontin','treatment-for-oxycontin',0),(1277,'anr treatment for oxycontin withdrawal','anr-treatment-for-oxycontin-withdrawal',0),(1278,'oxycontin dependence and addiction','oxycontin-dependence-and-addiction',0),(1279,'oxycontin withdrawal treatment','oxycontin-withdrawal-treatment',0),(1280,'symptoms of oxycontin','symptoms-of-oxycontin',0),(1281,'detox and withdrawal treatment','detox-and-withdrawal-treatment',0),(1282,'naples florida','naples-florida',0),(1283,'tramadol hydrochloride and acetaminophen tablets','tramadol-hydrochloride-and-acetaminophen-tablets',0),(1284,'tramadol hydrochloride and acetaminophen','tramadol-hydrochloride-and-acetaminophen',0),(1285,'hydrochloride and acetaminophen tablets','hydrochloride-and-acetaminophen-tablets',0),(1286,'tramadol hydrochloride','tramadol-hydrochloride',0),(1287,'hydrochloride and acetaminophen','hydrochloride-and-acetaminophen',0),(1288,'acetaminophen tablets','acetaminophen-tablets',0),(1289,'treat moderate to moderately severe','treat-moderate-to-moderately-severe',0),(1290,'hydrochloride','hydrochloride',0),(1291,'acetaminophen','acetaminophen',0),(1292,'treat moderate to moderately','treat-moderate-to-moderately',0),(1293,'prescribe tramadol hydrochloride and acetaminophen','prescribe-tramadol-hydrochloride-and-acetaminophen',0),(1294,'buprenorphine or buprenorphine and naloxone','buprenorphine-or-buprenorphine-and-naloxone',0),(1295,'buprenorphine and naloxone','buprenorphine-and-naloxone',0),(1296,'buprenorphine or buprenorphine','buprenorphine-or-buprenorphine',0),(1297,'neonatal opioid withdrawal syndrome','neonatal-opioid-withdrawal-syndrome',0),(1298,'buprenorphine hydrochloride','buprenorphine-hydrochloride',0),(1299,'combination of buprenorphine and naloxone','combination-of-buprenorphine-and-naloxone',0),(1300,'partial agonist at the mu-opioid','partial-agonist-at-the-mu-opioid',0),(1301,'agonist at the mu-opioid receptor','agonist-at-the-mu-opioid-receptor',0),(1302,'seizure risk in patients taking','seizure-risk-in-patients-taking',0),(1303,'drug abuse and dependence','drug-abuse-and-dependence',0),(1304,'risk','risk',0),(1305,'moderate to moderately','moderate-to-moderately',0),(1306,'cns depressants','cns-depressants',0),(1307,'buprenorphine a schedule iii controlled','buprenorphine-a-schedule-iii-controlled',0),(1308,'opioid withdrawal signs and symptoms','opioid-withdrawal-signs-and-symptoms',0),(1309,'treatment of opioid','treatment-of-opioid',0),(1310,'containing acetaminophen oxycodone','containing-acetaminophen-oxycodone',0),(1311,'oxycodone hydrochloride','oxycodone-hydrochloride',0),(1312,'oxycodone hydrochloride and acetaminophen','oxycodone-hydrochloride-and-acetaminophen',0),(1313,'oxycodone hydrochloride usp','oxycodone-hydrochloride-usp',0),(1314,'acetaminophen oxycodone','acetaminophen-oxycodone',0),(1315,'serious or life-threatening breathing problems','serious-or-life-threatening-breathing-problems',0),(1316,'hydrocodone bitartrate and acetaminophen tablets','hydrocodone-bitartrate-and-acetaminophen-tablets',0),(1317,'moderate to severe pain','moderate-to-severe-pain',0),(1318,'severe pain','severe-pain',0),(1319,'emergency medical help arrives','emergency-medical-help-arrives',0),(1320,'stop taking hydrocodone','stop-taking-hydrocodone',0),(1321,'medical help arrives','medical-help-arrives',0),(1322,'doctor or pharmacist','doctor-or-pharmacist',0),(1323,'capsules or extended-release tablets','capsules-or-extended-release-tablets',0),(1324,'hydrocodone bitartrate and acetaminophen','hydrocodone-bitartrate-and-acetaminophen',0),(1325,'bitartrate and acetaminophen tablets','bitartrate-and-acetaminophen-tablets',0),(1326,'taking hydrocodone','taking-hydrocodone',0),(1327,'moderate to severe','moderate-to-severe',0),(1328,'hydrocodone synonyms mesh entry terms','hydrocodone-synonyms-mesh-entry-terms',0),(1329,'brands vicodin hycet vicodin es','brands-vicodin-hycet-vicodin-es',0),(1330,'relieve severe pain','relieve-severe-pain',0),(1331,'emergency medical help','emergency-medical-help',0),(1332,'hydrocodone bitartrate','hydrocodone-bitartrate',0),(1333,'abstral','abstral',0),(1334,'tirf rems access program','tirf-rems-access-program',0),(1335,'tirf rems access','tirf-rems-access',0),(1336,'rems access program','rems-access-program',0),(1337,'life-threatening or fatal respiratory depression','life-threatening-or-fatal-respiratory-depression',0),(1338,'hydrocodone combination product','hydrocodone-combination-product',0),(1339,'hydrocodone combination','hydrocodone-combination',0),(1340,'taking a hydrocodone combination product','taking-a-hydrocodone-combination-product',0),(1341,'header','header',0),(1342,'footer','footer',0),(1343,'popup','popup',0),(1345,'widget','widget',0),(1354,'single-post','single-post',0),(1360,'astra','astra',0),(1361,'Top','top',0),(1362,'hello-elementor','hello-elementor',0),(1363,'custom','custom',0),(1364,'single-page','single-page',0),(1365,'text','text',0),(1366,'after_paragraph','after_paragraph',0),(1367,'sample','sample',0),(1368,'message','message',0),(1369,'php','php',0),(1370,'everywhere','everywhere',0),(1371,'disable','disable',0),(1372,'comments','comments',0),(1373,'hello-theme-child-master','hello-theme-child-master',0),(1374,'archive','archive',0),(1375,'תקשורת ומדיה','%d7%aa%d7%a7%d7%a9%d7%95%d7%a8%d7%aa-%d7%95%d7%9e%d7%93%d7%99%d7%94',0);

--
-- Table structure for table `wp_tm_taskmeta`
--

CREATE TABLE `wp_tm_taskmeta` (
  `meta_id` bigint(20) NOT NULL AUTO_INCREMENT,
  `task_id` bigint(20) NOT NULL DEFAULT '0',
  `meta_key` varchar(255) COLLATE utf8mb4_unicode_520_ci DEFAULT NULL,
  `meta_value` longtext COLLATE utf8mb4_unicode_520_ci,
  PRIMARY KEY (`meta_id`),
  KEY `meta_key` (`meta_key`(191)),
  KEY `task_id` (`task_id`)
) ENGINE=InnoDB AUTO_INCREMENT=4106 DEFAULT CHARSET=utf8mb4 COLLATE=utf8mb4_unicode_520_ci;

--
-- Dumping data for table `wp_tm_taskmeta`
--

INSERT INTO `wp_tm_taskmeta` VALUES (3902,3902,'task_options','a:3:{s:3:\"url\";s:37:\"https://anrclinic.nirazo.me/articles/\";s:12:\"preload_type\";s:9:\"scheduled\";s:22:\"anonymous_user_allowed\";b:0;}'),(3903,3903,'task_options','a:3:{s:3:\"url\";s:77:\"https://anrclinic.nirazo.me/blog/just-who-is-affected-by-the-opioid-epidemic/\";s:12:\"preload_type\";s:9:\"scheduled\";s:22:\"anonymous_user_allowed\";b:0;}'),(3904,3904,'task_options','a:3:{s:3:\"url\";s:180:\"https://anrclinic.nirazo.me/press/new-drug-withdrawal-in-the-bernese-oberlandthe-israeli-doctor-andre-waismann-wants-to-help-the-regional-hospital-interlaken-with-heroin-addiction/\";s:12:\"preload_type\";s:9:\"scheduled\";s:22:\"anonymous_user_allowed\";b:0;}'),(3905,3905,'task_options','a:3:{s:3:\"url\";s:76:\"https://anrclinic.nirazo.me/blog/facts-about-opiate-addiction-and-treatment/\";s:12:\"preload_type\";s:9:\"scheduled\";s:22:\"anonymous_user_allowed\";b:0;}'),(3906,3906,'task_options','a:3:{s:3:\"url\";s:51:\"https://anrclinic.nirazo.me/blog/anr-clinic-team-2/\";s:12:\"preload_type\";s:9:\"scheduled\";s:22:\"anonymous_user_allowed\";b:0;}'),(3907,3907,'task_options','a:3:{s:3:\"url\";s:49:\"https://anrclinic.nirazo.me/blog/anr-clinic-team/\";s:12:\"preload_type\";s:9:\"scheduled\";s:22:\"anonymous_user_allowed\";b:0;}'),(3908,3908,'task_options','a:3:{s:3:\"url\";s:87:\"https://anrclinic.nirazo.me/press/alternative-approaches-to-battling-opioid-dependency/\";s:12:\"preload_type\";s:9:\"scheduled\";s:22:\"anonymous_user_allowed\";b:0;}'),(3909,3909,'task_options','a:3:{s:3:\"url\";s:79:\"https://anrclinic.nirazo.me/press/if-i-was-there-now-those-kids-would-be-saved/\";s:12:\"preload_type\";s:9:\"scheduled\";s:22:\"anonymous_user_allowed\";b:0;}'),(3910,3910,'task_options','a:3:{s:3:\"url\";s:70:\"https://anrclinic.nirazo.me/press/anr-is-the-fix-to-opiate-dependence/\";s:12:\"preload_type\";s:9:\"scheduled\";s:22:\"anonymous_user_allowed\";b:0;}'),(3911,3911,'task_options','a:3:{s:3:\"url\";s:116:\"https://anrclinic.nirazo.me/press/prof-cristian-ene-si-dr-andre-waismann-invitati-la-emisiunea-adevar-sau-baliverne/\";s:12:\"preload_type\";s:9:\"scheduled\";s:22:\"anonymous_user_allowed\";b:0;}'),(3912,3912,'task_options','a:3:{s:3:\"url\";s:69:\"https://anrclinic.nirazo.me/press/fox-news-dr-waismann-anr-treatment/\";s:12:\"preload_type\";s:9:\"scheduled\";s:22:\"anonymous_user_allowed\";b:0;}'),(3913,3913,'task_options','a:3:{s:3:\"url\";s:88:\"https://anrclinic.nirazo.me/press/identifying-the-biological-roots-of-opioid-dependency/\";s:12:\"preload_type\";s:9:\"scheduled\";s:22:\"anonymous_user_allowed\";b:0;}'),(3914,3914,'task_options','a:3:{s:3:\"url\";s:165:\"https://anrclinic.nirazo.me/press/metodo-de-carioca-promete-combater-vicio-em-opiaceos-terapia-acena-com-chance-de-evitar-crise-de-abstinencia-february-2013-o-globo/\";s:12:\"preload_type\";s:9:\"scheduled\";s:22:\"anonymous_user_allowed\";b:0;}'),(3915,3915,'task_options','a:3:{s:3:\"url\";s:75:\"https://anrclinic.nirazo.me/blog/betrayal-and-trust-philip-seymour-hoffman/\";s:12:\"preload_type\";s:9:\"scheduled\";s:22:\"anonymous_user_allowed\";b:0;}'),(3916,3916,'task_options','a:3:{s:3:\"url\";s:86:\"https://anrclinic.nirazo.me/press/doctor-unveils-detox-program-to-help-opioid-addicts/\";s:12:\"preload_type\";s:9:\"scheduled\";s:22:\"anonymous_user_allowed\";b:0;}'),(3917,3917,'task_options','a:3:{s:3:\"url\";s:80:\"https://anrclinic.nirazo.me/press/opioid-epidemic-takes-backseat-to-coronavirus/\";s:12:\"preload_type\";s:9:\"scheduled\";s:22:\"anonymous_user_allowed\";b:0;}'),(3918,3918,'task_options','a:3:{s:3:\"url\";s:68:\"https://anrclinic.nirazo.me/blog/know-the-signs-of-opiate-addiction/\";s:12:\"preload_type\";s:9:\"scheduled\";s:22:\"anonymous_user_allowed\";b:0;}'),(3919,3919,'task_options','a:3:{s:3:\"url\";s:73:\"https://anrclinic.nirazo.me/press/dr-andre-waismann-rethinking-addiction/\";s:12:\"preload_type\";s:9:\"scheduled\";s:22:\"anonymous_user_allowed\";b:0;}'),(3920,3920,'task_options','a:3:{s:3:\"url\";s:53:\"https://anrclinic.nirazo.me/press/hope-beyond-heroin/\";s:12:\"preload_type\";s:9:\"scheduled\";s:22:\"anonymous_user_allowed\";b:0;}'),(3921,3921,'task_options','a:3:{s:3:\"url\";s:46:\"https://anrclinic.nirazo.me/blog/choosing-anr/\";s:12:\"preload_type\";s:9:\"scheduled\";s:22:\"anonymous_user_allowed\";b:0;}'),(3922,3922,'task_options','a:3:{s:3:\"url\";s:38:\"https://anrclinic.nirazo.me/blog/hero/\";s:12:\"preload_type\";s:9:\"scheduled\";s:22:\"anonymous_user_allowed\";b:0;}'),(3923,3923,'task_options','a:3:{s:3:\"url\";s:61:\"https://anrclinic.nirazo.me/blog/signs-of-an-opioid-overdose/\";s:12:\"preload_type\";s:9:\"scheduled\";s:22:\"anonymous_user_allowed\";b:0;}'),(3924,3924,'task_options','a:3:{s:3:\"url\";s:103:\"https://anrclinic.nirazo.me/blog/serious-consequences-of-the-coronavirus-for-opioid-dependent-patients/\";s:12:\"preload_type\";s:9:\"scheduled\";s:22:\"anonymous_user_allowed\";b:0;}'),(3925,3925,'task_options','a:3:{s:3:\"url\";s:54:\"https://anrclinic.nirazo.me/blog/anatomy-of-an-opiate/\";s:12:\"preload_type\";s:9:\"scheduled\";s:22:\"anonymous_user_allowed\";b:0;}'),(3926,3926,'task_options','a:3:{s:3:\"url\";s:98:\"https://anrclinic.nirazo.me/blog/codeine-things-to-know-about-this-easily-accessible-gateway-drug/\";s:12:\"preload_type\";s:9:\"scheduled\";s:22:\"anonymous_user_allowed\";b:0;}'),(3927,3927,'task_options','a:3:{s:3:\"url\";s:94:\"https://anrclinic.nirazo.me/blog/changing-the-way-we-look-at-the-opioid-epidemic-and-treat-it/\";s:12:\"preload_type\";s:9:\"scheduled\";s:22:\"anonymous_user_allowed\";b:0;}'),(3928,3928,'task_options','a:3:{s:3:\"url\";s:85:\"https://anrclinic.nirazo.me/press/medic-whose-technique-puts-him-on-top-of-the-world/\";s:12:\"preload_type\";s:9:\"scheduled\";s:22:\"anonymous_user_allowed\";b:0;}'),(3929,3929,'task_options','a:3:{s:3:\"url\";s:67:\"https://anrclinic.nirazo.me/blog/laws-regulation-opioid-possession/\";s:12:\"preload_type\";s:9:\"scheduled\";s:22:\"anonymous_user_allowed\";b:0;}'),(3930,3930,'task_options','a:3:{s:3:\"url\";s:74:\"https://anrclinic.nirazo.me/blog/is-kratom-the-answer-to-opioid-addiction/\";s:12:\"preload_type\";s:9:\"scheduled\";s:22:\"anonymous_user_allowed\";b:0;}'),(3931,3931,'task_options','a:3:{s:3:\"url\";s:68:\"https://anrclinic.nirazo.me/blog/a-comprehensive-overview-of-heroin/\";s:12:\"preload_type\";s:9:\"scheduled\";s:22:\"anonymous_user_allowed\";b:0;}'),(3932,3932,'task_options','a:3:{s:3:\"url\";s:77:\"https://anrclinic.nirazo.me/press/long-awaited-victory-over-heroin-addiction/\";s:12:\"preload_type\";s:9:\"scheduled\";s:22:\"anonymous_user_allowed\";b:0;}'),(3933,3933,'task_options','a:3:{s:3:\"url\";s:63:\"https://anrclinic.nirazo.me/press/miracle-cure-for-heroin-baby/\";s:12:\"preload_type\";s:9:\"scheduled\";s:22:\"anonymous_user_allowed\";b:0;}'),(3934,3934,'task_options','a:3:{s:3:\"url\";s:194:\"https://anrclinic.nirazo.me/press/extreme-rehab-inside-the-worlds-most-radical-drug-clinicdr-andre-waismann-is-rewriting-the-rulebook-for-rehab-with-incredible-success-nick-harding-investigates/\";s:12:\"preload_type\";s:9:\"scheduled\";s:22:\"anonymous_user_allowed\";b:0;}'),(3935,3935,'task_options','a:3:{s:3:\"url\";s:65:\"https://anrclinic.nirazo.me/blog/is-tramadol-an-opioid-or-opiate/\";s:12:\"preload_type\";s:9:\"scheduled\";s:22:\"anonymous_user_allowed\";b:0;}'),(3936,3936,'task_options','a:3:{s:3:\"url\";s:68:\"https://anrclinic.nirazo.me/states/opioid-treatment-program-georgia/\";s:12:\"preload_type\";s:9:\"scheduled\";s:22:\"anonymous_user_allowed\";b:0;}'),(3937,3937,'task_options','a:3:{s:3:\"url\";s:75:\"https://anrclinic.nirazo.me/states/opioid-treatment-program-south-carolina/\";s:12:\"preload_type\";s:9:\"scheduled\";s:22:\"anonymous_user_allowed\";b:0;}'),(3938,3938,'task_options','a:3:{s:3:\"url\";s:77:\"https://anrclinic.nirazo.me/blog/how-long-does-oxycodone-stay-in-your-system/\";s:12:\"preload_type\";s:9:\"scheduled\";s:22:\"anonymous_user_allowed\";b:0;}'),(3939,3939,'task_options','a:3:{s:3:\"url\";s:75:\"https://anrclinic.nirazo.me/blog/how-long-does-vicodin-stay-in-your-system/\";s:12:\"preload_type\";s:9:\"scheduled\";s:22:\"anonymous_user_allowed\";b:0;}'),(3940,3940,'task_options','a:3:{s:3:\"url\";s:77:\"https://anrclinic.nirazo.me/blog/how-long-does-methadone-stay-in-your-system/\";s:12:\"preload_type\";s:9:\"scheduled\";s:22:\"anonymous_user_allowed\";b:0;}'),(3941,3941,'task_options','a:3:{s:3:\"url\";s:76:\"https://anrclinic.nirazo.me/blog/how-long-does-percocet-stay-in-your-system/\";s:12:\"preload_type\";s:9:\"scheduled\";s:22:\"anonymous_user_allowed\";b:0;}'),(3942,3942,'task_options','a:3:{s:3:\"url\";s:100:\"https://anrclinic.nirazo.me/faq/if-you-are-addicted-to-opioids-or-percocet-30s-can-you-get-pregnant/\";s:12:\"preload_type\";s:9:\"scheduled\";s:22:\"anonymous_user_allowed\";b:0;}'),(3943,3943,'task_options','a:3:{s:3:\"url\";s:110:\"https://anrclinic.nirazo.me/faq/can-i-drink-beer-the-night-before-i-take-a-detox-for-a-drug-test-the-next-day/\";s:12:\"preload_type\";s:9:\"scheduled\";s:22:\"anonymous_user_allowed\";b:0;}'),(3944,3944,'task_options','a:3:{s:3:\"url\";s:112:\"https://anrclinic.nirazo.me/faq/where-can-i-find-rehabilitation-for-drug-addiction-for-deaf-and-hard-of-hearing/\";s:12:\"preload_type\";s:9:\"scheduled\";s:22:\"anonymous_user_allowed\";b:0;}'),(3945,3945,'task_options','a:3:{s:3:\"url\";s:101:\"https://anrclinic.nirazo.me/faq/does-us-health-advisors-insurance-company-cover-detox-and-drug-rehab/\";s:12:\"preload_type\";s:9:\"scheduled\";s:22:\"anonymous_user_allowed\";b:0;}'),(3946,3946,'task_options','a:3:{s:3:\"url\";s:131:\"https://anrclinic.nirazo.me/faq/can-a-drug-detox-facility-hold-you-against-your-will-once-youve-already-been-voluntarily-committed/\";s:12:\"preload_type\";s:9:\"scheduled\";s:22:\"anonymous_user_allowed\";b:0;}'),(3947,3947,'task_options','a:3:{s:3:\"url\";s:113:\"https://anrclinic.nirazo.me/blog/heres-why-opioid-dependency-should-be-treated-by-a-physician-not-a-psychiatrist/\";s:12:\"preload_type\";s:9:\"scheduled\";s:22:\"anonymous_user_allowed\";b:0;}'),(3948,3948,'task_options','a:3:{s:3:\"url\";s:56:\"https://anrclinic.nirazo.me/faq/what-does-anr-stand-for/\";s:12:\"preload_type\";s:9:\"scheduled\";s:22:\"anonymous_user_allowed\";b:0;}'),(3949,3949,'task_options','a:3:{s:3:\"url\";s:65:\"https://anrclinic.nirazo.me/faq/how-to-safely-dispose-of-opioids/\";s:12:\"preload_type\";s:9:\"scheduled\";s:22:\"anonymous_user_allowed\";b:0;}'),(3950,3950,'task_options','a:3:{s:3:\"url\";s:114:\"https://anrclinic.nirazo.me/blog/revolutionary-opioid-addiction-treatment-using-modern-medicine-coming-to-the-u-s/\";s:12:\"preload_type\";s:9:\"scheduled\";s:22:\"anonymous_user_allowed\";b:0;}'),(3951,3951,'task_options','a:3:{s:3:\"url\";s:99:\"https://anrclinic.nirazo.me/blog/opioid-dependent-patients-need-modern-medicine-not-a-psychologist/\";s:12:\"preload_type\";s:9:\"scheduled\";s:22:\"anonymous_user_allowed\";b:0;}'),(3952,3952,'task_options','a:3:{s:3:\"url\";s:92:\"https://anrclinic.nirazo.me/faq/is-there-a-service-for-drug-detox-and-rehab-while-on-parole/\";s:12:\"preload_type\";s:9:\"scheduled\";s:22:\"anonymous_user_allowed\";b:0;}'),(3953,3953,'task_options','a:3:{s:3:\"url\";s:94:\"https://anrclinic.nirazo.me/press/opioid-addiction-treatment-discussed-on-americas-work-force/\";s:12:\"preload_type\";s:9:\"scheduled\";s:22:\"anonymous_user_allowed\";b:0;}'),(3954,3954,'task_options','a:3:{s:3:\"url\";s:70:\"https://anrclinic.nirazo.me/states/opiate-treatment-program-tennessee/\";s:12:\"preload_type\";s:9:\"scheduled\";s:22:\"anonymous_user_allowed\";b:0;}'),(3955,3955,'task_options','a:3:{s:3:\"url\";s:75:\"https://anrclinic.nirazo.me/states/opioid-treatment-program-north-carolina/\";s:12:\"preload_type\";s:9:\"scheduled\";s:22:\"anonymous_user_allowed\";b:0;}'),(3956,3956,'task_options','a:3:{s:3:\"url\";s:71:\"https://anrclinic.nirazo.me/blog/how-do-i-rapidly-detox-from-methadone/\";s:12:\"preload_type\";s:9:\"scheduled\";s:22:\"anonymous_user_allowed\";b:0;}'),(3957,3957,'task_options','a:3:{s:3:\"url\";s:67:\"https://anrclinic.nirazo.me/testimonials/text-testimonials/tim-usa/\";s:12:\"preload_type\";s:9:\"scheduled\";s:22:\"anonymous_user_allowed\";b:0;}'),(3958,3958,'task_options','a:3:{s:3:\"url\";s:134:\"https://anrclinic.nirazo.me/testimonials/video-testimonials/after-10-years-of-dependency-david-is-now-free-from-opioids-thanks-to-anr/\";s:12:\"preload_type\";s:9:\"scheduled\";s:22:\"anonymous_user_allowed\";b:0;}'),(3959,3959,'task_options','a:3:{s:3:\"url\";s:145:\"https://anrclinic.nirazo.me/testimonials/video-testimonials/having-struggled-with-with-opioid-dependency-for-years-amanda-is-enjoying-life-again/\";s:12:\"preload_type\";s:9:\"scheduled\";s:22:\"anonymous_user_allowed\";b:0;}'),(3960,3960,'task_options','a:3:{s:3:\"url\";s:123:\"https://anrclinic.nirazo.me/testimonials/after-many-wrong-turns-corey-chose-anr-and-finally-defeated-his-opioid-dependency/\";s:12:\"preload_type\";s:9:\"scheduled\";s:22:\"anonymous_user_allowed\";b:0;}'),(3961,3961,'task_options','a:3:{s:3:\"url\";s:141:\"https://anrclinic.nirazo.me/testimonials/video-testimonials/after-years-of-struggling-in-rehabs-avery-defeated-his-opioid-addiction-with-anr/\";s:12:\"preload_type\";s:9:\"scheduled\";s:22:\"anonymous_user_allowed\";b:0;}'),(3962,3962,'task_options','a:3:{s:3:\"url\";s:137:\"https://anrclinic.nirazo.me/testimonials/video-testimonials/anr-gives-three-family-members-a-new-life-after-decades-of-opioid-dependency/\";s:12:\"preload_type\";s:9:\"scheduled\";s:22:\"anonymous_user_allowed\";b:0;}'),(3963,3963,'task_options','a:3:{s:3:\"url\";s:65:\"https://anrclinic.nirazo.me/testimonials/text-testimonials/j-usa/\";s:12:\"preload_type\";s:9:\"scheduled\";s:22:\"anonymous_user_allowed\";b:0;}'),(3964,3964,'task_options','a:3:{s:3:\"url\";s:69:\"https://anrclinic.nirazo.me/testimonials/text-testimonials/steve-usa/\";s:12:\"preload_type\";s:9:\"scheduled\";s:22:\"anonymous_user_allowed\";b:0;}'),(3965,3965,'task_options','a:3:{s:3:\"url\";s:53:\"https://anrclinic.nirazo.me/faq/how-naltrexone-works/\";s:12:\"preload_type\";s:9:\"scheduled\";s:22:\"anonymous_user_allowed\";b:0;}'),(3966,3966,'task_options','a:3:{s:3:\"url\";s:69:\"https://anrclinic.nirazo.me/faq/what-drugs-cause-withdrawal-symptoms/\";s:12:\"preload_type\";s:9:\"scheduled\";s:22:\"anonymous_user_allowed\";b:0;}'),(3967,3967,'task_options','a:3:{s:3:\"url\";s:96:\"https://anrclinic.nirazo.me/testimonials/video-testimonials/anr-testimonials-andrea-switzerland/\";s:12:\"preload_type\";s:9:\"scheduled\";s:22:\"anonymous_user_allowed\";b:0;}'),(3968,3968,'task_options','a:3:{s:3:\"url\";s:94:\"https://anrclinic.nirazo.me/testimonials/video-testimonials/anr-testimonials-beat-switzerland/\";s:12:\"preload_type\";s:9:\"scheduled\";s:22:\"anonymous_user_allowed\";b:0;}'),(3969,3969,'task_options','a:3:{s:3:\"url\";s:96:\"https://anrclinic.nirazo.me/testimonials/video-testimonials/anr-testimonials-thomas-switzerland/\";s:12:\"preload_type\";s:9:\"scheduled\";s:22:\"anonymous_user_allowed\";b:0;}'),(3970,3970,'task_options','a:3:{s:3:\"url\";s:68:\"https://anrclinic.nirazo.me/testimonials/text-testimonials/arlie-us/\";s:12:\"preload_type\";s:9:\"scheduled\";s:22:\"anonymous_user_allowed\";b:0;}'),(3971,3971,'task_options','a:3:{s:3:\"url\";s:71:\"https://anrclinic.nirazo.me/testimonials/text-testimonials/shai-israel/\";s:12:\"preload_type\";s:9:\"scheduled\";s:22:\"anonymous_user_allowed\";b:0;}'),(3972,3972,'task_options','a:3:{s:3:\"url\";s:71:\"https://anrclinic.nirazo.me/testimonials/text-testimonials/bet-belgium/\";s:12:\"preload_type\";s:9:\"scheduled\";s:22:\"anonymous_user_allowed\";b:0;}'),(3973,3973,'task_options','a:3:{s:3:\"url\";s:71:\"https://anrclinic.nirazo.me/testimonials/text-testimonials/mike-canada/\";s:12:\"preload_type\";s:9:\"scheduled\";s:22:\"anonymous_user_allowed\";b:0;}'),(3974,3974,'task_options','a:3:{s:3:\"url\";s:68:\"https://anrclinic.nirazo.me/testimonials/text-testimonials/anna-usa/\";s:12:\"preload_type\";s:9:\"scheduled\";s:22:\"anonymous_user_allowed\";b:0;}'),(3975,3975,'task_options','a:3:{s:3:\"url\";s:70:\"https://anrclinic.nirazo.me/testimonials/text-testimonials/patrick-uk/\";s:12:\"preload_type\";s:9:\"scheduled\";s:22:\"anonymous_user_allowed\";b:0;}'),(3976,3976,'task_options','a:3:{s:3:\"url\";s:69:\"https://anrclinic.nirazo.me/testimonials/text-testimonials/judit-usa/\";s:12:\"preload_type\";s:9:\"scheduled\";s:22:\"anonymous_user_allowed\";b:0;}'),(3977,3977,'task_options','a:3:{s:3:\"url\";s:72:\"https://anrclinic.nirazo.me/testimonials/text-testimonials/gelu-romania/\";s:12:\"preload_type\";s:9:\"scheduled\";s:22:\"anonymous_user_allowed\";b:0;}'),(3978,3978,'task_options','a:3:{s:3:\"url\";s:69:\"https://anrclinic.nirazo.me/testimonials/text-testimonials/angie-usa/\";s:12:\"preload_type\";s:9:\"scheduled\";s:22:\"anonymous_user_allowed\";b:0;}'),(3979,3979,'task_options','a:3:{s:3:\"url\";s:75:\"https://anrclinic.nirazo.me/testimonials/text-testimonials/sinzina-romania/\";s:12:\"preload_type\";s:9:\"scheduled\";s:22:\"anonymous_user_allowed\";b:0;}'),(3980,3980,'task_options','a:3:{s:3:\"url\";s:78:\"https://anrclinic.nirazo.me/testimonials/text-testimonials/jennifer-australia/\";s:12:\"preload_type\";s:9:\"scheduled\";s:22:\"anonymous_user_allowed\";b:0;}'),(3981,3981,'task_options','a:3:{s:3:\"url\";s:71:\"https://anrclinic.nirazo.me/testimonials/text-testimonials/sofia-spain/\";s:12:\"preload_type\";s:9:\"scheduled\";s:22:\"anonymous_user_allowed\";b:0;}'),(3982,3982,'task_options','a:3:{s:3:\"url\";s:74:\"https://anrclinic.nirazo.me/testimonials/text-testimonials/joshua-belgium/\";s:12:\"preload_type\";s:9:\"scheduled\";s:22:\"anonymous_user_allowed\";b:0;}'),(3983,3983,'task_options','a:3:{s:3:\"url\";s:72:\"https://anrclinic.nirazo.me/testimonials/text-testimonials/catarina-usa/\";s:12:\"preload_type\";s:9:\"scheduled\";s:22:\"anonymous_user_allowed\";b:0;}'),(3984,3984,'task_options','a:3:{s:3:\"url\";s:70:\"https://anrclinic.nirazo.me/testimonials/text-testimonials/charles-us/\";s:12:\"preload_type\";s:9:\"scheduled\";s:22:\"anonymous_user_allowed\";b:0;}'),(3985,3985,'task_options','a:3:{s:3:\"url\";s:69:\"https://anrclinic.nirazo.me/testimonials/text-testimonials/david-usa/\";s:12:\"preload_type\";s:9:\"scheduled\";s:22:\"anonymous_user_allowed\";b:0;}'),(3986,3986,'task_options','a:3:{s:3:\"url\";s:73:\"https://anrclinic.nirazo.me/testimonials/text-testimonials/sonja-germany/\";s:12:\"preload_type\";s:9:\"scheduled\";s:22:\"anonymous_user_allowed\";b:0;}'),(3987,3987,'task_options','a:3:{s:3:\"url\";s:74:\"https://anrclinic.nirazo.me/faq/how-long-does-subutex-stay-in-your-system/\";s:12:\"preload_type\";s:9:\"scheduled\";s:22:\"anonymous_user_allowed\";b:0;}'),(3988,3988,'task_options','a:3:{s:3:\"url\";s:75:\"https://anrclinic.nirazo.me/blog/how-long-does-codeine-stay-in-your-system/\";s:12:\"preload_type\";s:9:\"scheduled\";s:22:\"anonymous_user_allowed\";b:0;}'),(3989,3989,'task_options','a:3:{s:3:\"url\";s:76:\"https://anrclinic.nirazo.me/blog/how-long-does-fentanyl-stay-in-your-system/\";s:12:\"preload_type\";s:9:\"scheduled\";s:22:\"anonymous_user_allowed\";b:0;}'),(3990,3990,'task_options','a:3:{s:3:\"url\";s:74:\"https://anrclinic.nirazo.me/blog/how-long-does-heroin-stay-in-your-system/\";s:12:\"preload_type\";s:9:\"scheduled\";s:22:\"anonymous_user_allowed\";b:0;}'),(3991,3991,'task_options','a:3:{s:3:\"url\";s:78:\"https://anrclinic.nirazo.me/faq/how-long-does-hydrocodone-stay-in-your-system/\";s:12:\"preload_type\";s:9:\"scheduled\";s:22:\"anonymous_user_allowed\";b:0;}'),(3992,3992,'task_options','a:3:{s:3:\"url\";s:75:\"https://anrclinic.nirazo.me/faq/how-long-does-suboxone-stay-in-your-system/\";s:12:\"preload_type\";s:9:\"scheduled\";s:22:\"anonymous_user_allowed\";b:0;}'),(3993,3993,'task_options','a:3:{s:3:\"url\";s:78:\"https://anrclinic.nirazo.me/blog/how-long-does-kratom-stay-in-someones-system/\";s:12:\"preload_type\";s:9:\"scheduled\";s:22:\"anonymous_user_allowed\";b:0;}'),(3994,3994,'task_options','a:3:{s:3:\"url\";s:73:\"https://anrclinic.nirazo.me/press/mission-impossible-heroin-hope-at-last/\";s:12:\"preload_type\";s:9:\"scheduled\";s:22:\"anonymous_user_allowed\";b:0;}'),(3995,3995,'task_options','a:3:{s:3:\"url\";s:114:\"https://anrclinic.nirazo.me/press/to-end-the-opioid-crisis-we-need-to-change-the-way-we-think-about-the-addiction/\";s:12:\"preload_type\";s:9:\"scheduled\";s:22:\"anonymous_user_allowed\";b:0;}'),(3996,3996,'task_options','a:3:{s:3:\"url\";s:110:\"https://anrclinic.nirazo.me/blog/naloxone-vs-naltrexone-what-are-both-and-what-is-the-difference-between-them/\";s:12:\"preload_type\";s:9:\"scheduled\";s:22:\"anonymous_user_allowed\";b:0;}'),(3997,3997,'task_options','a:3:{s:3:\"url\";s:81:\"https://anrclinic.nirazo.me/press/meet-the-man-who-can-treat-addiction-overnight/\";s:12:\"preload_type\";s:9:\"scheduled\";s:22:\"anonymous_user_allowed\";b:0;}'),(3998,3998,'task_options','a:3:{s:3:\"url\";s:80:\"https://anrclinic.nirazo.me/blog/how-long-does-tramadol-stay-in-someones-system/\";s:12:\"preload_type\";s:9:\"scheduled\";s:22:\"anonymous_user_allowed\";b:0;}'),(3999,3999,'task_options','a:3:{s:3:\"url\";s:71:\"https://anrclinic.nirazo.me/blog/tips-to-increase-safety-using-opioids/\";s:12:\"preload_type\";s:9:\"scheduled\";s:22:\"anonymous_user_allowed\";b:0;}'),(4000,4000,'task_options','a:3:{s:3:\"url\";s:66:\"https://anrclinic.nirazo.me/blog/clinical-opiate-withdrawal-scale/\";s:12:\"preload_type\";s:9:\"scheduled\";s:22:\"anonymous_user_allowed\";b:0;}'),(4001,4001,'task_options','a:3:{s:3:\"url\";s:52:\"https://anrclinic.nirazo.me/blog/natural-drug-detox/\";s:12:\"preload_type\";s:9:\"scheduled\";s:22:\"anonymous_user_allowed\";b:0;}'),(4002,4002,'task_options','a:3:{s:3:\"url\";s:76:\"https://anrclinic.nirazo.me/blog/how-improperly-detoxing-may-harm-your-body/\";s:12:\"preload_type\";s:9:\"scheduled\";s:22:\"anonymous_user_allowed\";b:0;}'),(4003,4003,'task_options','a:3:{s:3:\"url\";s:69:\"https://anrclinic.nirazo.me/blog/home-remedies-for-opioid-withdrawal/\";s:12:\"preload_type\";s:9:\"scheduled\";s:22:\"anonymous_user_allowed\";b:0;}'),(4004,4004,'task_options','a:3:{s:3:\"url\";s:73:\"https://anrclinic.nirazo.me/blog/difference-between-subacute-acute-detox/\";s:12:\"preload_type\";s:9:\"scheduled\";s:22:\"anonymous_user_allowed\";b:0;}'),(4005,4005,'task_options','a:3:{s:3:\"url\";s:62:\"https://anrclinic.nirazo.me/blog/opioid-withdrawal-medication/\";s:12:\"preload_type\";s:9:\"scheduled\";s:22:\"anonymous_user_allowed\";b:0;}'),(4006,4006,'task_options','a:3:{s:3:\"url\";s:62:\"https://anrclinic.nirazo.me/blog/opioids-strongest-to-weakest/\";s:12:\"preload_type\";s:9:\"scheduled\";s:22:\"anonymous_user_allowed\";b:0;}'),(4007,4007,'task_options','a:3:{s:3:\"url\";s:44:\"https://anrclinic.nirazo.me/faq/is-anr-safe/\";s:12:\"preload_type\";s:9:\"scheduled\";s:22:\"anonymous_user_allowed\";b:0;}'),(4008,4008,'task_options','a:3:{s:3:\"url\";s:88:\"https://anrclinic.nirazo.me/blog/whats-the-difference-between-hydrocodone-and-oxycodone/\";s:12:\"preload_type\";s:9:\"scheduled\";s:22:\"anonymous_user_allowed\";b:0;}'),(4009,4009,'task_options','a:3:{s:3:\"url\";s:137:\"https://anrclinic.nirazo.me/blog/alcohol-and-oxycodone-the-risks-and-effects-of-this-dangerous-combination-how-to-conquer-your-addiction/\";s:12:\"preload_type\";s:9:\"scheduled\";s:22:\"anonymous_user_allowed\";b:0;}'),(4010,4010,'task_options','a:3:{s:3:\"url\";s:50:\"https://anrclinic.nirazo.me/blog/opioid-vs-opiate/\";s:12:\"preload_type\";s:9:\"scheduled\";s:22:\"anonymous_user_allowed\";b:0;}'),(4011,4011,'task_options','a:3:{s:3:\"url\";s:70:\"https://anrclinic.nirazo.me/faq/others/does-oxycodone-make-you-sleepy/\";s:12:\"preload_type\";s:9:\"scheduled\";s:22:\"anonymous_user_allowed\";b:0;}'),(4012,4012,'task_options','a:3:{s:3:\"url\";s:54:\"https://anrclinic.nirazo.me/blog/percocet-and-alcohol/\";s:12:\"preload_type\";s:9:\"scheduled\";s:22:\"anonymous_user_allowed\";b:0;}'),(4013,4013,'task_options','a:3:{s:3:\"url\";s:79:\"https://anrclinic.nirazo.me/blog/vicodin-vs-percocet-treatment-for-severe-pain/\";s:12:\"preload_type\";s:9:\"scheduled\";s:22:\"anonymous_user_allowed\";b:0;}'),(4014,4014,'task_options','a:3:{s:3:\"url\";s:55:\"https://anrclinic.nirazo.me/blog/oxycontin-vs-percocet/\";s:12:\"preload_type\";s:9:\"scheduled\";s:22:\"anonymous_user_allowed\";b:0;}'),(4015,4015,'task_options','a:3:{s:3:\"url\";s:118:\"https://anrclinic.nirazo.me/blog/oxycodone-vs-percocet-the-must-know-information-about-these-prescription-medications/\";s:12:\"preload_type\";s:9:\"scheduled\";s:22:\"anonymous_user_allowed\";b:0;}'),(4016,4016,'task_options','a:3:{s:3:\"url\";s:108:\"https://anrclinic.nirazo.me/blog/percocet-vs-norco-the-similarities-differences-of-these-2-pain-medications/\";s:12:\"preload_type\";s:9:\"scheduled\";s:22:\"anonymous_user_allowed\";b:0;}'),(4017,4017,'task_options','a:3:{s:3:\"url\";s:28:\"https://anrclinic.nirazo.me/\";s:12:\"preload_type\";s:9:\"scheduled\";s:22:\"anonymous_user_allowed\";b:0;}'),(4018,4018,'task_options','a:3:{s:3:\"url\";s:44:\"https://anrclinic.nirazo.me/sample-map-page/\";s:12:\"preload_type\";s:9:\"scheduled\";s:22:\"anonymous_user_allowed\";b:0;}'),(4019,4019,'task_options','a:3:{s:3:\"url\";s:60:\"https://anrclinic.nirazo.me/subotex-schedule-a-consultation/\";s:12:\"preload_type\";s:9:\"scheduled\";s:22:\"anonymous_user_allowed\";b:0;}'),(4020,4020,'task_options','a:3:{s:3:\"url\";s:59:\"https://anrclinic.nirazo.me/a-message-to-patients-covid-19/\";s:12:\"preload_type\";s:9:\"scheduled\";s:22:\"anonymous_user_allowed\";b:0;}'),(4021,4021,'task_options','a:3:{s:3:\"url\";s:60:\"https://anrclinic.nirazo.me/codeine-schedule-a-consultation/\";s:12:\"preload_type\";s:9:\"scheduled\";s:22:\"anonymous_user_allowed\";b:0;}'),(4022,4022,'task_options','a:3:{s:3:\"url\";s:59:\"https://anrclinic.nirazo.me/heroin-schedule-a-consultation/\";s:12:\"preload_type\";s:9:\"scheduled\";s:22:\"anonymous_user_allowed\";b:0;}'),(4023,4023,'task_options','a:3:{s:3:\"url\";s:66:\"https://anrclinic.nirazo.me/hydromorphone-schedule-a-consultation/\";s:12:\"preload_type\";s:9:\"scheduled\";s:22:\"anonymous_user_allowed\";b:0;}'),(4024,4024,'task_options','a:3:{s:3:\"url\";s:62:\"https://anrclinic.nirazo.me/narcotics-schedule-a-consultation/\";s:12:\"preload_type\";s:9:\"scheduled\";s:22:\"anonymous_user_allowed\";b:0;}'),(4025,4025,'task_options','a:3:{s:3:\"url\";s:60:\"https://anrclinic.nirazo.me/opiates-schedule-a-consultation/\";s:12:\"preload_type\";s:9:\"scheduled\";s:22:\"anonymous_user_allowed\";b:0;}'),(4026,4026,'task_options','a:3:{s:3:\"url\";s:60:\"https://anrclinic.nirazo.me/opioids-schedule-a-consultation/\";s:12:\"preload_type\";s:9:\"scheduled\";s:22:\"anonymous_user_allowed\";b:0;}'),(4027,4027,'task_options','a:3:{s:3:\"url\";s:62:\"https://anrclinic.nirazo.me/oxycontin-schedule-a-consultation/\";s:12:\"preload_type\";s:9:\"scheduled\";s:22:\"anonymous_user_allowed\";b:0;}'),(4028,4028,'task_options','a:3:{s:3:\"url\";s:61:\"https://anrclinic.nirazo.me/opioid-schedule-a-consultation-1/\";s:12:\"preload_type\";s:9:\"scheduled\";s:22:\"anonymous_user_allowed\";b:0;}'),(4029,4029,'task_options','a:3:{s:3:\"url\";s:64:\"https://anrclinic.nirazo.me/narcotics-schedule-a-consultation-1/\";s:12:\"preload_type\";s:9:\"scheduled\";s:22:\"anonymous_user_allowed\";b:0;}'),(4030,4030,'task_options','a:3:{s:3:\"url\";s:61:\"https://anrclinic.nirazo.me/opiate-schedule-a-consultation-1/\";s:12:\"preload_type\";s:9:\"scheduled\";s:22:\"anonymous_user_allowed\";b:0;}'),(4031,4031,'task_options','a:3:{s:3:\"url\";s:103:\"https://anrclinic.nirazo.me/authorization-to-disclose-health-information-to-family-members-and-friends/\";s:12:\"preload_type\";s:9:\"scheduled\";s:22:\"anonymous_user_allowed\";b:0;}'),(4032,4032,'task_options','a:3:{s:3:\"url\";s:96:\"https://anrclinic.nirazo.me/summary-of-the-florida-patients-bill-of-rights-and-responsibilities/\";s:12:\"preload_type\";s:9:\"scheduled\";s:22:\"anonymous_user_allowed\";b:0;}'),(4033,4033,'task_options','a:3:{s:3:\"url\";s:38:\"https://anrclinic.nirazo.me/thank-you/\";s:12:\"preload_type\";s:9:\"scheduled\";s:22:\"anonymous_user_allowed\";b:0;}'),(4034,4034,'task_options','a:3:{s:3:\"url\";s:40:\"https://anrclinic.nirazo.me/thank-you-2/\";s:12:\"preload_type\";s:9:\"scheduled\";s:22:\"anonymous_user_allowed\";b:0;}'),(4035,4035,'task_options','a:3:{s:3:\"url\";s:76:\"https://anrclinic.nirazo.me/authorization-form-consent-to-medical-treatment/\";s:12:\"preload_type\";s:9:\"scheduled\";s:22:\"anonymous_user_allowed\";b:0;}'),(4036,4036,'task_options','a:3:{s:3:\"url\";s:34:\"https://anrclinic.nirazo.me/press/\";s:12:\"preload_type\";s:9:\"scheduled\";s:22:\"anonymous_user_allowed\";b:0;}'),(4037,4037,'task_options','a:3:{s:3:\"url\";s:39:\"https://anrclinic.nirazo.me/drug-detox/\";s:12:\"preload_type\";s:9:\"scheduled\";s:22:\"anonymous_user_allowed\";b:0;}'),(4038,4038,'task_options','a:3:{s:3:\"url\";s:35:\"https://anrclinic.nirazo.me/videos/\";s:12:\"preload_type\";s:9:\"scheduled\";s:22:\"anonymous_user_allowed\";b:0;}'),(4039,4039,'task_options','a:3:{s:3:\"url\";s:43:\"https://anrclinic.nirazo.me/experts-on-anr/\";s:12:\"preload_type\";s:9:\"scheduled\";s:22:\"anonymous_user_allowed\";b:0;}'),(4040,4040,'task_options','a:3:{s:3:\"url\";s:39:\"https://anrclinic.nirazo.me/footer-dev/\";s:12:\"preload_type\";s:9:\"scheduled\";s:22:\"anonymous_user_allowed\";b:0;}'),(4041,4041,'task_options','a:3:{s:3:\"url\";s:45:\"https://anrclinic.nirazo.me/financial-policy/\";s:12:\"preload_type\";s:9:\"scheduled\";s:22:\"anonymous_user_allowed\";b:0;}'),(4042,4042,'task_options','a:3:{s:3:\"url\";s:61:\"https://anrclinic.nirazo.me/fentanyl-schedule-a-consultation/\";s:12:\"preload_type\";s:9:\"scheduled\";s:22:\"anonymous_user_allowed\";b:0;}'),(4043,4043,'task_options','a:3:{s:3:\"url\";s:62:\"https://anrclinic.nirazo.me/methadone-schedule-a-consultation/\";s:12:\"preload_type\";s:9:\"scheduled\";s:22:\"anonymous_user_allowed\";b:0;}'),(4044,4044,'task_options','a:3:{s:3:\"url\";s:43:\"https://anrclinic.nirazo.me/privacy-policy/\";s:12:\"preload_type\";s:9:\"scheduled\";s:22:\"anonymous_user_allowed\";b:0;}'),(4045,4045,'task_options','a:3:{s:3:\"url\";s:62:\"https://anrclinic.nirazo.me/oxycodone-schedule-a-consultation/\";s:12:\"preload_type\";s:9:\"scheduled\";s:22:\"anonymous_user_allowed\";b:0;}'),(4046,4046,'task_options','a:3:{s:3:\"url\";s:45:\"https://anrclinic.nirazo.me/new-patient-form/\";s:12:\"preload_type\";s:9:\"scheduled\";s:22:\"anonymous_user_allowed\";b:0;}'),(4047,4047,'task_options','a:3:{s:3:\"url\";s:42:\"https://anrclinic.nirazo.me/questionnaire/\";s:12:\"preload_type\";s:9:\"scheduled\";s:22:\"anonymous_user_allowed\";b:0;}'),(4048,4048,'task_options','a:3:{s:3:\"url\";s:67:\"https://anrclinic.nirazo.me/florida-opioid-schedule-a-consultation/\";s:12:\"preload_type\";s:9:\"scheduled\";s:22:\"anonymous_user_allowed\";b:0;}'),(4049,4049,'task_options','a:3:{s:3:\"url\";s:46:\"https://anrclinic.nirazo.me/dr-andre-waismann/\";s:12:\"preload_type\";s:9:\"scheduled\";s:22:\"anonymous_user_allowed\";b:0;}'),(4050,4050,'task_options','a:3:{s:3:\"url\";s:38:\"https://anrclinic.nirazo.me/mobileapp/\";s:12:\"preload_type\";s:9:\"scheduled\";s:22:\"anonymous_user_allowed\";b:0;}'),(4051,4051,'task_options','a:3:{s:3:\"url\";s:55:\"https://anrclinic.nirazo.me/privacy-practices-notice-2/\";s:12:\"preload_type\";s:9:\"scheduled\";s:22:\"anonymous_user_allowed\";b:0;}'),(4052,4052,'task_options','a:3:{s:3:\"url\";s:32:\"https://anrclinic.nirazo.me/faq/\";s:12:\"preload_type\";s:9:\"scheduled\";s:22:\"anonymous_user_allowed\";b:0;}'),(4053,4053,'task_options','a:3:{s:3:\"url\";s:41:\"https://anrclinic.nirazo.me/testimonials/\";s:12:\"preload_type\";s:9:\"scheduled\";s:22:\"anonymous_user_allowed\";b:0;}'),(4054,4054,'task_options','a:3:{s:3:\"url\";s:40:\"https://anrclinic.nirazo.me/what-is-anr/\";s:12:\"preload_type\";s:9:\"scheduled\";s:22:\"anonymous_user_allowed\";b:0;}'),(4055,4055,'task_options','a:3:{s:3:\"url\";s:38:\"https://anrclinic.nirazo.me/resources/\";s:12:\"preload_type\";s:9:\"scheduled\";s:22:\"anonymous_user_allowed\";b:0;}'),(4056,4056,'task_options','a:3:{s:3:\"url\";s:40:\"https://anrclinic.nirazo.me/get-started/\";s:12:\"preload_type\";s:9:\"scheduled\";s:22:\"anonymous_user_allowed\";b:0;}'),(4057,4057,'task_options','a:3:{s:3:\"url\";s:55:\"https://anrclinic.nirazo.me/consultation-questionnaire/\";s:12:\"preload_type\";s:9:\"scheduled\";s:22:\"anonymous_user_allowed\";b:0;}'),(4058,4058,'task_options','a:3:{s:3:\"url\";s:47:\"https://anrclinic.nirazo.me/our-team-in-action/\";s:12:\"preload_type\";s:9:\"scheduled\";s:22:\"anonymous_user_allowed\";b:0;}'),(4059,4059,'task_options','a:3:{s:3:\"url\";s:44:\"https://anrclinic.nirazo.me/opioid-database/\";s:12:\"preload_type\";s:9:\"scheduled\";s:22:\"anonymous_user_allowed\";b:0;}'),(4060,4060,'task_options','a:3:{s:3:\"url\";s:48:\"https://anrclinic.nirazo.me/oxycodone-addiction/\";s:12:\"preload_type\";s:9:\"scheduled\";s:22:\"anonymous_user_allowed\";b:0;}'),(4061,4061,'task_options','a:3:{s:3:\"url\";s:62:\"https://anrclinic.nirazo.me/top-universities-fighting-opioids/\";s:12:\"preload_type\";s:9:\"scheduled\";s:22:\"anonymous_user_allowed\";b:0;}'),(4062,4062,'task_options','a:3:{s:3:\"url\";s:46:\"https://anrclinic.nirazo.me/vicodin-addiction/\";s:12:\"preload_type\";s:9:\"scheduled\";s:22:\"anonymous_user_allowed\";b:0;}'),(4063,4063,'task_options','a:3:{s:3:\"url\";s:45:\"https://anrclinic.nirazo.me/heroin-addiction/\";s:12:\"preload_type\";s:9:\"scheduled\";s:22:\"anonymous_user_allowed\";b:0;}'),(4064,4064,'task_options','a:3:{s:3:\"url\";s:50:\"https://anrclinic.nirazo.me/hydrocodone-addiction/\";s:12:\"preload_type\";s:9:\"scheduled\";s:22:\"anonymous_user_allowed\";b:0;}'),(4065,4065,'task_options','a:3:{s:3:\"url\";s:47:\"https://anrclinic.nirazo.me/fentanyl-addiction/\";s:12:\"preload_type\";s:9:\"scheduled\";s:22:\"anonymous_user_allowed\";b:0;}'),(4066,4066,'task_options','a:3:{s:3:\"url\";s:63:\"https://anrclinic.nirazo.me/forget-rehab-its-time-for-medicine/\";s:12:\"preload_type\";s:9:\"scheduled\";s:22:\"anonymous_user_allowed\";b:0;}'),(4067,4067,'task_options','a:3:{s:3:\"url\";s:47:\"https://anrclinic.nirazo.me/tramadol-addiction/\";s:12:\"preload_type\";s:9:\"scheduled\";s:22:\"anonymous_user_allowed\";b:0;}'),(4068,4068,'task_options','a:3:{s:3:\"url\";s:48:\"https://anrclinic.nirazo.me/methadone-addiction/\";s:12:\"preload_type\";s:9:\"scheduled\";s:22:\"anonymous_user_allowed\";b:0;}'),(4069,4069,'task_options','a:3:{s:3:\"url\";s:52:\"https://anrclinic.nirazo.me/buprenorphine-addiction/\";s:12:\"preload_type\";s:9:\"scheduled\";s:22:\"anonymous_user_allowed\";b:0;}'),(4070,4070,'task_options','a:3:{s:3:\"url\";s:38:\"https://anrclinic.nirazo.me/treatment/\";s:12:\"preload_type\";s:9:\"scheduled\";s:22:\"anonymous_user_allowed\";b:0;}'),(4071,4071,'task_options','a:3:{s:3:\"url\";s:40:\"https://anrclinic.nirazo.me/anr-centers/\";s:12:\"preload_type\";s:9:\"scheduled\";s:22:\"anonymous_user_allowed\";b:0;}'),(4072,4072,'task_options','a:3:{s:3:\"url\";s:51:\"https://anrclinic.nirazo.me/anr-is-not-rapid-detox/\";s:12:\"preload_type\";s:9:\"scheduled\";s:22:\"anonymous_user_allowed\";b:0;}'),(4073,4073,'task_options','a:3:{s:3:\"url\";s:38:\"https://anrclinic.nirazo.me/financing/\";s:12:\"preload_type\";s:9:\"scheduled\";s:22:\"anonymous_user_allowed\";b:0;}'),(4074,4074,'task_options','a:3:{s:3:\"url\";s:46:\"https://anrclinic.nirazo.me/codeine-addiction/\";s:12:\"preload_type\";s:9:\"scheduled\";s:22:\"anonymous_user_allowed\";b:0;}'),(4075,4075,'task_options','a:3:{s:3:\"url\";s:55:\"https://anrclinic.nirazo.me/methadone-withdrawal-detox/\";s:12:\"preload_type\";s:9:\"scheduled\";s:22:\"anonymous_user_allowed\";b:0;}'),(4076,4076,'task_options','a:3:{s:3:\"url\";s:57:\"https://anrclinic.nirazo.me/hydrocodone-withdrawal-detox/\";s:12:\"preload_type\";s:9:\"scheduled\";s:22:\"anonymous_user_allowed\";b:0;}'),(4077,4077,'task_options','a:3:{s:3:\"url\";s:52:\"https://anrclinic.nirazo.me/kratom-withdrawal-detox/\";s:12:\"preload_type\";s:9:\"scheduled\";s:22:\"anonymous_user_allowed\";b:0;}'),(4078,4078,'task_options','a:3:{s:3:\"url\";s:53:\"https://anrclinic.nirazo.me/codeine-withdrawal-detox/\";s:12:\"preload_type\";s:9:\"scheduled\";s:22:\"anonymous_user_allowed\";b:0;}'),(4079,4079,'task_options','a:3:{s:3:\"url\";s:54:\"https://anrclinic.nirazo.me/morphine-withdrawal-detox/\";s:12:\"preload_type\";s:9:\"scheduled\";s:22:\"anonymous_user_allowed\";b:0;}'),(4080,4080,'task_options','a:3:{s:3:\"url\";s:53:\"https://anrclinic.nirazo.me/subutex-withdrawal-detox/\";s:12:\"preload_type\";s:9:\"scheduled\";s:22:\"anonymous_user_allowed\";b:0;}'),(4081,4081,'task_options','a:3:{s:3:\"url\";s:33:\"https://anrclinic.nirazo.me/blog/\";s:12:\"preload_type\";s:9:\"scheduled\";s:22:\"anonymous_user_allowed\";b:0;}'),(4082,4082,'task_options','a:3:{s:3:\"url\";s:54:\"https://anrclinic.nirazo.me/fentanyl-withdrawal-detox/\";s:12:\"preload_type\";s:9:\"scheduled\";s:22:\"anonymous_user_allowed\";b:0;}'),(4083,4083,'task_options','a:3:{s:3:\"url\";s:54:\"https://anrclinic.nirazo.me/suboxone-withdrawal-detox/\";s:12:\"preload_type\";s:9:\"scheduled\";s:22:\"anonymous_user_allowed\";b:0;}'),(4084,4084,'task_options','a:3:{s:3:\"url\";s:51:\"https://anrclinic.nirazo.me/opium-withdrawal-detox/\";s:12:\"preload_type\";s:9:\"scheduled\";s:22:\"anonymous_user_allowed\";b:0;}'),(4085,4085,'task_options','a:3:{s:3:\"url\";s:52:\"https://anrclinic.nirazo.me/heroin-withdrawal-detox/\";s:12:\"preload_type\";s:9:\"scheduled\";s:22:\"anonymous_user_allowed\";b:0;}'),(4086,4086,'task_options','a:3:{s:3:\"url\";s:54:\"https://anrclinic.nirazo.me/tramadol-withdrawal-detox/\";s:12:\"preload_type\";s:9:\"scheduled\";s:22:\"anonymous_user_allowed\";b:0;}'),(4087,4087,'task_options','a:3:{s:3:\"url\";s:59:\"https://anrclinic.nirazo.me/forget-rehab-time-for-medicine/\";s:12:\"preload_type\";s:9:\"scheduled\";s:22:\"anonymous_user_allowed\";b:0;}'),(4088,4088,'task_options','a:3:{s:3:\"url\";s:56:\"https://anrclinic.nirazo.me/opioid-withdrawal-treatment/\";s:12:\"preload_type\";s:9:\"scheduled\";s:22:\"anonymous_user_allowed\";b:0;}'),(4089,4089,'task_options','a:3:{s:3:\"url\";s:53:\"https://anrclinic.nirazo.me/vicodin-withdrawal-detox/\";s:12:\"preload_type\";s:9:\"scheduled\";s:22:\"anonymous_user_allowed\";b:0;}'),(4090,4090,'task_options','a:3:{s:3:\"url\";s:55:\"https://anrclinic.nirazo.me/oxycontin-withdrawal-detox/\";s:12:\"preload_type\";s:9:\"scheduled\";s:22:\"anonymous_user_allowed\";b:0;}'),(4091,4091,'task_options','a:3:{s:3:\"url\";s:54:\"https://anrclinic.nirazo.me/percocet-withdrawal-detox/\";s:12:\"preload_type\";s:9:\"scheduled\";s:22:\"anonymous_user_allowed\";b:0;}'),(4092,4092,'task_options','a:3:{s:3:\"url\";s:49:\"https://anrclinic.nirazo.me/opiate-detox-florida/\";s:12:\"preload_type\";s:9:\"scheduled\";s:22:\"anonymous_user_allowed\";b:0;}'),(4093,4093,'task_options','a:3:{s:3:\"url\";s:43:\"https://anrclinic.nirazo.me/anr-advantages/\";s:12:\"preload_type\";s:9:\"scheduled\";s:22:\"anonymous_user_allowed\";b:0;}'),(4094,4094,'task_options','a:3:{s:3:\"url\";s:38:\"https://anrclinic.nirazo.me/our-story/\";s:12:\"preload_type\";s:9:\"scheduled\";s:22:\"anonymous_user_allowed\";b:0;}'),(4095,4095,'task_options','a:3:{s:3:\"url\";s:46:\"https://anrclinic.nirazo.me/dr-albert-kebamba/\";s:12:\"preload_type\";s:9:\"scheduled\";s:22:\"anonymous_user_allowed\";b:0;}'),(4096,4096,'task_options','a:3:{s:3:\"url\";s:36:\"https://anrclinic.nirazo.me/contact/\";s:12:\"preload_type\";s:9:\"scheduled\";s:22:\"anonymous_user_allowed\";b:0;}'),(4097,4097,'task_options','a:3:{s:3:\"url\";s:36:\"https://anrclinic.nirazo.me/tag/anr/\";s:12:\"preload_type\";s:9:\"scheduled\";s:22:\"anonymous_user_allowed\";b:0;}'),(4098,4098,'task_options','a:3:{s:3:\"url\";s:43:\"https://anrclinic.nirazo.me/tag/dependency/\";s:12:\"preload_type\";s:9:\"scheduled\";s:22:\"anonymous_user_allowed\";b:0;}'),(4099,4099,'task_options','a:3:{s:3:\"url\";s:50:\"https://anrclinic.nirazo.me/tag/dr-andre-waismann/\";s:12:\"preload_type\";s:9:\"scheduled\";s:22:\"anonymous_user_allowed\";b:0;}'),(4100,4100,'task_options','a:3:{s:3:\"url\";s:52:\"https://anrclinic.nirazo.me/tag/endorphin-receptors/\";s:12:\"preload_type\";s:9:\"scheduled\";s:22:\"anonymous_user_allowed\";b:0;}'),(4101,4101,'task_options','a:3:{s:3:\"url\";s:39:\"https://anrclinic.nirazo.me/tag/opioid/\";s:12:\"preload_type\";s:9:\"scheduled\";s:22:\"anonymous_user_allowed\";b:0;}'),(4102,4102,'task_options','a:3:{s:3:\"url\";s:49:\"https://anrclinic.nirazo.me/tag/opioid-addiction/\";s:12:\"preload_type\";s:9:\"scheduled\";s:22:\"anonymous_user_allowed\";b:0;}'),(4103,4103,'task_options','a:3:{s:3:\"url\";s:40:\"https://anrclinic.nirazo.me/tag/opioids/\";s:12:\"preload_type\";s:9:\"scheduled\";s:22:\"anonymous_user_allowed\";b:0;}'),(4104,4104,'task_options','a:3:{s:3:\"url\";s:49:\"https://anrclinic.nirazo.me/tag/text-testimonial/\";s:12:\"preload_type\";s:9:\"scheduled\";s:22:\"anonymous_user_allowed\";b:0;}'),(4105,4105,'task_options','a:3:{s:3:\"url\";s:50:\"https://anrclinic.nirazo.me/tag/video-testimonial/\";s:12:\"preload_type\";s:9:\"scheduled\";s:22:\"anonymous_user_allowed\";b:0;}');

--
